{"id":84,"date":"2024-11-26T18:21:50","date_gmt":"2024-11-26T18:21:50","guid":{"rendered":"https:\/\/altitudefc.com\/?page_id=84"},"modified":"2026-03-25T19:59:53","modified_gmt":"2026-03-25T19:59:53","slug":"nos-locaux","status":"publish","type":"page","link":"https:\/\/altitudefc.com\/index.php\/nos-locaux\/","title":{"rendered":"Nos locaux"},"content":{"rendered":"<p>[et_pb_section fb_built=\u00a0\u00bb1&Prime; _builder_version=\u00a0\u00bb4.27.4&Prime; _module_preset=\u00a0\u00bbdefault\u00a0\u00bb global_colors_info=\u00a0\u00bb{}\u00a0\u00bb][et_pb_row _builder_version=\u00a0\u00bb4.27.4&Prime; _module_preset=\u00a0\u00bbdefault\u00a0\u00bb global_colors_info=\u00a0\u00bb{}\u00a0\u00bb][et_pb_column type=\u00a0\u00bb4_4&Prime; _builder_version=\u00a0\u00bb4.27.4&Prime; _module_preset=\u00a0\u00bbdefault\u00a0\u00bb global_colors_info=\u00a0\u00bb{}\u00a0\u00bb][et_pb_text _builder_version=\u00a0\u00bb4.27.4&Prime; _module_preset=\u00a0\u00bbdefault\u00a0\u00bb custom_padding=\u00a0\u00bb2px|||||\u00a0\u00bb global_colors_info=\u00a0\u00bb{}\u00a0\u00bb]<\/p>\n<h2 style=\"text-align: center;\"><strong>Nos locaux :<\/strong><\/h2>\n<p style=\"text-align: center;\">31 rue L\u00e9on Gontran Damas 97232 Lamentin<\/p>\n<p>[\/et_pb_text][\/et_pb_column][\/et_pb_row][et_pb_row column_structure=\u00a0\u00bb1_3,1_3,1_3&Prime; _builder_version=\u00a0\u00bb4.27.4&Prime; _module_preset=\u00a0\u00bbdefault\u00a0\u00bb background_color=\u00a0\u00bb#DDFFBD\u00a0\u00bb global_colors_info=\u00a0\u00bb{}\u00a0\u00bb][et_pb_column type=\u00a0\u00bb1_3&Prime; _builder_version=\u00a0\u00bb4.27.4&Prime; _module_preset=\u00a0\u00bbdefault\u00a0\u00bb global_colors_info=\u00a0\u00bb{}\u00a0\u00bb][et_pb_image src=\u00a0\u00bbhttps:\/\/altitudefc.com\/wp-content\/uploads\/2025\/01\/entree-principale.png\u00a0\u00bb title_text=\u00a0\u00bbentr\u00e9e principale\u00a0\u00bb align=\u00a0\u00bbcenter\u00a0\u00bb _builder_version=\u00a0\u00bb4.27.4&Prime; _module_preset=\u00a0\u00bbdefault\u00a0\u00bb global_colors_info=\u00a0\u00bb{}\u00a0\u00bb][\/et_pb_image][\/et_pb_column][et_pb_column type=\u00a0\u00bb1_3&Prime; _builder_version=\u00a0\u00bb4.27.4&Prime; _module_preset=\u00a0\u00bbdefault\u00a0\u00bb global_colors_info=\u00a0\u00bb{}\u00a0\u00bb][et_pb_image src=\u00a0\u00bbhttps:\/\/altitudefc.com\/wp-content\/uploads\/2025\/01\/kiosque.png\u00a0\u00bb title_text=\u00a0\u00bbkiosque\u00a0\u00bb align=\u00a0\u00bbcenter\u00a0\u00bb _builder_version=\u00a0\u00bb4.27.4&Prime; _module_preset=\u00a0\u00bbdefault\u00a0\u00bb global_colors_info=\u00a0\u00bb{}\u00a0\u00bb][\/et_pb_image][\/et_pb_column][et_pb_column type=\u00a0\u00bb1_3&Prime; _builder_version=\u00a0\u00bb4.27.4&Prime; _module_preset=\u00a0\u00bbdefault\u00a0\u00bb global_colors_info=\u00a0\u00bb{}\u00a0\u00bb][et_pb_image src=\u00a0\u00bbhttps:\/\/altitudefc.com\/wp-content\/uploads\/2025\/01\/hall-principale.jpg\u00a0\u00bb title_text=\u00a0\u00bbhall principale\u00a0\u00bb align=\u00a0\u00bbcenter\u00a0\u00bb _builder_version=\u00a0\u00bb4.27.4&Prime; _module_preset=\u00a0\u00bbdefault\u00a0\u00bb min_height=\u00a0\u00bb132px\u00a0\u00bb hover_enabled=\u00a0\u00bb0&Prime; global_colors_info=\u00a0\u00bb{}\u00a0\u00bb sticky_enabled=\u00a0\u00bb0&Prime;][\/et_pb_image][\/et_pb_column][\/et_pb_row][et_pb_row column_structure=\u00a0\u00bb1_2,1_2&Prime; _builder_version=\u00a0\u00bb4.27.4&Prime; _module_preset=\u00a0\u00bbdefault\u00a0\u00bb background_color=\u00a0\u00bb#DDFFBD\u00a0\u00bb global_colors_info=\u00a0\u00bb{}\u00a0\u00bb][et_pb_column type=\u00a0\u00bb1_2&Prime; _builder_version=\u00a0\u00bb4.27.4&Prime; _module_preset=\u00a0\u00bbdefault\u00a0\u00bb global_colors_info=\u00a0\u00bb{}\u00a0\u00bb][et_pb_image src=\u00a0\u00bbhttps:\/\/altitudefc.com\/wp-content\/uploads\/2025\/01\/salle_altitude.jpg\u00a0\u00bb title_text=\u00a0\u00bbsalle_altitude\u00a0\u00bb align=\u00a0\u00bbcenter\u00a0\u00bb _builder_version=\u00a0\u00bb4.27.4&Prime; _module_preset=\u00a0\u00bbdefault\u00a0\u00bb global_colors_info=\u00a0\u00bb{}\u00a0\u00bb][\/et_pb_image][\/et_pb_column][et_pb_column type=\u00a0\u00bb1_2&Prime; _builder_version=\u00a0\u00bb4.27.4&Prime; _module_preset=\u00a0\u00bbdefault\u00a0\u00bb global_colors_info=\u00a0\u00bb{}\u00a0\u00bb][et_pb_image src=\u00a0\u00bbhttps:\/\/altitudefc.com\/wp-content\/uploads\/2025\/01\/petite-salle.png\u00a0\u00bb title_text=\u00a0\u00bbpetite salle\u00a0\u00bb align=\u00a0\u00bbcenter\u00a0\u00bb _builder_version=\u00a0\u00bb4.27.4&Prime; _module_preset=\u00a0\u00bbdefault\u00a0\u00bb global_colors_info=\u00a0\u00bb{}\u00a0\u00bb][\/et_pb_image][\/et_pb_column][\/et_pb_row][et_pb_row _builder_version=\u00a0\u00bb4.27.4&Prime; _module_preset=\u00a0\u00bbdefault\u00a0\u00bb custom_margin=\u00a0\u00bb|auto|-2px|auto||\u00a0\u00bb custom_padding=\u00a0\u00bb8px|||||\u00a0\u00bb global_colors_info=\u00a0\u00bb{}\u00a0\u00bb][et_pb_column type=\u00a0\u00bb4_4&Prime; _builder_version=\u00a0\u00bb4.27.4&Prime; _module_preset=\u00a0\u00bbdefault\u00a0\u00bb global_colors_info=\u00a0\u00bb{}\u00a0\u00bb][et_pb_text _builder_version=\u00a0\u00bb4.27.4&Prime; _module_preset=\u00a0\u00bbdefault\u00a0\u00bb text_orientation=\u00a0\u00bbcenter\u00a0\u00bb link_option_url=\u00a0\u00bbhttps:\/\/share.google\/MhvLIxOtsNh9BWqFL\u00a0\u00bb hover_enabled=\u00a0\u00bb0&Prime; global_colors_info=\u00a0\u00bb{}\u00a0\u00bb sticky_enabled=\u00a0\u00bb0&Prime;]<\/p>\n<h2 style=\"text-align: center;\"><span style=\"color: #ff00ff;\"><strong>ALTITUDE FORMATION ET CONSEIL<\/strong><\/span><\/h2>\n<p>Situ\u00e9e \u00e0 proximit\u00e9 du si\u00e8ge de la CGSS et de la Chambre d\u2019Agriculture, les locaux d\u2019ALTITUDE sont faciles d\u2019acc\u00e8s, y compris pour les personnes en situation de handicap.<br \/><span style=\"color: #ff00ff;\">Nous trouver gr\u00e2ce \u00e0 Google Maps<\/span><\/p>\n<p>Nous mettons \u00e0 la disposition de nos clients et stagiaires, cinq salles de formation \u00e9quip\u00e9es et pratiques (capacit\u00e9 de 3, 6, 8, 12 ou 15\u202fpersonnes) et un confortable bureau de coaching.<\/p>\n<p>Au cours des journ\u00e9es de formation, deux pauses sont pr\u00e9vues comprenant\u202f: eau, caf\u00e9, th\u00e9 et madeleines.<\/p>\n<p>\u00c0 midi, nos clients ont un grand choix de restaurants \u00e0 proximit\u00e9, ou alors peuvent se faire livrer leur repas et le prendre dans notre carbet.<\/p>\n<p>En fonction de la demande de nos clients, nos consultants-formateurs peuvent assurer leurs interventions dans d\u2019autres lieux.<\/p>\n<p>[\/et_pb_text][\/et_pb_column][\/et_pb_row][et_pb_row _builder_version=\u00a0\u00bb4.27.4&Prime; _module_preset=\u00a0\u00bbdefault\u00a0\u00bb][et_pb_column _builder_version=\u00a0\u00bb4.27.4&Prime; _module_preset=\u00a0\u00bbdefault\u00a0\u00bb type=\u00a0\u00bb4_4&Prime;][et_pb_text _builder_version=\u00a0\u00bb4.27.4&Prime; _module_preset=\u00a0\u00bbdefault\u00a0\u00bb custom_padding=\u00a0\u00bb2px|||||\u00a0\u00bb global_colors_info=\u00a0\u00bb{}\u00a0\u00bb]<\/p>\n<h2 style=\"text-align: center;\"><strong>Accessibilit\u00e9 des personnes en situation de handicap :<\/strong><\/h2>\n<p>[\/et_pb_text][et_pb_text _builder_version=\u00a0\u00bb4.27.4&Prime; _module_preset=\u00a0\u00bbdefault\u00a0\u00bb hover_enabled=\u00a0\u00bb0&Prime; sticky_enabled=\u00a0\u00bb0&Prime; background_color=\u00a0\u00bb#DDFFBD\u00a0\u00bb]<\/p>\n<h3 style=\"text-align: center;\"><strong><span style=\"color: #ff00ff;\">Un registre d\u2019accessibilit\u00e9 est disponible dans les halls d\u2019accueil (RDC et \u00e9tage)<\/span><\/strong><\/h3>\n<p>Toutes nos formations sont accessibles aux personnes en situation de handicap.<\/p>\n<p><strong>Stationnement<\/strong>\u202f:<br \/>Les 2 places de parking situ\u00e9es devant le portail sont mises \u00e0 disposition des personnes \u00e0 mobilit\u00e9 r\u00e9duite.<\/p>\n<p><strong>Toilettes<\/strong>\u202f:<br \/>Les toilettes du RDC sont aux normes et accessibles par une rampe d\u2019acc\u00e8s avec bandes antid\u00e9rapantes.<\/p>\n<p>&nbsp;<\/p>\n<h5 style=\"text-align: center;\"><strong>Pour plus d\u2019informations, contactez nous\u202f au\u00a00596\u202f671\u202f856<\/strong><\/h5>\n<p>[\/et_pb_text][\/et_pb_column][\/et_pb_row][et_pb_row _builder_version=\u00a0\u00bb4.27.4&Prime; _module_preset=\u00a0\u00bbdefault\u00a0\u00bb global_colors_info=\u00a0\u00bb{}\u00a0\u00bb][et_pb_column type=\u00a0\u00bb4_4&Prime; _builder_version=\u00a0\u00bb4.27.4&Prime; _module_preset=\u00a0\u00bbdefault\u00a0\u00bb global_colors_info=\u00a0\u00bb{}\u00a0\u00bb][et_pb_image src=\u00a0\u00bbhttps:\/\/altitudefc.com\/wp-content\/uploads\/2025\/01\/Picto-Handicap.jpg\u00a0\u00bb title_text=\u00a0\u00bbPicto-Handicap\u00a0\u00bb align=\u00a0\u00bbcenter\u00a0\u00bb _builder_version=\u00a0\u00bb4.27.4&Prime; _module_preset=\u00a0\u00bbdefault\u00a0\u00bb hover_enabled=\u00a0\u00bb0&Prime; global_colors_info=\u00a0\u00bb{}\u00a0\u00bb width=\u00a0\u00bb53%\u00a0\u00bb max_width=\u00a0\u00bb65%\u00a0\u00bb sticky_enabled=\u00a0\u00bb0&Prime;][\/et_pb_image][\/et_pb_column][\/et_pb_row][\/et_pb_section]<\/p>\n","protected":false},"excerpt":{"rendered":"<p>Nos locaux : 31 rue L\u00e9on Gontran Damas 97232 LamentinALTITUDE FORMATION ET CONSEIL Situ\u00e9e \u00e0 proximit\u00e9 du si\u00e8ge de la CGSS et de la Chambre d\u2019Agriculture, les locaux d\u2019ALTITUDE sont faciles d\u2019acc\u00e8s, y compris pour les personnes en situation de handicap.Nous trouver gr\u00e2ce \u00e0 Google Maps Nous mettons \u00e0 la disposition de nos clients et [&hellip;]<\/p>\n","protected":false},"author":1,"featured_media":0,"parent":0,"menu_order":0,"comment_status":"closed","ping_status":"closed","template":"","meta":{"_et_pb_use_builder":"on","_et_pb_old_content":"<!-- wp:divi\/placeholder \/-->","_et_gb_content_width":"","footnotes":""},"class_list":["post-84","page","type-page","status-publish","hentry"],"_links":{"self":[{"href":"https:\/\/altitudefc.com\/index.php\/wp-json\/wp\/v2\/pages\/84","targetHints":{"allow":["GET"]}}],"collection":[{"href":"https:\/\/altitudefc.com\/index.php\/wp-json\/wp\/v2\/pages"}],"about":[{"href":"https:\/\/altitudefc.com\/index.php\/wp-json\/wp\/v2\/types\/page"}],"author":[{"embeddable":true,"href":"https:\/\/altitudefc.com\/index.php\/wp-json\/wp\/v2\/users\/1"}],"replies":[{"embeddable":true,"href":"https:\/\/altitudefc.com\/index.php\/wp-json\/wp\/v2\/comments?post=84"}],"version-history":[{"count":13,"href":"https:\/\/altitudefc.com\/index.php\/wp-json\/wp\/v2\/pages\/84\/revisions"}],"predecessor-version":[{"id":1276,"href":"https:\/\/altitudefc.com\/index.php\/wp-json\/wp\/v2\/pages\/84\/revisions\/1276"}],"wp:attachment":[{"href":"https:\/\/altitudefc.com\/index.php\/wp-json\/wp\/v2\/media?parent=84"}],"curies":[{"name":"wp","href":"https:\/\/api.w.org\/{rel}","templated":true}]}}

<p>[et_pb_section fb_built= »1&Prime; _builder_version= »4.27.4&Prime; _module_preset= »default » global_colors_info= »{} »][et_pb_row _builder_version= »4.27.4&Prime; _module_preset= »default » global_colors_info= »{} »][et_pb_column type= »4_4&Prime; _builder_version= »4.27.4&Prime; _module_preset= »default » global_colors_info= »{} »][et_pb_text _builder_version= »4.27.4&Prime; _module_preset= »default » custom_padding= »2px||||| » global_colors_info= »{} »]</p>
<h2 style="text-align: center;"><strong>Nos locaux :</strong></h2>
<p style="text-align: center;">31 rue Léon Gontran Damas 97232 Lamentin</p>
<p>[/et_pb_text][/et_pb_column][/et_pb_row][et_pb_row column_structure= »1_3,1_3,1_3&Prime; _builder_version= »4.27.4&Prime; _module_preset= »default » background_color= »#DDFFBD » global_colors_info= »{} »][et_pb_column type= »1_3&Prime; _builder_version= »4.27.4&Prime; _module_preset= »default » global_colors_info= »{} »][et_pb_image src= »https://altitudefc.com/wp-content/uploads/2025/01/entree-principale.png » title_text= »entrée principale » align= »center » _builder_version= »4.27.4&Prime; _module_preset= »default » global_colors_info= »{} »][/et_pb_image][/et_pb_column][et_pb_column type= »1_3&Prime; _builder_version= »4.27.4&Prime; _module_preset= »default » global_colors_info= »{} »][et_pb_image src= »https://altitudefc.com/wp-content/uploads/2025/01/kiosque.png » title_text= »kiosque » align= »center » _builder_version= »4.27.4&Prime; _module_preset= »default » global_colors_info= »{} »][/et_pb_image][/et_pb_column][et_pb_column type= »1_3&Prime; _builder_version= »4.27.4&Prime; _module_preset= »default » global_colors_info= »{} »][et_pb_image src= »https://altitudefc.com/wp-content/uploads/2025/01/hall-principale.jpg » title_text= »hall principale » align= »center » _builder_version= »4.27.4&Prime; _module_preset= »default » min_height= »132px » hover_enabled= »0&Prime; global_colors_info= »{} » sticky_enabled= »0&Prime;][/et_pb_image][/et_pb_column][/et_pb_row][et_pb_row column_structure= »1_2,1_2&Prime; _builder_version= »4.27.4&Prime; _module_preset= »default » background_color= »#DDFFBD » global_colors_info= »{} »][et_pb_column type= »1_2&Prime; _builder_version= »4.27.4&Prime; _module_preset= »default » global_colors_info= »{} »][et_pb_image src= »https://altitudefc.com/wp-content/uploads/2025/01/salle_altitude.jpg » title_text= »salle_altitude » align= »center » _builder_version= »4.27.4&Prime; _module_preset= »default » global_colors_info= »{} »][/et_pb_image][/et_pb_column][et_pb_column type= »1_2&Prime; _builder_version= »4.27.4&Prime; _module_preset= »default » global_colors_info= »{} »][et_pb_image src= »https://altitudefc.com/wp-content/uploads/2025/01/petite-salle.png » title_text= »petite salle » align= »center » _builder_version= »4.27.4&Prime; _module_preset= »default » global_colors_info= »{} »][/et_pb_image][/et_pb_column][/et_pb_row][et_pb_row _builder_version= »4.27.4&Prime; _module_preset= »default » custom_margin= »|auto|-2px|auto|| » custom_padding= »8px||||| » global_colors_info= »{} »][et_pb_column type= »4_4&Prime; _builder_version= »4.27.4&Prime; _module_preset= »default » global_colors_info= »{} »][et_pb_text _builder_version= »4.27.4&Prime; _module_preset= »default » text_orientation= »center » link_option_url= »https://share.google/MhvLIxOtsNh9BWqFL » hover_enabled= »0&Prime; global_colors_info= »{} » sticky_enabled= »0&Prime;]</p>
<h2 style="text-align: center;"><span style="color: #ff00ff;"><strong>ALTITUDE FORMATION ET CONSEIL</strong></span></h2>
<p>Située à proximité du siège de la CGSS et de la Chambre d’Agriculture, les locaux d’ALTITUDE sont faciles d’accès, y compris pour les personnes en situation de handicap.<br /><span style="color: #ff00ff;">Nous trouver grâce à Google Maps</span></p>
<p>Nous mettons à la disposition de nos clients et stagiaires, cinq salles de formation équipées et pratiques (capacité de 3, 6, 8, 12 ou 15 personnes) et un confortable bureau de coaching.</p>
<p>Au cours des journées de formation, deux pauses sont prévues comprenant : eau, café, thé et madeleines.</p>
<p>À midi, nos clients ont un grand choix de restaurants à proximité, ou alors peuvent se faire livrer leur repas et le prendre dans notre carbet.</p>
<p>En fonction de la demande de nos clients, nos consultants-formateurs peuvent assurer leurs interventions dans d’autres lieux.</p>
<p>[/et_pb_text][/et_pb_column][/et_pb_row][et_pb_row _builder_version= »4.27.4&Prime; _module_preset= »default »][et_pb_column _builder_version= »4.27.4&Prime; _module_preset= »default » type= »4_4&Prime;][et_pb_text _builder_version= »4.27.4&Prime; _module_preset= »default » custom_padding= »2px||||| » global_colors_info= »{} »]</p>
<h2 style="text-align: center;"><strong>Accessibilité des personnes en situation de handicap :</strong></h2>
<p>[/et_pb_text][et_pb_text _builder_version= »4.27.4&Prime; _module_preset= »default » hover_enabled= »0&Prime; sticky_enabled= »0&Prime; background_color= »#DDFFBD »]</p>
<h3 style="text-align: center;"><strong><span style="color: #ff00ff;">Un registre d’accessibilité est disponible dans les halls d’accueil (RDC et étage)</span></strong></h3>
<p>Toutes nos formations sont accessibles aux personnes en situation de handicap.</p>
<p><strong>Stationnement</strong> :<br />Les 2 places de parking situées devant le portail sont mises à disposition des personnes à mobilité réduite.</p>
<p><strong>Toilettes</strong> :<br />Les toilettes du RDC sont aux normes et accessibles par une rampe d’accès avec bandes antidérapantes.</p>
<p>&nbsp;</p>
<h5 style="text-align: center;"><strong>Pour plus d’informations, contactez nous  au 0596 671 856</strong></h5>
<p>[/et_pb_text][/et_pb_column][/et_pb_row][et_pb_row _builder_version= »4.27.4&Prime; _module_preset= »default » global_colors_info= »{} »][et_pb_column type= »4_4&Prime; _builder_version= »4.27.4&Prime; _module_preset= »default » global_colors_info= »{} »][et_pb_image src= »https://altitudefc.com/wp-content/uploads/2025/01/Picto-Handicap.jpg » title_text= »Picto-Handicap » align= »center » _builder_version= »4.27.4&Prime; _module_preset= »default » hover_enabled= »0&Prime; global_colors_info= »{} » width= »53% » max_width= »65% » sticky_enabled= »0&Prime;][/et_pb_image][/et_pb_column][/et_pb_row][/et_pb_section]</p>

<p>Nos locaux : 31 rue Léon Gontran Damas 97232 LamentinALTITUDE FORMATION ET CONSEIL Située à proximité du siège de la CGSS et de la Chambre d’Agriculture, les locaux d’ALTITUDE sont faciles d’accès, y compris pour les personnes en situation de handicap.Nous trouver grâce à Google Maps Nous mettons à la disposition de nos clients et [&hellip;]</p>
