{"id":743,"date":"2024-12-04T05:02:30","date_gmt":"2024-12-04T05:02:30","guid":{"rendered":"https:\/\/altitudefc.com\/?page_id=743"},"modified":"2024-12-04T05:02:30","modified_gmt":"2024-12-04T05:02:30","slug":"maitriser-des-risques-juridiques-dans-lentreprise","status":"publish","type":"page","link":"https:\/\/altitudefc.com\/index.php\/maitriser-des-risques-juridiques-dans-lentreprise\/","title":{"rendered":"Ma\u00eetriser des Risques Juridiques dans l\u2019Entreprise"},"content":{"rendered":"<p>[et_pb_section fb_built=\u00a0\u00bb1&Prime; theme_builder_area=\u00a0\u00bbpost_content\u00a0\u00bb _builder_version=\u00a0\u00bb4.27.4&Prime; _module_preset=\u00a0\u00bbdefault\u00a0\u00bb][et_pb_row _builder_version=\u00a0\u00bb4.27.4&Prime; _module_preset=\u00a0\u00bbdefault\u00a0\u00bb theme_builder_area=\u00a0\u00bbpost_content\u00a0\u00bb][et_pb_column _builder_version=\u00a0\u00bb4.27.4&Prime; _module_preset=\u00a0\u00bbdefault\u00a0\u00bb type=\u00a0\u00bb4_4&Prime; theme_builder_area=\u00a0\u00bbpost_content\u00a0\u00bb][et_pb_text _builder_version=\u00a0\u00bb4.27.4&Prime; _module_preset=\u00a0\u00bbdefault\u00a0\u00bb theme_builder_area=\u00a0\u00bbpost_content\u00a0\u00bb hover_enabled=\u00a0\u00bb0&Prime; sticky_enabled=\u00a0\u00bb0&Prime; custom_padding=\u00a0\u00bb0px|||||\u00a0\u00bb]<\/p>\n<blockquote class=\"blockquote\">\n<p>Dans un contexte marqu\u00e9 par la judiciarisation croissante des relations d\u2019affaires, l\u2019incertitude face aux \u00e9volutions r\u00e9glementaires et la complexit\u00e9 sans cesse renforc\u00e9e du Droit, la fa\u00e7on dont les entreprises font face \u00e0 de nouvelles exigences en mati\u00e8re de ma\u00eetrise de leurs risques juridiques et dont elles peuvent prot\u00e9ger leurs actifs et pr\u00e9server leurs valeurs constituent de r\u00e9els enjeux.<\/p>\n<\/blockquote>\n<h3>Objectifs :<\/h3>\n<p>Pr\u00e9voir et apprendre \u00e0 ma\u00eetriser les risques juridiques pouvant survenir dans l\u2019entreprise.<\/p>\n<h2>Pr\u00e9-requis :<\/h2>\n<p>Cette formation ne n\u00e9cessite pas de pr\u00e9requis<\/p>\n<h2>Cible :<\/h2>\n<p>Le chef d\u2019entreprise, le(s) adjoint(s), le personnel de la fonction RH.<\/p>\n<h2>Dur\u00e9e :<\/h2>\n<p>3 jours (21 heures) s\u00e9quenc\u00e9s dans le temps.<\/p>\n<h2>Contenu :<\/h2>\n<p>&#8211; L\u2019essentiel du syst\u00e8me juridique fran\u00e7ais et europ\u00e9en,<br \/>&#8211; Le fonctionnement des diff\u00e9rentes soci\u00e9t\u00e9s,<br \/>&#8211; Pratiquer le secr\u00e9tariat juridique en entreprise,<br \/>&#8211; L\u2019entreprise et sa vie juridique,<br \/>&#8211; La responsabilit\u00e9 juridique des dirigeants,<br \/>&#8211; Etablir un contrat commercial,<br \/>&#8211; La d\u00e9fiscalisation industrielle.<\/p>\n<h2>Modalit\u00e9s d\u2019acc\u00e8s :<\/h2>\n<p>Formation possible en individuel \/ \u00e0 la carte<\/p>\n<h2>Constitution des groupes :<\/h2>\n<p>&#8211; En INTRA : Groupe de 12 personnes maximum. Formation possible dans vos locaux (nous consulter)<br \/>D\u00e9lais d\u2019acc\u00e8s : en fonction des disponibilit\u00e9s des collaborateurs et du consultant-formateur<br \/>&#8211; En INTER : la formation sera mise en place sous r\u00e9serve d\u2019atteindre un quota de 8 participants minimum par groupe (formation dans les locaux d\u2019ALTITUDE)<br \/>D\u00e9lais d\u2019acc\u00e8s :\u00a0en fonction des disponibilit\u00e9s du consultant-formateur et sous r\u00e9serve d\u2019atteindre le quota de participants<br \/>&#8211; Formule personnalis\u00e9e &#8211;\u00a0D\u00e9lais d\u2019acc\u00e8s : en fonction des disponibilit\u00e9s du demandeur et de celles du consultant-formateur<\/p>\n<h1>Modalit\u00e9s, moyens et m\u00e9thodes mobilis\u00e9es et modalit\u00e9s d\u2019\u00e9valuation :<\/h1>\n<h2>Approche et m\u00e9thodes p\u00e9dagogiques :<\/h2>\n<h3><strong>En amont de la formation :<\/strong><\/h3>\n<p>Dans tous les cas, un audit t\u00e9l\u00e9phonique pr\u00e9alable nous permet de d\u00e9terminer et fixer la meilleure approche p\u00e9dagogique pour atteindre une qualit\u00e9 de formation optimale \u2013 Test de positionnement<\/p>\n<p>Le cours sera dispens\u00e9 dans un langage simple et clair avec l\u2019introduction de termes techniques \u00e0 conna\u00eetre et \u00e0 ma\u00eetriser.<br \/>La th\u00e9orie sera illustr\u00e9e par des mises en situations concr\u00e8tes.<\/p>\n<p>&#8211; Accueil des stagiaires dans une salle d\u00e9di\u00e9e \u00e0 la formation.<br \/>&#8211; Les apports th\u00e9oriques sont suivis de mises en pratique.<br \/>&#8211; Jeux ludiques \u00e0 vis\u00e9e p\u00e9dagogique<br \/>&#8211; Tests, Quiz en salle<br \/>&#8211; Autodiagnostics<br \/>&#8211; Evaluations<br \/>&#8211; Brainstorming<br \/>&#8211; Exercices de cr\u00e9ativit\u00e9<br \/>&#8211; Travail en sous groupe<br \/>&#8211; Transmission par courrier \u00e9lectronique de documents supports \u00e0 la suite de la formation.<\/p>\n<h2>Dispositif de suivi de l\u2019ex\u00e9cution et d\u2019\u00e9valuation des r\u00e9sultats de la formation :<\/h2>\n<p>&#8211; Feuilles de pr\u00e9sence,<br \/>&#8211; Formulaire d\u2019\u00e9valuation de la formation,<br \/>&#8211; QUIZ, jeux, jeux de r\u00f4le, QCM etc\u2026 en cours de formation<\/p>\n<h2>Profil du formateur (Exemple de) :<\/h2>\n<ul>\n<li><b>Dipl\u00f4mes\u00a0:\u00a0<\/b>DESS Psychologie et Pratique de l\u2019orientation<\/li>\n<li><b>Titres\u00a0:<\/b>\u00a0Consultante Ressources Humaines<\/li>\n<li><b>R\u00e9f\u00e9rences\u00a0:\u00a0<\/b>16 ans d\u2019exp\u00e9rience en Ressources Humaines. Charg\u00e9e du Recrutement, de l\u2019\u00e9valuation du personnel, du droit social collectif (Relations sociales), Droit social individuel (relations contractuelles), formalit\u00e9s d\u2019embauche et de d\u00e9part, proc\u00e9dures disciplinaires<\/li>\n<\/ul>\n<p>[\/et_pb_text][\/et_pb_column][\/et_pb_row][et_pb_row column_structure=\u00a0\u00bb3_4,1_4&Prime; _builder_version=\u00a0\u00bb4.27.4&Prime; _module_preset=\u00a0\u00bbdefault\u00a0\u00bb custom_padding=\u00a0\u00bb11px|17px|11px|17px|true|true\u00a0\u00bb border_width_all=\u00a0\u00bb1px\u00a0\u00bb border_color_all=\u00a0\u00bbrgba(0,0,0,0.12)\u00a0\u00bb global_colors_info=\u00a0\u00bb{}\u00a0\u00bb theme_builder_area=\u00a0\u00bbpost_content\u00a0\u00bb][et_pb_column type=\u00a0\u00bb3_4&Prime; _builder_version=\u00a0\u00bb4.27.4&Prime; _module_preset=\u00a0\u00bbdefault\u00a0\u00bb global_colors_info=\u00a0\u00bb{}\u00a0\u00bb theme_builder_area=\u00a0\u00bbpost_content\u00a0\u00bb][et_pb_text _builder_version=\u00a0\u00bb4.27.4&Prime; _module_preset=\u00a0\u00bbdefault\u00a0\u00bb global_colors_info=\u00a0\u00bb{}\u00a0\u00bb theme_builder_area=\u00a0\u00bbpost_content\u00a0\u00bb]<\/p>\n<h2>Notre \u00e9quipe est \u00e0 votre disposition pour r\u00e9pondre \u00e0 toute autre question au sujet de ces formations.<\/h2>\n<p>[\/et_pb_text][\/et_pb_column][et_pb_column type=\u00a0\u00bb1_4&Prime; _builder_version=\u00a0\u00bb4.27.4&Prime; _module_preset=\u00a0\u00bbdefault\u00a0\u00bb global_colors_info=\u00a0\u00bb{}\u00a0\u00bb theme_builder_area=\u00a0\u00bbpost_content\u00a0\u00bb][et_pb_button button_url=\u00a0\u00bbhttps:\/\/altitudefc.com\/index.php\/contact\u00a0\u00bb button_text=\u00a0\u00bbCONTACTEZ-NOUS\u00a0\u00bb button_alignment=\u00a0\u00bbcenter\u00a0\u00bb _builder_version=\u00a0\u00bb4.27.4&Prime; _module_preset=\u00a0\u00bbdefault\u00a0\u00bb custom_button=\u00a0\u00bbon\u00a0\u00bb button_text_size=\u00a0\u00bb17px\u00a0\u00bb button_text_color=\u00a0\u00bb#FFFFFF\u00a0\u00bb button_bg_color=\u00a0\u00bb#b51dd3&Prime; button_border_radius=\u00a0\u00bb13px\u00a0\u00bb custom_margin=\u00a0\u00bb14px||||false|false\u00a0\u00bb global_colors_info=\u00a0\u00bb{}\u00a0\u00bb theme_builder_area=\u00a0\u00bbpost_content\u00a0\u00bb][\/et_pb_button][\/et_pb_column][\/et_pb_row][\/et_pb_section]<\/p>\n","protected":false},"excerpt":{"rendered":"<p>Dans un contexte marqu\u00e9 par la judiciarisation croissante des relations d\u2019affaires, l\u2019incertitude face aux \u00e9volutions r\u00e9glementaires et la complexit\u00e9 sans cesse renforc\u00e9e du Droit, la fa\u00e7on dont les entreprises font face \u00e0 de nouvelles exigences en mati\u00e8re de ma\u00eetrise de leurs risques juridiques et dont elles peuvent prot\u00e9ger leurs actifs et pr\u00e9server leurs valeurs constituent [&hellip;]<\/p>\n","protected":false},"author":1,"featured_media":0,"parent":0,"menu_order":0,"comment_status":"closed","ping_status":"closed","template":"","meta":{"_et_pb_use_builder":"on","_et_pb_old_content":"","_et_gb_content_width":"","footnotes":""},"class_list":["post-743","page","type-page","status-publish","hentry"],"_links":{"self":[{"href":"https:\/\/altitudefc.com\/index.php\/wp-json\/wp\/v2\/pages\/743","targetHints":{"allow":["GET"]}}],"collection":[{"href":"https:\/\/altitudefc.com\/index.php\/wp-json\/wp\/v2\/pages"}],"about":[{"href":"https:\/\/altitudefc.com\/index.php\/wp-json\/wp\/v2\/types\/page"}],"author":[{"embeddable":true,"href":"https:\/\/altitudefc.com\/index.php\/wp-json\/wp\/v2\/users\/1"}],"replies":[{"embeddable":true,"href":"https:\/\/altitudefc.com\/index.php\/wp-json\/wp\/v2\/comments?post=743"}],"version-history":[{"count":2,"href":"https:\/\/altitudefc.com\/index.php\/wp-json\/wp\/v2\/pages\/743\/revisions"}],"predecessor-version":[{"id":746,"href":"https:\/\/altitudefc.com\/index.php\/wp-json\/wp\/v2\/pages\/743\/revisions\/746"}],"wp:attachment":[{"href":"https:\/\/altitudefc.com\/index.php\/wp-json\/wp\/v2\/media?parent=743"}],"curies":[{"name":"wp","href":"https:\/\/api.w.org\/{rel}","templated":true}]}}

Maîtriser des Risques Juridiques dans l’Entreprise

<p>[et_pb_section fb_built= »1&Prime; theme_builder_area= »post_content » _builder_version= »4.27.4&Prime; _module_preset= »default »][et_pb_row _builder_version= »4.27.4&Prime; _module_preset= »default » theme_builder_area= »post_content »][et_pb_column _builder_version= »4.27.4&Prime; _module_preset= »default » type= »4_4&Prime; theme_builder_area= »post_content »][et_pb_text _builder_version= »4.27.4&Prime; _module_preset= »default » theme_builder_area= »post_content » hover_enabled= »0&Prime; sticky_enabled= »0&Prime; custom_padding= »0px||||| »]</p>
<blockquote class="blockquote">
<p>Dans un contexte marqué par la judiciarisation croissante des relations d’affaires, l’incertitude face aux évolutions réglementaires et la complexité sans cesse renforcée du Droit, la façon dont les entreprises font face à de nouvelles exigences en matière de maîtrise de leurs risques juridiques et dont elles peuvent protéger leurs actifs et préserver leurs valeurs constituent de réels enjeux.</p>
</blockquote>
<h3>Objectifs :</h3>
<p>Prévoir et apprendre à maîtriser les risques juridiques pouvant survenir dans l’entreprise.</p>
<h2>Pré-requis :</h2>
<p>Cette formation ne nécessite pas de prérequis</p>
<h2>Cible :</h2>
<p>Le chef d’entreprise, le(s) adjoint(s), le personnel de la fonction RH.</p>
<h2>Durée :</h2>
<p>3 jours (21 heures) séquencés dans le temps.</p>
<h2>Contenu :</h2>
<p>&#8211; L’essentiel du système juridique français et européen,<br />&#8211; Le fonctionnement des différentes sociétés,<br />&#8211; Pratiquer le secrétariat juridique en entreprise,<br />&#8211; L’entreprise et sa vie juridique,<br />&#8211; La responsabilité juridique des dirigeants,<br />&#8211; Etablir un contrat commercial,<br />&#8211; La défiscalisation industrielle.</p>
<h2>Modalités d’accès :</h2>
<p>Formation possible en individuel / à la carte</p>
<h2>Constitution des groupes :</h2>
<p>&#8211; En INTRA : Groupe de 12 personnes maximum. Formation possible dans vos locaux (nous consulter)<br />Délais d’accès : en fonction des disponibilités des collaborateurs et du consultant-formateur<br />&#8211; En INTER : la formation sera mise en place sous réserve d’atteindre un quota de 8 participants minimum par groupe (formation dans les locaux d’ALTITUDE)<br />Délais d’accès : en fonction des disponibilités du consultant-formateur et sous réserve d’atteindre le quota de participants<br />&#8211; Formule personnalisée &#8211; Délais d’accès : en fonction des disponibilités du demandeur et de celles du consultant-formateur</p>
<h1>Modalités, moyens et méthodes mobilisées et modalités d’évaluation :</h1>
<h2>Approche et méthodes pédagogiques :</h2>
<h3><strong>En amont de la formation :</strong></h3>
<p>Dans tous les cas, un audit téléphonique préalable nous permet de déterminer et fixer la meilleure approche pédagogique pour atteindre une qualité de formation optimale – Test de positionnement</p>
<p>Le cours sera dispensé dans un langage simple et clair avec l’introduction de termes techniques à connaître et à maîtriser.<br />La théorie sera illustrée par des mises en situations concrètes.</p>
<p>&#8211; Accueil des stagiaires dans une salle dédiée à la formation.<br />&#8211; Les apports théoriques sont suivis de mises en pratique.<br />&#8211; Jeux ludiques à visée pédagogique<br />&#8211; Tests, Quiz en salle<br />&#8211; Autodiagnostics<br />&#8211; Evaluations<br />&#8211; Brainstorming<br />&#8211; Exercices de créativité<br />&#8211; Travail en sous groupe<br />&#8211; Transmission par courrier électronique de documents supports à la suite de la formation.</p>
<h2>Dispositif de suivi de l’exécution et d’évaluation des résultats de la formation :</h2>
<p>&#8211; Feuilles de présence,<br />&#8211; Formulaire d’évaluation de la formation,<br />&#8211; QUIZ, jeux, jeux de rôle, QCM etc… en cours de formation</p>
<h2>Profil du formateur (Exemple de) :</h2>
<ul>
<li><b>Diplômes : </b>DESS Psychologie et Pratique de l’orientation</li>
<li><b>Titres :</b> Consultante Ressources Humaines</li>
<li><b>Références : </b>16 ans d’expérience en Ressources Humaines. Chargée du Recrutement, de l’évaluation du personnel, du droit social collectif (Relations sociales), Droit social individuel (relations contractuelles), formalités d’embauche et de départ, procédures disciplinaires</li>
</ul>
<p>[/et_pb_text][/et_pb_column][/et_pb_row][et_pb_row column_structure= »3_4,1_4&Prime; _builder_version= »4.27.4&Prime; _module_preset= »default » custom_padding= »11px|17px|11px|17px|true|true » border_width_all= »1px » border_color_all= »rgba(0,0,0,0.12) » global_colors_info= »{} » theme_builder_area= »post_content »][et_pb_column type= »3_4&Prime; _builder_version= »4.27.4&Prime; _module_preset= »default » global_colors_info= »{} » theme_builder_area= »post_content »][et_pb_text _builder_version= »4.27.4&Prime; _module_preset= »default » global_colors_info= »{} » theme_builder_area= »post_content »]</p>
<h2>Notre équipe est à votre disposition pour répondre à toute autre question au sujet de ces formations.</h2>
<p>[/et_pb_text][/et_pb_column][et_pb_column type= »1_4&Prime; _builder_version= »4.27.4&Prime; _module_preset= »default » global_colors_info= »{} » theme_builder_area= »post_content »][et_pb_button button_url= »https://altitudefc.com/index.php/contact » button_text= »CONTACTEZ-NOUS » button_alignment= »center » _builder_version= »4.27.4&Prime; _module_preset= »default » custom_button= »on » button_text_size= »17px » button_text_color= »#FFFFFF » button_bg_color= »#b51dd3&Prime; button_border_radius= »13px » custom_margin= »14px||||false|false » global_colors_info= »{} » theme_builder_area= »post_content »][/et_pb_button][/et_pb_column][/et_pb_row][/et_pb_section]</p>

<p>Dans un contexte marqué par la judiciarisation croissante des relations d’affaires, l’incertitude face aux évolutions réglementaires et la complexité sans cesse renforcée du Droit, la façon dont les entreprises font face à de nouvelles exigences en matière de maîtrise de leurs risques juridiques et dont elles peuvent protéger leurs actifs et préserver leurs valeurs constituent [&hellip;]</p>
