{"id":736,"date":"2024-12-04T04:55:41","date_gmt":"2024-12-04T04:55:41","guid":{"rendered":"https:\/\/altitudefc.com\/?page_id=736"},"modified":"2024-12-04T04:55:41","modified_gmt":"2024-12-04T04:55:41","slug":"formation-des-membres-du-comite-social-et-economique-en-sante-securite-et-conditions-de-travail","status":"publish","type":"page","link":"https:\/\/altitudefc.com\/index.php\/formation-des-membres-du-comite-social-et-economique-en-sante-securite-et-conditions-de-travail\/","title":{"rendered":"Formation des membres du Comit\u00e9 Social et Economique en Sant\u00e9, S\u00e9curit\u00e9 et Conditions de Travail"},"content":{"rendered":"<p>[et_pb_section fb_built=\u00a0\u00bb1&Prime; theme_builder_area=\u00a0\u00bbpost_content\u00a0\u00bb _builder_version=\u00a0\u00bb4.27.4&Prime; _module_preset=\u00a0\u00bbdefault\u00a0\u00bb custom_padding=\u00a0\u00bb||107px|||\u00a0\u00bb][et_pb_row _builder_version=\u00a0\u00bb4.27.4&Prime; _module_preset=\u00a0\u00bbdefault\u00a0\u00bb theme_builder_area=\u00a0\u00bbpost_content\u00a0\u00bb][et_pb_column _builder_version=\u00a0\u00bb4.27.4&Prime; _module_preset=\u00a0\u00bbdefault\u00a0\u00bb type=\u00a0\u00bb4_4&Prime; theme_builder_area=\u00a0\u00bbpost_content\u00a0\u00bb][et_pb_text _builder_version=\u00a0\u00bb4.27.4&Prime; _module_preset=\u00a0\u00bbdefault\u00a0\u00bb theme_builder_area=\u00a0\u00bbpost_content\u00a0\u00bb hover_enabled=\u00a0\u00bb0&Prime; sticky_enabled=\u00a0\u00bb0&Prime;]<\/p>\n<h3><span>Objectifs :<\/span><\/h3>\n<p>A l\u2019issue de la formation, les stagiaires seront capables de contribuer, en collaboration avec les autres acteurs concern\u00e9s, \u00e0 la d\u00e9marche de pr\u00e9vention des risques professionnels et d\u2019am\u00e9lioration des conditions de travail dans l\u2019entreprise<\/p>\n<p><b><i>\u00a0Objectifs p\u00e9dagogiques :<\/i><\/b><\/p>\n<p><b><i><\/i><\/b>&#8211; Connaitre la mission du CSE en Sant\u00e9, S\u00e9curit\u00e9 et Conditions de Travail\u00a0;<br \/>&#8211; Utiliser les moyens d\u2019action mis \u00e0 la disposition du CSE pour remplir cette mission sp\u00e9cifique<br \/>&#8211; D\u00e9celer et mesurer les risques professionnels<br \/>&#8211; Etre capable d\u2019analyser les conditions de travail<\/p>\n<h2>Pr\u00e9-requis :<\/h2>\n<p>Avoir suivi la formation CSE<\/p>\n<h2>Cible :<\/h2>\n<p>Les membres du CSE titulaires et suppl\u00e9ants<\/p>\n<h2>Dur\u00e9e :<\/h2>\n<p>&#8211; Entreprises de moins de 300 salari\u00e9s\u00a0: 5 jours\/initiation ou 3 jours\/renouvellement)<\/p>\n<p>&#8211; Entreprises de plus de 300 salari\u00e9s\u00a0: 5 jours (initiation et renouvellement)<\/p>\n<h2>Contenu :<\/h2>\n<p>&#8211; Les attributions du CSE en mati\u00e8re de SSCT<br \/>&#8211; Les moyens d\u2019actions des membres<br \/>&#8211; Le fonctionnement de l\u2019instance<br \/>&#8211; La m\u00e9thodologie de d\u00e9tection et d\u2019appr\u00e9hension des risques professionnels et d\u2019analyse des conditions de travail<\/p>\n<p><b>D\u00e9roulement\u00a0:<\/b><br \/>&#8211;\u00a0La mission du CSE en mati\u00e8re de Sant\u00e9, S\u00e9curit\u00e9 et Conditions de Travail\u00a0:<br \/>&#8211;\u00a0Les moyens d\u2019actions des membres du CSE\u00a0:<br \/>&#8211;\u00a0Le fonctionnement du CSE pour l\u2019exercice de la mission SSCT\u00a0:<br \/>&#8211;\u00a0La m\u00e9thodologie de d\u00e9tection et d\u2019appr\u00e9hension des risques professionnels et des conditions de travail<br \/>&#8211;\u00a0Comprendre les risques psychosociaux\u00a0:<br \/>&#8211;\u00a0Analyser les accidents du travail et maladies professionnelles<\/p>\n<h2>Modalit\u00e9s d\u2019acc\u00e8s :<\/h2>\n<h3>Constitution des groupes :<\/h3>\n<p>&#8211; En INTRA : Groupe de 10 personnes maximum. Formation possible dans vos locaux (nous consulter)<br \/>D\u00e9lais d\u2019acc\u00e8s : en fonction des disponibilit\u00e9s des collaborateurs et du consultant-formateur<br \/>&#8211; En INTER : la formation sera mise en place sous r\u00e9serve d\u2019atteindre un quota de 8 participants minimum par groupe (formation dans les locaux d\u2019ALTITUDE)<br \/>D\u00e9lais d\u2019acc\u00e8s :\u00a0en fonction des disponibilit\u00e9s du consultant-formateur et sous r\u00e9serve d\u2019atteindre le quota de participants<br \/>&#8211; Formule personnalis\u00e9e &#8211;\u00a0D\u00e9lais d\u2019acc\u00e8s : en fonction des disponibilit\u00e9s du demandeur et de celles du consultant-formateur<\/p>\n<h1>Modalit\u00e9s, moyens et m\u00e9thodes mobilis\u00e9es et modalit\u00e9s d\u2019\u00e9valuation :<\/h1>\n<h2>Approche et m\u00e9thodes p\u00e9dagogiques :<\/h2>\n<h3><strong>En amont de la formation :<\/strong><\/h3>\n<p>Dans tous les cas, un audit t\u00e9l\u00e9phonique pr\u00e9alable nous permet de d\u00e9terminer et fixer la meilleure approche p\u00e9dagogique pour atteindre une qualit\u00e9 de formation optimale \u2013 Test de positionnement<\/p>\n<p>Le cours sera dispens\u00e9 dans un langage simple et clair avec l\u2019introduction de termes techniques \u00e0 conna\u00eetre et \u00e0 ma\u00eetriser.<br \/>La th\u00e9orie sera illustr\u00e9e par des mises en situations concr\u00e8tes.<\/p>\n<p>&#8211; Accueil des stagiaires dans une salle d\u00e9di\u00e9e \u00e0 la formation.<br \/>&#8211; Les apports th\u00e9oriques sont suivis de mises en pratique.<br \/>&#8211; Jeux ludiques \u00e0 vis\u00e9e p\u00e9dagogique<br \/>&#8211; Tests, Quiz en salle<br \/>&#8211; Autodiagnostics<br \/>&#8211; Evaluations<br \/>&#8211; Brainstorming<br \/>&#8211; Exercices de cr\u00e9ativit\u00e9<br \/>&#8211; Travail en sous groupe<br \/>&#8211; Transmission par courrier \u00e9lectronique de documents supports \u00e0 la suite de la formation.<\/p>\n<h2>Dispositif de suivi de l\u2019ex\u00e9cution et d\u2019\u00e9valuation des r\u00e9sultats de la formation :<\/h2>\n<p>&#8211; Feuilles de pr\u00e9sence,<br \/>&#8211; Formulaire d\u2019\u00e9valuation de la formation,<br \/>&#8211; QUIZ, jeux, jeux de r\u00f4le, QCM etc\u2026 en cours de formation<\/p>\n<h2>Profil du formateur (Exemple de) :<\/h2>\n<ul>\n<li><b>Dipl\u00f4mes\u00a0:<span>\u00a0<\/span><\/b>DESS Psychologie et Pratique de l\u2019orientation<\/li>\n<li><b>Titres\u00a0:<\/b><span>\u00a0<\/span>Consultante Ressources Humaines<\/li>\n<li><b>R\u00e9f\u00e9rences\u00a0:<span>\u00a0<\/span><\/b>16 ans d\u2019exp\u00e9rience en Ressources Humaines. Charg\u00e9e du Recrutement, de l\u2019\u00e9valuation du personnel, du droit social collectif (Relations sociales), Droit social individuel (relations contractuelles), formalit\u00e9s d\u2019embauche et de d\u00e9part, proc\u00e9dures disciplinaires<\/li>\n<\/ul>\n<p>[\/et_pb_text][\/et_pb_column][\/et_pb_row][et_pb_row column_structure=\u00a0\u00bb3_4,1_4&Prime; _builder_version=\u00a0\u00bb4.27.4&Prime; _module_preset=\u00a0\u00bbdefault\u00a0\u00bb custom_padding=\u00a0\u00bb11px|17px|11px|17px|true|true\u00a0\u00bb border_width_all=\u00a0\u00bb1px\u00a0\u00bb border_color_all=\u00a0\u00bbrgba(0,0,0,0.12)\u00a0\u00bb global_colors_info=\u00a0\u00bb{}\u00a0\u00bb theme_builder_area=\u00a0\u00bbpost_content\u00a0\u00bb][et_pb_column type=\u00a0\u00bb3_4&Prime; _builder_version=\u00a0\u00bb4.27.4&Prime; _module_preset=\u00a0\u00bbdefault\u00a0\u00bb global_colors_info=\u00a0\u00bb{}\u00a0\u00bb theme_builder_area=\u00a0\u00bbpost_content\u00a0\u00bb][et_pb_text _builder_version=\u00a0\u00bb4.27.4&Prime; _module_preset=\u00a0\u00bbdefault\u00a0\u00bb global_colors_info=\u00a0\u00bb{}\u00a0\u00bb theme_builder_area=\u00a0\u00bbpost_content\u00a0\u00bb]<\/p>\n<h2>Notre \u00e9quipe est \u00e0 votre disposition pour r\u00e9pondre \u00e0 toute autre question au sujet de ces formations.<\/h2>\n<p>[\/et_pb_text][\/et_pb_column][et_pb_column type=\u00a0\u00bb1_4&Prime; _builder_version=\u00a0\u00bb4.27.4&Prime; _module_preset=\u00a0\u00bbdefault\u00a0\u00bb global_colors_info=\u00a0\u00bb{}\u00a0\u00bb theme_builder_area=\u00a0\u00bbpost_content\u00a0\u00bb][et_pb_button button_url=\u00a0\u00bbhttps:\/\/altitudefc.com\/index.php\/contact\u00a0\u00bb button_text=\u00a0\u00bbCONTACTEZ-NOUS\u00a0\u00bb button_alignment=\u00a0\u00bbcenter\u00a0\u00bb _builder_version=\u00a0\u00bb4.27.4&Prime; _module_preset=\u00a0\u00bbdefault\u00a0\u00bb custom_button=\u00a0\u00bbon\u00a0\u00bb button_text_size=\u00a0\u00bb17px\u00a0\u00bb button_text_color=\u00a0\u00bb#FFFFFF\u00a0\u00bb button_bg_color=\u00a0\u00bb#b51dd3&Prime; button_border_radius=\u00a0\u00bb13px\u00a0\u00bb custom_margin=\u00a0\u00bb14px||||false|false\u00a0\u00bb global_colors_info=\u00a0\u00bb{}\u00a0\u00bb theme_builder_area=\u00a0\u00bbpost_content\u00a0\u00bb][\/et_pb_button][\/et_pb_column][\/et_pb_row][\/et_pb_section]<\/p>\n","protected":false},"excerpt":{"rendered":"<p>Objectifs : A l\u2019issue de la formation, les stagiaires seront capables de contribuer, en collaboration avec les autres acteurs concern\u00e9s, \u00e0 la d\u00e9marche de pr\u00e9vention des risques professionnels et d\u2019am\u00e9lioration des conditions de travail dans l\u2019entreprise \u00a0Objectifs p\u00e9dagogiques : &#8211; Connaitre la mission du CSE en Sant\u00e9, S\u00e9curit\u00e9 et Conditions de Travail\u00a0;- Utiliser les moyens [&hellip;]<\/p>\n","protected":false},"author":1,"featured_media":0,"parent":0,"menu_order":0,"comment_status":"closed","ping_status":"closed","template":"","meta":{"_et_pb_use_builder":"on","_et_pb_old_content":"","_et_gb_content_width":"","footnotes":""},"class_list":["post-736","page","type-page","status-publish","hentry"],"_links":{"self":[{"href":"https:\/\/altitudefc.com\/index.php\/wp-json\/wp\/v2\/pages\/736","targetHints":{"allow":["GET"]}}],"collection":[{"href":"https:\/\/altitudefc.com\/index.php\/wp-json\/wp\/v2\/pages"}],"about":[{"href":"https:\/\/altitudefc.com\/index.php\/wp-json\/wp\/v2\/types\/page"}],"author":[{"embeddable":true,"href":"https:\/\/altitudefc.com\/index.php\/wp-json\/wp\/v2\/users\/1"}],"replies":[{"embeddable":true,"href":"https:\/\/altitudefc.com\/index.php\/wp-json\/wp\/v2\/comments?post=736"}],"version-history":[{"count":2,"href":"https:\/\/altitudefc.com\/index.php\/wp-json\/wp\/v2\/pages\/736\/revisions"}],"predecessor-version":[{"id":739,"href":"https:\/\/altitudefc.com\/index.php\/wp-json\/wp\/v2\/pages\/736\/revisions\/739"}],"wp:attachment":[{"href":"https:\/\/altitudefc.com\/index.php\/wp-json\/wp\/v2\/media?parent=736"}],"curies":[{"name":"wp","href":"https:\/\/api.w.org\/{rel}","templated":true}]}}

Formation des membres du Comité Social et Economique en Santé, Sécurité et Conditions de Travail

<p>[et_pb_section fb_built= »1&Prime; theme_builder_area= »post_content » _builder_version= »4.27.4&Prime; _module_preset= »default » custom_padding= »||107px||| »][et_pb_row _builder_version= »4.27.4&Prime; _module_preset= »default » theme_builder_area= »post_content »][et_pb_column _builder_version= »4.27.4&Prime; _module_preset= »default » type= »4_4&Prime; theme_builder_area= »post_content »][et_pb_text _builder_version= »4.27.4&Prime; _module_preset= »default » theme_builder_area= »post_content » hover_enabled= »0&Prime; sticky_enabled= »0&Prime;]</p>
<h3><span>Objectifs :</span></h3>
<p>A l’issue de la formation, les stagiaires seront capables de contribuer, en collaboration avec les autres acteurs concernés, à la démarche de prévention des risques professionnels et d’amélioration des conditions de travail dans l’entreprise</p>
<p><b><i> Objectifs pédagogiques :</i></b></p>
<p><b><i></i></b>&#8211; Connaitre la mission du CSE en Santé, Sécurité et Conditions de Travail ;<br />&#8211; Utiliser les moyens d’action mis à la disposition du CSE pour remplir cette mission spécifique<br />&#8211; Déceler et mesurer les risques professionnels<br />&#8211; Etre capable d’analyser les conditions de travail</p>
<h2>Pré-requis :</h2>
<p>Avoir suivi la formation CSE</p>
<h2>Cible :</h2>
<p>Les membres du CSE titulaires et suppléants</p>
<h2>Durée :</h2>
<p>&#8211; Entreprises de moins de 300 salariés : 5 jours/initiation ou 3 jours/renouvellement)</p>
<p>&#8211; Entreprises de plus de 300 salariés : 5 jours (initiation et renouvellement)</p>
<h2>Contenu :</h2>
<p>&#8211; Les attributions du CSE en matière de SSCT<br />&#8211; Les moyens d’actions des membres<br />&#8211; Le fonctionnement de l’instance<br />&#8211; La méthodologie de détection et d’appréhension des risques professionnels et d’analyse des conditions de travail</p>
<p><b>Déroulement :</b><br />&#8211; La mission du CSE en matière de Santé, Sécurité et Conditions de Travail :<br />&#8211; Les moyens d’actions des membres du CSE :<br />&#8211; Le fonctionnement du CSE pour l’exercice de la mission SSCT :<br />&#8211; La méthodologie de détection et d’appréhension des risques professionnels et des conditions de travail<br />&#8211; Comprendre les risques psychosociaux :<br />&#8211; Analyser les accidents du travail et maladies professionnelles</p>
<h2>Modalités d’accès :</h2>
<h3>Constitution des groupes :</h3>
<p>&#8211; En INTRA : Groupe de 10 personnes maximum. Formation possible dans vos locaux (nous consulter)<br />Délais d’accès : en fonction des disponibilités des collaborateurs et du consultant-formateur<br />&#8211; En INTER : la formation sera mise en place sous réserve d’atteindre un quota de 8 participants minimum par groupe (formation dans les locaux d’ALTITUDE)<br />Délais d’accès : en fonction des disponibilités du consultant-formateur et sous réserve d’atteindre le quota de participants<br />&#8211; Formule personnalisée &#8211; Délais d’accès : en fonction des disponibilités du demandeur et de celles du consultant-formateur</p>
<h1>Modalités, moyens et méthodes mobilisées et modalités d’évaluation :</h1>
<h2>Approche et méthodes pédagogiques :</h2>
<h3><strong>En amont de la formation :</strong></h3>
<p>Dans tous les cas, un audit téléphonique préalable nous permet de déterminer et fixer la meilleure approche pédagogique pour atteindre une qualité de formation optimale – Test de positionnement</p>
<p>Le cours sera dispensé dans un langage simple et clair avec l’introduction de termes techniques à connaître et à maîtriser.<br />La théorie sera illustrée par des mises en situations concrètes.</p>
<p>&#8211; Accueil des stagiaires dans une salle dédiée à la formation.<br />&#8211; Les apports théoriques sont suivis de mises en pratique.<br />&#8211; Jeux ludiques à visée pédagogique<br />&#8211; Tests, Quiz en salle<br />&#8211; Autodiagnostics<br />&#8211; Evaluations<br />&#8211; Brainstorming<br />&#8211; Exercices de créativité<br />&#8211; Travail en sous groupe<br />&#8211; Transmission par courrier électronique de documents supports à la suite de la formation.</p>
<h2>Dispositif de suivi de l’exécution et d’évaluation des résultats de la formation :</h2>
<p>&#8211; Feuilles de présence,<br />&#8211; Formulaire d’évaluation de la formation,<br />&#8211; QUIZ, jeux, jeux de rôle, QCM etc… en cours de formation</p>
<h2>Profil du formateur (Exemple de) :</h2>
<ul>
<li><b>Diplômes :<span> </span></b>DESS Psychologie et Pratique de l’orientation</li>
<li><b>Titres :</b><span> </span>Consultante Ressources Humaines</li>
<li><b>Références :<span> </span></b>16 ans d’expérience en Ressources Humaines. Chargée du Recrutement, de l’évaluation du personnel, du droit social collectif (Relations sociales), Droit social individuel (relations contractuelles), formalités d’embauche et de départ, procédures disciplinaires</li>
</ul>
<p>[/et_pb_text][/et_pb_column][/et_pb_row][et_pb_row column_structure= »3_4,1_4&Prime; _builder_version= »4.27.4&Prime; _module_preset= »default » custom_padding= »11px|17px|11px|17px|true|true » border_width_all= »1px » border_color_all= »rgba(0,0,0,0.12) » global_colors_info= »{} » theme_builder_area= »post_content »][et_pb_column type= »3_4&Prime; _builder_version= »4.27.4&Prime; _module_preset= »default » global_colors_info= »{} » theme_builder_area= »post_content »][et_pb_text _builder_version= »4.27.4&Prime; _module_preset= »default » global_colors_info= »{} » theme_builder_area= »post_content »]</p>
<h2>Notre équipe est à votre disposition pour répondre à toute autre question au sujet de ces formations.</h2>
<p>[/et_pb_text][/et_pb_column][et_pb_column type= »1_4&Prime; _builder_version= »4.27.4&Prime; _module_preset= »default » global_colors_info= »{} » theme_builder_area= »post_content »][et_pb_button button_url= »https://altitudefc.com/index.php/contact » button_text= »CONTACTEZ-NOUS » button_alignment= »center » _builder_version= »4.27.4&Prime; _module_preset= »default » custom_button= »on » button_text_size= »17px » button_text_color= »#FFFFFF » button_bg_color= »#b51dd3&Prime; button_border_radius= »13px » custom_margin= »14px||||false|false » global_colors_info= »{} » theme_builder_area= »post_content »][/et_pb_button][/et_pb_column][/et_pb_row][/et_pb_section]</p>

<p>Objectifs : A l’issue de la formation, les stagiaires seront capables de contribuer, en collaboration avec les autres acteurs concernés, à la démarche de prévention des risques professionnels et d’amélioration des conditions de travail dans l’entreprise  Objectifs pédagogiques : &#8211; Connaitre la mission du CSE en Santé, Sécurité et Conditions de Travail ;- Utiliser les moyens [&hellip;]</p>
