{"id":670,"date":"2024-12-04T03:30:05","date_gmt":"2024-12-04T03:30:05","guid":{"rendered":"https:\/\/altitudefc.com\/?page_id=670"},"modified":"2024-12-04T03:30:05","modified_gmt":"2024-12-04T03:30:05","slug":"audit-et-controle-interne-verifier-la-qualite-des-processus-comptables","status":"publish","type":"page","link":"https:\/\/altitudefc.com\/index.php\/audit-et-controle-interne-verifier-la-qualite-des-processus-comptables\/","title":{"rendered":"Audit et contr\u00f4le interne : v\u00e9rifier la qualit\u00e9 des processus comptables"},"content":{"rendered":"<p>[et_pb_section fb_built=\u00a0\u00bb1&Prime; _builder_version=\u00a0\u00bb4.27.4&Prime; _module_preset=\u00a0\u00bbdefault\u00a0\u00bb global_colors_info=\u00a0\u00bb{}\u00a0\u00bb theme_builder_area=\u00a0\u00bbpost_content\u00a0\u00bb][et_pb_row _builder_version=\u00a0\u00bb4.27.4&Prime; _module_preset=\u00a0\u00bbdefault\u00a0\u00bb global_colors_info=\u00a0\u00bb{}\u00a0\u00bb theme_builder_area=\u00a0\u00bbpost_content\u00a0\u00bb][et_pb_column type=\u00a0\u00bb4_4&Prime; _builder_version=\u00a0\u00bb4.27.4&Prime; _module_preset=\u00a0\u00bbdefault\u00a0\u00bb global_colors_info=\u00a0\u00bb{}\u00a0\u00bb theme_builder_area=\u00a0\u00bbpost_content\u00a0\u00bb][et_pb_text _builder_version=\u00a0\u00bb4.27.4&Prime; _module_preset=\u00a0\u00bbdefault\u00a0\u00bb global_colors_info=\u00a0\u00bb{}\u00a0\u00bb theme_builder_area=\u00a0\u00bbpost_content\u00a0\u00bb]<\/p>\n<h2><b>Objectifs :<\/b><\/h2>\n<p><b><\/b>&#8211; Conna\u00eetre le cadre r\u00e9glementaire et les concepts fondamentaux afin de se pr\u00e9parer \u00e0 une mission d\u2019audit interne ou externe<br \/>&#8211; Mod\u00e9liser l\u2019organisation de l\u2019\u00e9tablissement \u00e0 l\u2019aide de processus puis faire ressortir les dysfonctionnements<br \/>&#8211; Cartographier les risques et \u00e9valuer leur cons\u00e9quence pour planifier les missions d\u2019audit interne<br \/>&#8211; Piloter simplement pour suivre, documenter pour formaliser des recommandations pertinentes et pour pouvoir les piloter<\/p>\n<h2><b>Pr\u00e9-requis :<\/b><\/h2>\n<p>Il est recommand\u00e9 d\u2019avoir une connaissance de l\u2019organisation administrative et comptable de son entreprise ou de son \u00e9tablissement pour suivre la\u00a0<strong>formation audit et contr\u00f4le interne en comptabilit\u00e9<\/strong><\/p>\n<h2><b>Cible :<\/b><\/h2>\n<p><b><\/b>Services concern\u00e9s\u00a0: Responsable technique \u2013 Managers \u2013 Action sociale \u2013 Secr\u00e9tariat g\u00e9n\u00e9ral<\/p>\n<h2><b>Dur\u00e9e :<\/b><\/h2>\n<p>3 jours soit 21 heures espac\u00e9es dans le temps.<\/p>\n<h2><b>Contenu :<\/b><\/h2>\n<p>&#8211; Pr\u00e9ciser la d\u00e9marche du contr\u00f4le interne : mettre en place un audit interne\/contr\u00f4le interne<br \/>&#8211; Cartographier les liens avec les outils de management existants<br \/>&#8211; Mettre en place une proc\u00e9dure d\u2019audit inter en 5 \u00e9tapes<br \/>&#8211; \u00c9laborer le tableau de bord de gestion d\u2019un audit\/contr\u00f4le internes<br \/>&#8211; Qualifier les dysfonctionnements et \u00e9valuer leur cons\u00e9quence<br \/>&#8211; Mod\u00e9liser les risques et \u00e9tablir la proc\u00e9dure d\u2019audit inter<br \/>&#8211; Documenter et formaliser des conclusions pertinentes<br \/>&#8211; D\u00e9finir un sc\u00e9nario de travail puis un rapport d\u2019audit (3668)<\/p>\n<h2><b>Modalit\u00e9s d\u2019acc\u00e8s :<\/b><\/h2>\n<p>Formation possible en individuel \/ \u00e0 la carte<\/p>\n<p><b>Constitution des groupes :<\/b><\/p>\n<p>&#8211; En INTRA : Groupe de 12 personnes maximum. Formation possible dans vos locaux (nous consulter)<br \/>D\u00e9lais d\u2019acc\u00e8s : en fonction des disponibilit\u00e9s des collaborateurs et du consultant-formateur<br \/>&#8211; En INTER : la formation sera mise en place sous r\u00e9serve d\u2019atteindre un quota de 8 participants minimum par groupe (formation dans les locaux d\u2019ALTITUDE)<br \/>D\u00e9lais d\u2019acc\u00e8s :\u00a0en fonction des disponibilit\u00e9s du consultant-formateur et sous r\u00e9serve d\u2019atteindre le quota de participants<br \/>&#8211; Formule personnalis\u00e9e &#8211;\u00a0D\u00e9lais d\u2019acc\u00e8s : en fonction des disponibilit\u00e9s du demandeur et de celles du consultant-formateur<\/p>\n<h1><b>Modalit\u00e9s, moyens et m\u00e9thodes mobilis\u00e9es et modalit\u00e9s d\u2019\u00e9valuation :<\/b><\/h1>\n<h2><b>Moyens p\u00e9dagogiques et techniques :<\/b><\/h2>\n<p>Le cours sera dispens\u00e9 dans un langage simple et clair avec l\u2019introduction de termes techniques \u00e0 conna\u00eetre et \u00e0 ma\u00eetriser.<br \/>La th\u00e9orie sera illustr\u00e9e par des mises en situations concr\u00e8tes.<\/p>\n<p>&#8211; Accueil des stagiaires dans une salle d\u00e9di\u00e9e \u00e0 la formation.<br \/>&#8211; Les apports th\u00e9oriques sont suivis de mises en pratique.<br \/>&#8211; Jeux ludiques \u00e0 vis\u00e9e p\u00e9dagogique<br \/>&#8211; Tests, Quiz en salle<br \/>&#8211; Autodiagnostics<br \/>&#8211; Evaluations<br \/>&#8211; Brainstorming<br \/>&#8211; Exercices de cr\u00e9ativit\u00e9<br \/>&#8211; Travail en sous groupe<br \/>&#8211; Transmission par courrier \u00e9lectronique de documents supports \u00e0 la suite de la formation.<\/p>\n<h2><b>Dispositif de suivi de l\u2019ex\u00e9cution et d\u2019\u00e9valuation des r\u00e9sultats de la formation :<\/b><\/h2>\n<p>&#8211; Feuilles de pr\u00e9sence,<br \/>&#8211; Formulaire d\u2019\u00e9valuation de la formation,<br \/>&#8211; QUIZ, jeux, jeux de r\u00f4le, QCM etc\u2026 en cours de formation<\/p>\n<h2><b>Profil du formateur (Exemple de) :<\/b><\/h2>\n<p><b>&#8211; Dipl\u00f4mes\u00a0:\u00a0<\/b>BTS Gestion \u2013 Organisation des Entreprises, DECS<br \/><b>&#8211; Titres\u00a0:\u00a0<\/b>Chef Comptable pour groupes de soci\u00e9t\u00e9s, Formatrice IFOCOP<br \/><b>&#8211; R\u00e9f\u00e9rences\u00a0:\u00a0<\/b>27 ans d\u2019exp\u00e9rience dans la comptabilit\u00e9 et la fiscalit\u00e9<\/p>\n<p>[\/et_pb_text][\/et_pb_column][\/et_pb_row][et_pb_row column_structure=\u00a0\u00bb3_4,1_4&Prime; _builder_version=\u00a0\u00bb4.27.4&Prime; _module_preset=\u00a0\u00bbdefault\u00a0\u00bb custom_padding=\u00a0\u00bb11px|17px|11px|17px|true|true\u00a0\u00bb border_width_all=\u00a0\u00bb1px\u00a0\u00bb border_color_all=\u00a0\u00bbrgba(0,0,0,0.12)\u00a0\u00bb global_colors_info=\u00a0\u00bb{}\u00a0\u00bb theme_builder_area=\u00a0\u00bbpost_content\u00a0\u00bb][et_pb_column type=\u00a0\u00bb3_4&Prime; _builder_version=\u00a0\u00bb4.27.4&Prime; _module_preset=\u00a0\u00bbdefault\u00a0\u00bb global_colors_info=\u00a0\u00bb{}\u00a0\u00bb theme_builder_area=\u00a0\u00bbpost_content\u00a0\u00bb][et_pb_text _builder_version=\u00a0\u00bb4.27.4&Prime; _module_preset=\u00a0\u00bbdefault\u00a0\u00bb global_colors_info=\u00a0\u00bb{}\u00a0\u00bb theme_builder_area=\u00a0\u00bbpost_content\u00a0\u00bb]<\/p>\n<h2>Notre \u00e9quipe est \u00e0 votre disposition pour r\u00e9pondre \u00e0 toute autre question au sujet de ces formations.<\/h2>\n<p>[\/et_pb_text][\/et_pb_column][et_pb_column type=\u00a0\u00bb1_4&Prime; _builder_version=\u00a0\u00bb4.27.4&Prime; _module_preset=\u00a0\u00bbdefault\u00a0\u00bb global_colors_info=\u00a0\u00bb{}\u00a0\u00bb theme_builder_area=\u00a0\u00bbpost_content\u00a0\u00bb][et_pb_button button_url=\u00a0\u00bbhttps:\/\/altitudefc.com\/index.php\/contact\u00a0\u00bb button_text=\u00a0\u00bbCONTACTEZ-NOUS\u00a0\u00bb button_alignment=\u00a0\u00bbcenter\u00a0\u00bb _builder_version=\u00a0\u00bb4.27.4&Prime; _module_preset=\u00a0\u00bbdefault\u00a0\u00bb custom_button=\u00a0\u00bbon\u00a0\u00bb button_text_size=\u00a0\u00bb17px\u00a0\u00bb button_text_color=\u00a0\u00bb#FFFFFF\u00a0\u00bb button_bg_color=\u00a0\u00bb#b51dd3&Prime; button_border_radius=\u00a0\u00bb13px\u00a0\u00bb custom_margin=\u00a0\u00bb14px||||false|false\u00a0\u00bb global_colors_info=\u00a0\u00bb{}\u00a0\u00bb theme_builder_area=\u00a0\u00bbpost_content\u00a0\u00bb][\/et_pb_button][\/et_pb_column][\/et_pb_row][\/et_pb_section]<\/p>\n","protected":false},"excerpt":{"rendered":"<p>Objectifs : &#8211; Conna\u00eetre le cadre r\u00e9glementaire et les concepts fondamentaux afin de se pr\u00e9parer \u00e0 une mission d\u2019audit interne ou externe- Mod\u00e9liser l\u2019organisation de l\u2019\u00e9tablissement \u00e0 l\u2019aide de processus puis faire ressortir les dysfonctionnements- Cartographier les risques et \u00e9valuer leur cons\u00e9quence pour planifier les missions d\u2019audit interne- Piloter simplement pour suivre, documenter pour formaliser [&hellip;]<\/p>\n","protected":false},"author":1,"featured_media":0,"parent":0,"menu_order":0,"comment_status":"closed","ping_status":"closed","template":"","meta":{"_et_pb_use_builder":"on","_et_pb_old_content":"","_et_gb_content_width":"","footnotes":""},"class_list":["post-670","page","type-page","status-publish","hentry"],"_links":{"self":[{"href":"https:\/\/altitudefc.com\/index.php\/wp-json\/wp\/v2\/pages\/670","targetHints":{"allow":["GET"]}}],"collection":[{"href":"https:\/\/altitudefc.com\/index.php\/wp-json\/wp\/v2\/pages"}],"about":[{"href":"https:\/\/altitudefc.com\/index.php\/wp-json\/wp\/v2\/types\/page"}],"author":[{"embeddable":true,"href":"https:\/\/altitudefc.com\/index.php\/wp-json\/wp\/v2\/users\/1"}],"replies":[{"embeddable":true,"href":"https:\/\/altitudefc.com\/index.php\/wp-json\/wp\/v2\/comments?post=670"}],"version-history":[{"count":2,"href":"https:\/\/altitudefc.com\/index.php\/wp-json\/wp\/v2\/pages\/670\/revisions"}],"predecessor-version":[{"id":672,"href":"https:\/\/altitudefc.com\/index.php\/wp-json\/wp\/v2\/pages\/670\/revisions\/672"}],"wp:attachment":[{"href":"https:\/\/altitudefc.com\/index.php\/wp-json\/wp\/v2\/media?parent=670"}],"curies":[{"name":"wp","href":"https:\/\/api.w.org\/{rel}","templated":true}]}}

Audit et contrôle interne : vérifier la qualité des processus comptables

<p>[et_pb_section fb_built= »1&Prime; _builder_version= »4.27.4&Prime; _module_preset= »default » global_colors_info= »{} » theme_builder_area= »post_content »][et_pb_row _builder_version= »4.27.4&Prime; _module_preset= »default » global_colors_info= »{} » theme_builder_area= »post_content »][et_pb_column type= »4_4&Prime; _builder_version= »4.27.4&Prime; _module_preset= »default » global_colors_info= »{} » theme_builder_area= »post_content »][et_pb_text _builder_version= »4.27.4&Prime; _module_preset= »default » global_colors_info= »{} » theme_builder_area= »post_content »]</p>
<h2><b>Objectifs :</b></h2>
<p><b></b>&#8211; Connaître le cadre réglementaire et les concepts fondamentaux afin de se préparer à une mission d’audit interne ou externe<br />&#8211; Modéliser l’organisation de l’établissement à l’aide de processus puis faire ressortir les dysfonctionnements<br />&#8211; Cartographier les risques et évaluer leur conséquence pour planifier les missions d’audit interne<br />&#8211; Piloter simplement pour suivre, documenter pour formaliser des recommandations pertinentes et pour pouvoir les piloter</p>
<h2><b>Pré-requis :</b></h2>
<p>Il est recommandé d’avoir une connaissance de l’organisation administrative et comptable de son entreprise ou de son établissement pour suivre la <strong>formation audit et contrôle interne en comptabilité</strong></p>
<h2><b>Cible :</b></h2>
<p><b></b>Services concernés : Responsable technique – Managers – Action sociale – Secrétariat général</p>
<h2><b>Durée :</b></h2>
<p>3 jours soit 21 heures espacées dans le temps.</p>
<h2><b>Contenu :</b></h2>
<p>&#8211; Préciser la démarche du contrôle interne : mettre en place un audit interne/contrôle interne<br />&#8211; Cartographier les liens avec les outils de management existants<br />&#8211; Mettre en place une procédure d’audit inter en 5 étapes<br />&#8211; Élaborer le tableau de bord de gestion d’un audit/contrôle internes<br />&#8211; Qualifier les dysfonctionnements et évaluer leur conséquence<br />&#8211; Modéliser les risques et établir la procédure d’audit inter<br />&#8211; Documenter et formaliser des conclusions pertinentes<br />&#8211; Définir un scénario de travail puis un rapport d’audit (3668)</p>
<h2><b>Modalités d’accès :</b></h2>
<p>Formation possible en individuel / à la carte</p>
<p><b>Constitution des groupes :</b></p>
<p>&#8211; En INTRA : Groupe de 12 personnes maximum. Formation possible dans vos locaux (nous consulter)<br />Délais d’accès : en fonction des disponibilités des collaborateurs et du consultant-formateur<br />&#8211; En INTER : la formation sera mise en place sous réserve d’atteindre un quota de 8 participants minimum par groupe (formation dans les locaux d’ALTITUDE)<br />Délais d’accès : en fonction des disponibilités du consultant-formateur et sous réserve d’atteindre le quota de participants<br />&#8211; Formule personnalisée &#8211; Délais d’accès : en fonction des disponibilités du demandeur et de celles du consultant-formateur</p>
<h1><b>Modalités, moyens et méthodes mobilisées et modalités d’évaluation :</b></h1>
<h2><b>Moyens pédagogiques et techniques :</b></h2>
<p>Le cours sera dispensé dans un langage simple et clair avec l’introduction de termes techniques à connaître et à maîtriser.<br />La théorie sera illustrée par des mises en situations concrètes.</p>
<p>&#8211; Accueil des stagiaires dans une salle dédiée à la formation.<br />&#8211; Les apports théoriques sont suivis de mises en pratique.<br />&#8211; Jeux ludiques à visée pédagogique<br />&#8211; Tests, Quiz en salle<br />&#8211; Autodiagnostics<br />&#8211; Evaluations<br />&#8211; Brainstorming<br />&#8211; Exercices de créativité<br />&#8211; Travail en sous groupe<br />&#8211; Transmission par courrier électronique de documents supports à la suite de la formation.</p>
<h2><b>Dispositif de suivi de l’exécution et d’évaluation des résultats de la formation :</b></h2>
<p>&#8211; Feuilles de présence,<br />&#8211; Formulaire d’évaluation de la formation,<br />&#8211; QUIZ, jeux, jeux de rôle, QCM etc… en cours de formation</p>
<h2><b>Profil du formateur (Exemple de) :</b></h2>
<p><b>&#8211; Diplômes : </b>BTS Gestion – Organisation des Entreprises, DECS<br /><b>&#8211; Titres : </b>Chef Comptable pour groupes de sociétés, Formatrice IFOCOP<br /><b>&#8211; Références : </b>27 ans d’expérience dans la comptabilité et la fiscalité</p>
<p>[/et_pb_text][/et_pb_column][/et_pb_row][et_pb_row column_structure= »3_4,1_4&Prime; _builder_version= »4.27.4&Prime; _module_preset= »default » custom_padding= »11px|17px|11px|17px|true|true » border_width_all= »1px » border_color_all= »rgba(0,0,0,0.12) » global_colors_info= »{} » theme_builder_area= »post_content »][et_pb_column type= »3_4&Prime; _builder_version= »4.27.4&Prime; _module_preset= »default » global_colors_info= »{} » theme_builder_area= »post_content »][et_pb_text _builder_version= »4.27.4&Prime; _module_preset= »default » global_colors_info= »{} » theme_builder_area= »post_content »]</p>
<h2>Notre équipe est à votre disposition pour répondre à toute autre question au sujet de ces formations.</h2>
<p>[/et_pb_text][/et_pb_column][et_pb_column type= »1_4&Prime; _builder_version= »4.27.4&Prime; _module_preset= »default » global_colors_info= »{} » theme_builder_area= »post_content »][et_pb_button button_url= »https://altitudefc.com/index.php/contact » button_text= »CONTACTEZ-NOUS » button_alignment= »center » _builder_version= »4.27.4&Prime; _module_preset= »default » custom_button= »on » button_text_size= »17px » button_text_color= »#FFFFFF » button_bg_color= »#b51dd3&Prime; button_border_radius= »13px » custom_margin= »14px||||false|false » global_colors_info= »{} » theme_builder_area= »post_content »][/et_pb_button][/et_pb_column][/et_pb_row][/et_pb_section]</p>

<p>Objectifs : &#8211; Connaître le cadre réglementaire et les concepts fondamentaux afin de se préparer à une mission d’audit interne ou externe- Modéliser l’organisation de l’établissement à l’aide de processus puis faire ressortir les dysfonctionnements- Cartographier les risques et évaluer leur conséquence pour planifier les missions d’audit interne- Piloter simplement pour suivre, documenter pour formaliser [&hellip;]</p>
