{"id":667,"date":"2024-12-04T03:27:57","date_gmt":"2024-12-04T03:27:57","guid":{"rendered":"https:\/\/altitudefc.com\/?page_id=667"},"modified":"2024-12-04T03:27:58","modified_gmt":"2024-12-04T03:27:58","slug":"sinitier-a-la-tva-taxe-sur-la-valeur-ajoutee-elaborer-des-declarations-ca3-simples-fondees-sur-des-transactions-entre-operateurs-francais","status":"publish","type":"page","link":"https:\/\/altitudefc.com\/index.php\/sinitier-a-la-tva-taxe-sur-la-valeur-ajoutee-elaborer-des-declarations-ca3-simples-fondees-sur-des-transactions-entre-operateurs-francais\/","title":{"rendered":"S\u2019initier \u00e0 la TVA (Taxe sur la Valeur Ajout\u00e9e) Elaborer des d\u00e9clarations CA3 simples fond\u00e9es sur des transactions entre op\u00e9rateurs fran\u00e7ais"},"content":{"rendered":"<p>[et_pb_section fb_built=\u00a0\u00bb1&Prime; _builder_version=\u00a0\u00bb4.27.4&Prime; _module_preset=\u00a0\u00bbdefault\u00a0\u00bb global_colors_info=\u00a0\u00bb{}\u00a0\u00bb theme_builder_area=\u00a0\u00bbpost_content\u00a0\u00bb][et_pb_row _builder_version=\u00a0\u00bb4.27.4&Prime; _module_preset=\u00a0\u00bbdefault\u00a0\u00bb global_colors_info=\u00a0\u00bb{}\u00a0\u00bb theme_builder_area=\u00a0\u00bbpost_content\u00a0\u00bb][et_pb_column type=\u00a0\u00bb4_4&Prime; _builder_version=\u00a0\u00bb4.27.4&Prime; _module_preset=\u00a0\u00bbdefault\u00a0\u00bb global_colors_info=\u00a0\u00bb{}\u00a0\u00bb theme_builder_area=\u00a0\u00bbpost_content\u00a0\u00bb][et_pb_text _builder_version=\u00a0\u00bb4.27.4&Prime; _module_preset=\u00a0\u00bbdefault\u00a0\u00bb global_colors_info=\u00a0\u00bb{}\u00a0\u00bb theme_builder_area=\u00a0\u00bbpost_content\u00a0\u00bb]<\/p>\n<h2><b>Objectifs :<\/b><\/h2>\n<p>&#8211; S\u2019approprier la m\u00e9thodologie de raisonnement indispensable pour aborder des questions de TVA<br \/>&#8211; D\u00e9terminer la TVA collect\u00e9e et la TVA d\u00e9ductible (hors r\u00e8gles de territorialit\u00e9)<br \/>&#8211; Respecter le formalisme exig\u00e9 en mati\u00e8re de TVA<\/p>\n<h2><b>Pr\u00e9-requis :<\/b><\/h2>\n<p>Cette formation ne n\u00e9cessite pas de pr\u00e9requis<\/p>\n<h2><b>Cible :<\/b><\/h2>\n<p>Toutes personnes ayant besoin de comprendre les m\u00e9canismes de la TVA \u2013 Comptables uniques \u2013 Contr\u00f4leurs de gestion \u2013 Collaborateurs des services comptables et financiers<\/p>\n<h2><b>Dur\u00e9e :<\/b><\/h2>\n<p>2 jours soit 14 heures espac\u00e9es dans le temps.<\/p>\n<h2><b>Contenu :<\/b><\/h2>\n<p>&#8211; D\u00e9couvrir les m\u00e9canismes de la TVA, un imp\u00f4t (presque) neutre pour les entreprises<br \/>&#8211; Rattacher une op\u00e9ration \u00e0 la bonne d\u00e9claration<br \/>&#8211; Identifier les op\u00e9rations de l\u2019entreprise soumises \u00e0 la TVA<br \/>&#8211; D\u00e9terminer la base de calcul de la TVA collect\u00e9e<br \/>&#8211; Appliquer le bon taux de TVA : taux normal, taux r\u00e9duits<br \/>&#8211; Calculer la TVA d\u00e9ductible<br \/>&#8211; Traiter les TVA non r\u00e9cup\u00e9rables<br \/>&#8211; Utiliser les cr\u00e9dits de TVA<br \/>&#8211; Respecter le formalisme de la TVA<br \/>&#8211; Op\u00e9rations r\u00e9alis\u00e9es avec des clients ou fournisseurs \u00e9trangers : aper\u00e7u des r\u00e8gles de territorialit\u00e9 de la TVA<\/p>\n<h2><b>Modalit\u00e9s d\u2019acc\u00e8s :<\/b><\/h2>\n<p>Formation possible en individuel \/ \u00e0 la carte<\/p>\n<p><b>Constitution des groupes :<\/b><\/p>\n<p>&#8211; En INTRA : Groupe de 12 personnes maximum. Formation possible dans vos locaux (nous consulter)<br \/>D\u00e9lais d\u2019acc\u00e8s : en fonction des disponibilit\u00e9s des collaborateurs et du consultant-formateur<br \/>&#8211; En INTER : la formation sera mise en place sous r\u00e9serve d\u2019atteindre un quota de 8 participants minimum par groupe (formation dans les locaux d\u2019ALTITUDE)<br \/>D\u00e9lais d\u2019acc\u00e8s :\u00a0en fonction des disponibilit\u00e9s du consultant-formateur et sous r\u00e9serve d\u2019atteindre le quota de participants<br \/>&#8211; Formule personnalis\u00e9e &#8211;\u00a0D\u00e9lais d\u2019acc\u00e8s : en fonction des disponibilit\u00e9s du demandeur et de celles du consultant-formateur<\/p>\n<h1><b>Modalit\u00e9s, moyens et m\u00e9thodes mobilis\u00e9es et modalit\u00e9s d\u2019\u00e9valuation :<\/b><\/h1>\n<h2><b>Moyens p\u00e9dagogiques et techniques :<\/b><\/h2>\n<p>Le cours sera dispens\u00e9 dans un langage simple et clair avec l\u2019introduction de termes techniques \u00e0 conna\u00eetre et \u00e0 ma\u00eetriser.<br \/>La th\u00e9orie sera illustr\u00e9e par des mises en situations concr\u00e8tes.<\/p>\n<p>&#8211; Accueil des stagiaires dans une salle d\u00e9di\u00e9e \u00e0 la formation.<br \/>&#8211; Les apports th\u00e9oriques sont suivis de mises en pratique.<br \/>&#8211; Jeux ludiques \u00e0 vis\u00e9e p\u00e9dagogique<br \/>&#8211; Tests, Quiz en salle<br \/>&#8211; Autodiagnostics<br \/>&#8211; Evaluations<br \/>&#8211; Brainstorming<br \/>&#8211; Exercices de cr\u00e9ativit\u00e9<br \/>&#8211; Travail en sous groupe<br \/>&#8211; Transmission par courrier \u00e9lectronique de documents supports \u00e0 la suite de la formation.<\/p>\n<h2><b>Dispositif de suivi de l\u2019ex\u00e9cution et d\u2019\u00e9valuation des r\u00e9sultats de la formation :<\/b><\/h2>\n<p>&#8211; Feuilles de pr\u00e9sence,<br \/>&#8211; Formulaire d\u2019\u00e9valuation de la formation,<br \/>&#8211; QUIZ, jeux, jeux de r\u00f4le, QCM etc\u2026 en cours de formation<\/p>\n<h2><b>Profil du formateur (Exemple de) :<\/b><\/h2>\n<p><b>&#8211; Dipl\u00f4mes\u00a0:\u00a0<\/b>BTS Gestion \u2013 Organisation des Entreprises, DECS<br \/><b>&#8211; Titres\u00a0:\u00a0<\/b>Chef Comptable pour groupes de soci\u00e9t\u00e9s, Formatrice IFOCOP<br \/><b>&#8211; R\u00e9f\u00e9rences\u00a0:\u00a0<\/b>27 ans d\u2019exp\u00e9rience dans la comptabilit\u00e9 et la fiscalit\u00e9<\/p>\n<p>[\/et_pb_text][\/et_pb_column][\/et_pb_row][et_pb_row column_structure=\u00a0\u00bb3_4,1_4&Prime; _builder_version=\u00a0\u00bb4.27.4&Prime; _module_preset=\u00a0\u00bbdefault\u00a0\u00bb custom_padding=\u00a0\u00bb11px|17px|11px|17px|true|true\u00a0\u00bb border_width_all=\u00a0\u00bb1px\u00a0\u00bb border_color_all=\u00a0\u00bbrgba(0,0,0,0.12)\u00a0\u00bb global_colors_info=\u00a0\u00bb{}\u00a0\u00bb theme_builder_area=\u00a0\u00bbpost_content\u00a0\u00bb][et_pb_column type=\u00a0\u00bb3_4&Prime; _builder_version=\u00a0\u00bb4.27.4&Prime; _module_preset=\u00a0\u00bbdefault\u00a0\u00bb global_colors_info=\u00a0\u00bb{}\u00a0\u00bb theme_builder_area=\u00a0\u00bbpost_content\u00a0\u00bb][et_pb_text _builder_version=\u00a0\u00bb4.27.4&Prime; _module_preset=\u00a0\u00bbdefault\u00a0\u00bb global_colors_info=\u00a0\u00bb{}\u00a0\u00bb theme_builder_area=\u00a0\u00bbpost_content\u00a0\u00bb]<\/p>\n<h2>Notre \u00e9quipe est \u00e0 votre disposition pour r\u00e9pondre \u00e0 toute autre question au sujet de ces formations.<\/h2>\n<p>[\/et_pb_text][\/et_pb_column][et_pb_column type=\u00a0\u00bb1_4&Prime; _builder_version=\u00a0\u00bb4.27.4&Prime; _module_preset=\u00a0\u00bbdefault\u00a0\u00bb global_colors_info=\u00a0\u00bb{}\u00a0\u00bb theme_builder_area=\u00a0\u00bbpost_content\u00a0\u00bb][et_pb_button button_url=\u00a0\u00bbhttps:\/\/altitudefc.com\/index.php\/contact\u00a0\u00bb button_text=\u00a0\u00bbCONTACTEZ-NOUS\u00a0\u00bb button_alignment=\u00a0\u00bbcenter\u00a0\u00bb _builder_version=\u00a0\u00bb4.27.4&Prime; _module_preset=\u00a0\u00bbdefault\u00a0\u00bb custom_button=\u00a0\u00bbon\u00a0\u00bb button_text_size=\u00a0\u00bb17px\u00a0\u00bb button_text_color=\u00a0\u00bb#FFFFFF\u00a0\u00bb button_bg_color=\u00a0\u00bb#b51dd3&Prime; button_border_radius=\u00a0\u00bb13px\u00a0\u00bb custom_margin=\u00a0\u00bb14px||||false|false\u00a0\u00bb global_colors_info=\u00a0\u00bb{}\u00a0\u00bb theme_builder_area=\u00a0\u00bbpost_content\u00a0\u00bb][\/et_pb_button][\/et_pb_column][\/et_pb_row][\/et_pb_section]<\/p>\n","protected":false},"excerpt":{"rendered":"<p>Objectifs : &#8211; S\u2019approprier la m\u00e9thodologie de raisonnement indispensable pour aborder des questions de TVA- D\u00e9terminer la TVA collect\u00e9e et la TVA d\u00e9ductible (hors r\u00e8gles de territorialit\u00e9)- Respecter le formalisme exig\u00e9 en mati\u00e8re de TVA Pr\u00e9-requis : Cette formation ne n\u00e9cessite pas de pr\u00e9requis Cible : Toutes personnes ayant besoin de comprendre les m\u00e9canismes de [&hellip;]<\/p>\n","protected":false},"author":1,"featured_media":0,"parent":0,"menu_order":0,"comment_status":"closed","ping_status":"closed","template":"","meta":{"_et_pb_use_builder":"on","_et_pb_old_content":"","_et_gb_content_width":"","footnotes":""},"class_list":["post-667","page","type-page","status-publish","hentry"],"_links":{"self":[{"href":"https:\/\/altitudefc.com\/index.php\/wp-json\/wp\/v2\/pages\/667","targetHints":{"allow":["GET"]}}],"collection":[{"href":"https:\/\/altitudefc.com\/index.php\/wp-json\/wp\/v2\/pages"}],"about":[{"href":"https:\/\/altitudefc.com\/index.php\/wp-json\/wp\/v2\/types\/page"}],"author":[{"embeddable":true,"href":"https:\/\/altitudefc.com\/index.php\/wp-json\/wp\/v2\/users\/1"}],"replies":[{"embeddable":true,"href":"https:\/\/altitudefc.com\/index.php\/wp-json\/wp\/v2\/comments?post=667"}],"version-history":[{"count":2,"href":"https:\/\/altitudefc.com\/index.php\/wp-json\/wp\/v2\/pages\/667\/revisions"}],"predecessor-version":[{"id":669,"href":"https:\/\/altitudefc.com\/index.php\/wp-json\/wp\/v2\/pages\/667\/revisions\/669"}],"wp:attachment":[{"href":"https:\/\/altitudefc.com\/index.php\/wp-json\/wp\/v2\/media?parent=667"}],"curies":[{"name":"wp","href":"https:\/\/api.w.org\/{rel}","templated":true}]}}

S’initier à la TVA (Taxe sur la Valeur Ajoutée) Elaborer des déclarations CA3 simples fondées sur des transactions entre opérateurs français

<p>[et_pb_section fb_built= »1&Prime; _builder_version= »4.27.4&Prime; _module_preset= »default » global_colors_info= »{} » theme_builder_area= »post_content »][et_pb_row _builder_version= »4.27.4&Prime; _module_preset= »default » global_colors_info= »{} » theme_builder_area= »post_content »][et_pb_column type= »4_4&Prime; _builder_version= »4.27.4&Prime; _module_preset= »default » global_colors_info= »{} » theme_builder_area= »post_content »][et_pb_text _builder_version= »4.27.4&Prime; _module_preset= »default » global_colors_info= »{} » theme_builder_area= »post_content »]</p>
<h2><b>Objectifs :</b></h2>
<p>&#8211; S’approprier la méthodologie de raisonnement indispensable pour aborder des questions de TVA<br />&#8211; Déterminer la TVA collectée et la TVA déductible (hors règles de territorialité)<br />&#8211; Respecter le formalisme exigé en matière de TVA</p>
<h2><b>Pré-requis :</b></h2>
<p>Cette formation ne nécessite pas de prérequis</p>
<h2><b>Cible :</b></h2>
<p>Toutes personnes ayant besoin de comprendre les mécanismes de la TVA – Comptables uniques – Contrôleurs de gestion – Collaborateurs des services comptables et financiers</p>
<h2><b>Durée :</b></h2>
<p>2 jours soit 14 heures espacées dans le temps.</p>
<h2><b>Contenu :</b></h2>
<p>&#8211; Découvrir les mécanismes de la TVA, un impôt (presque) neutre pour les entreprises<br />&#8211; Rattacher une opération à la bonne déclaration<br />&#8211; Identifier les opérations de l’entreprise soumises à la TVA<br />&#8211; Déterminer la base de calcul de la TVA collectée<br />&#8211; Appliquer le bon taux de TVA : taux normal, taux réduits<br />&#8211; Calculer la TVA déductible<br />&#8211; Traiter les TVA non récupérables<br />&#8211; Utiliser les crédits de TVA<br />&#8211; Respecter le formalisme de la TVA<br />&#8211; Opérations réalisées avec des clients ou fournisseurs étrangers : aperçu des règles de territorialité de la TVA</p>
<h2><b>Modalités d’accès :</b></h2>
<p>Formation possible en individuel / à la carte</p>
<p><b>Constitution des groupes :</b></p>
<p>&#8211; En INTRA : Groupe de 12 personnes maximum. Formation possible dans vos locaux (nous consulter)<br />Délais d’accès : en fonction des disponibilités des collaborateurs et du consultant-formateur<br />&#8211; En INTER : la formation sera mise en place sous réserve d’atteindre un quota de 8 participants minimum par groupe (formation dans les locaux d’ALTITUDE)<br />Délais d’accès : en fonction des disponibilités du consultant-formateur et sous réserve d’atteindre le quota de participants<br />&#8211; Formule personnalisée &#8211; Délais d’accès : en fonction des disponibilités du demandeur et de celles du consultant-formateur</p>
<h1><b>Modalités, moyens et méthodes mobilisées et modalités d’évaluation :</b></h1>
<h2><b>Moyens pédagogiques et techniques :</b></h2>
<p>Le cours sera dispensé dans un langage simple et clair avec l’introduction de termes techniques à connaître et à maîtriser.<br />La théorie sera illustrée par des mises en situations concrètes.</p>
<p>&#8211; Accueil des stagiaires dans une salle dédiée à la formation.<br />&#8211; Les apports théoriques sont suivis de mises en pratique.<br />&#8211; Jeux ludiques à visée pédagogique<br />&#8211; Tests, Quiz en salle<br />&#8211; Autodiagnostics<br />&#8211; Evaluations<br />&#8211; Brainstorming<br />&#8211; Exercices de créativité<br />&#8211; Travail en sous groupe<br />&#8211; Transmission par courrier électronique de documents supports à la suite de la formation.</p>
<h2><b>Dispositif de suivi de l’exécution et d’évaluation des résultats de la formation :</b></h2>
<p>&#8211; Feuilles de présence,<br />&#8211; Formulaire d’évaluation de la formation,<br />&#8211; QUIZ, jeux, jeux de rôle, QCM etc… en cours de formation</p>
<h2><b>Profil du formateur (Exemple de) :</b></h2>
<p><b>&#8211; Diplômes : </b>BTS Gestion – Organisation des Entreprises, DECS<br /><b>&#8211; Titres : </b>Chef Comptable pour groupes de sociétés, Formatrice IFOCOP<br /><b>&#8211; Références : </b>27 ans d’expérience dans la comptabilité et la fiscalité</p>
<p>[/et_pb_text][/et_pb_column][/et_pb_row][et_pb_row column_structure= »3_4,1_4&Prime; _builder_version= »4.27.4&Prime; _module_preset= »default » custom_padding= »11px|17px|11px|17px|true|true » border_width_all= »1px » border_color_all= »rgba(0,0,0,0.12) » global_colors_info= »{} » theme_builder_area= »post_content »][et_pb_column type= »3_4&Prime; _builder_version= »4.27.4&Prime; _module_preset= »default » global_colors_info= »{} » theme_builder_area= »post_content »][et_pb_text _builder_version= »4.27.4&Prime; _module_preset= »default » global_colors_info= »{} » theme_builder_area= »post_content »]</p>
<h2>Notre équipe est à votre disposition pour répondre à toute autre question au sujet de ces formations.</h2>
<p>[/et_pb_text][/et_pb_column][et_pb_column type= »1_4&Prime; _builder_version= »4.27.4&Prime; _module_preset= »default » global_colors_info= »{} » theme_builder_area= »post_content »][et_pb_button button_url= »https://altitudefc.com/index.php/contact » button_text= »CONTACTEZ-NOUS » button_alignment= »center » _builder_version= »4.27.4&Prime; _module_preset= »default » custom_button= »on » button_text_size= »17px » button_text_color= »#FFFFFF » button_bg_color= »#b51dd3&Prime; button_border_radius= »13px » custom_margin= »14px||||false|false » global_colors_info= »{} » theme_builder_area= »post_content »][/et_pb_button][/et_pb_column][/et_pb_row][/et_pb_section]</p>

<p>Objectifs : &#8211; S’approprier la méthodologie de raisonnement indispensable pour aborder des questions de TVA- Déterminer la TVA collectée et la TVA déductible (hors règles de territorialité)- Respecter le formalisme exigé en matière de TVA Pré-requis : Cette formation ne nécessite pas de prérequis Cible : Toutes personnes ayant besoin de comprendre les mécanismes de [&hellip;]</p>
