{"id":66,"date":"2024-11-26T18:21:50","date_gmt":"2024-11-26T18:21:50","guid":{"rendered":"https:\/\/altitudefc.com\/?page_id=66"},"modified":"2026-03-25T18:43:06","modified_gmt":"2026-03-25T18:43:06","slug":"notre-philosophie","status":"publish","type":"page","link":"https:\/\/altitudefc.com\/index.php\/notre-philosophie\/","title":{"rendered":"Notre philosophie"},"content":{"rendered":"<p>[et_pb_section fb_built=\u00a0\u00bb1&Prime; _builder_version=\u00a0\u00bb4.27.4&Prime; _module_preset=\u00a0\u00bbdefault\u00a0\u00bb global_colors_info=\u00a0\u00bb{}\u00a0\u00bb][et_pb_row _builder_version=\u00a0\u00bb4.27.4&Prime; _module_preset=\u00a0\u00bbdefault\u00a0\u00bb global_colors_info=\u00a0\u00bb{}\u00a0\u00bb][et_pb_column type=\u00a0\u00bb4_4&Prime; _builder_version=\u00a0\u00bb4.27.4&Prime; _module_preset=\u00a0\u00bbdefault\u00a0\u00bb global_colors_info=\u00a0\u00bb{}\u00a0\u00bb][et_pb_text _builder_version=\u00a0\u00bb4.27.4&Prime; _module_preset=\u00a0\u00bbdefault\u00a0\u00bb global_colors_info=\u00a0\u00bb{}\u00a0\u00bb]<\/p>\n<h2 style=\"text-align: center;\"><strong>Altitude : une \u00e9quipe au service l\u2019\u00e9panouissement de l\u2019humain dans l\u2019entreprise.<\/strong><\/h2>\n<p style=\"text-align: center;\">8OO professionnels form\u00e9s par an, plus de 140 modules de formation et 30 domaines d\u2019expertise.<\/p>\n<p>[\/et_pb_text][\/et_pb_column][\/et_pb_row][et_pb_row _builder_version=\u00a0\u00bb4.27.4&Prime; _module_preset=\u00a0\u00bbdefault\u00a0\u00bb background_color=\u00a0\u00bb#CCFFCD\u00a0\u00bb global_colors_info=\u00a0\u00bb{}\u00a0\u00bb][et_pb_column type=\u00a0\u00bb4_4&Prime; _builder_version=\u00a0\u00bb4.27.4&Prime; _module_preset=\u00a0\u00bbdefault\u00a0\u00bb global_colors_info=\u00a0\u00bb{}\u00a0\u00bb][et_pb_text _builder_version=\u00a0\u00bb4.27.4&Prime; _module_preset=\u00a0\u00bbdefault\u00a0\u00bb text_orientation=\u00a0\u00bbcenter\u00a0\u00bb global_colors_info=\u00a0\u00bb{}\u00a0\u00bb]<\/p>\n<h4 style=\"text-align: center;\"><strong>Notre philosophie<\/strong><\/h4>\n<h6><\/h6>\n<h6><em>Nous avons pour philosophie de mettre nos comp\u00e9tences au service de l\u2019\u00e9panouissement de l\u2019humain dans l\u2019entreprise.<\/em><\/h6>\n<p>En effet, nous partons de l\u2019id\u00e9e que ce qui profite \u00e0 l\u2019individu, profite \u00e0 l\u2019organisation et la soci\u00e9t\u00e9 toute enti\u00e8re.<br \/>Cette philosophie de la conciliation du bien-\u00eatre et de la performance au travail, nous la pratiquons en premier lieu au sein m\u00eame de notre structure.<br \/>C\u2019est ainsi que nous avons \u00e0 c\u0153ur de rechercher les meilleurs professionnels, de leur offrir les meilleures conditions de travail (logistique, ambiance, cadre de travail, \u2026), pour favoriser l\u2019excellence dans leur domaine d\u2019intervention et par voie de cons\u00e9quence, accompagner au mieux notre client, tout au long dans sa vie professionnelle.<\/p>\n<p>[\/et_pb_text][\/et_pb_column][\/et_pb_row][et_pb_row column_structure=\u00a0\u00bb3_5,2_5&Prime; _builder_version=\u00a0\u00bb4.27.4&Prime; _module_preset=\u00a0\u00bbdefault\u00a0\u00bb global_colors_info=\u00a0\u00bb{}\u00a0\u00bb][et_pb_column type=\u00a0\u00bb3_5&Prime; _builder_version=\u00a0\u00bb4.27.4&Prime; _module_preset=\u00a0\u00bbdefault\u00a0\u00bb global_colors_info=\u00a0\u00bb{}\u00a0\u00bb][et_pb_text _builder_version=\u00a0\u00bb4.27.4&Prime; _module_preset=\u00a0\u00bbdefault\u00a0\u00bb global_colors_info=\u00a0\u00bb{}\u00a0\u00bb]<\/p>\n<h4 style=\"text-align: center;\"><strong>Notre mission<\/strong><\/h4>\n<h6><\/h6>\n<h6>Etre au service de la performance de l\u2019entreprise<\/h6>\n<p>Notre mission est d\u2019accompagner les collaborateurs, dirigeants d\u2019entreprises, ainsi que les demandeurs d\u2019emploi tout au long de leur vie professionnelle, de la prise de poste au d\u00e9part \u00e0 la retraite, en passant par l\u2019orientation de carri\u00e8re.<br \/>Pour ce faire, nous articulons notre offre de service autour de 3 volets\u00a0:<\/p>\n<ul class=\"list2\">\n<li>La formation, pour l\u2019acquisition de nouvelles comp\u00e9tences<\/li>\n<li>Le coaching, le bilan de comp\u00e9tences et la VAE pour le d\u00e9veloppement du potentiel humain<\/li>\n<li>Le conseil, pour l\u2019optimisation de la r\u00e9ussite<\/li>\n<\/ul>\n<p>[\/et_pb_text][\/et_pb_column][et_pb_column type=\u00a0\u00bb2_5&Prime; _builder_version=\u00a0\u00bb4.27.4&Prime; _module_preset=\u00a0\u00bbdefault\u00a0\u00bb global_colors_info=\u00a0\u00bb{}\u00a0\u00bb][et_pb_image src=\u00a0\u00bbhttps:\/\/altitudefc.com\/wp-content\/uploads\/2024\/11\/altitude_locaux-1.png\u00a0\u00bb title_text=\u00a0\u00bbaltitude_locaux (1)\u00a0\u00bb align=\u00a0\u00bbcenter\u00a0\u00bb _builder_version=\u00a0\u00bb4.27.4&Prime; _module_preset=\u00a0\u00bbdefault\u00a0\u00bb global_colors_info=\u00a0\u00bb{}\u00a0\u00bb][\/et_pb_image][\/et_pb_column][\/et_pb_row][\/et_pb_section][et_pb_section fb_built=\u00a0\u00bb1&Prime; _builder_version=\u00a0\u00bb4.27.4&Prime; _module_preset=\u00a0\u00bbdefault\u00a0\u00bb custom_margin=\u00a0\u00bb-69px|||||\u00a0\u00bb global_colors_info=\u00a0\u00bb{}\u00a0\u00bb][et_pb_row column_structure=\u00a0\u00bb1_4,1_4,1_4,1_4&Prime; _builder_version=\u00a0\u00bb4.27.4&Prime; _module_preset=\u00a0\u00bbdefault\u00a0\u00bb hover_enabled=\u00a0\u00bb0&Prime; global_colors_info=\u00a0\u00bb{}\u00a0\u00bb background_color=\u00a0\u00bb#D8FFCC\u00a0\u00bb sticky_enabled=\u00a0\u00bb0&Prime;][et_pb_column type=\u00a0\u00bb1_4&Prime; _builder_version=\u00a0\u00bb4.27.4&Prime; _module_preset=\u00a0\u00bbdefault\u00a0\u00bb global_colors_info=\u00a0\u00bb{}\u00a0\u00bb][et_pb_image src=\u00a0\u00bbhttps:\/\/altitudefc.com\/wp-content\/uploads\/2024\/11\/3.png\u00a0\u00bb title_text=\u00a0\u00bb3&Prime; align=\u00a0\u00bbcenter\u00a0\u00bb _builder_version=\u00a0\u00bb4.27.4&Prime; _module_preset=\u00a0\u00bbdefault\u00a0\u00bb global_colors_info=\u00a0\u00bb{}\u00a0\u00bb][\/et_pb_image][et_pb_text _builder_version=\u00a0\u00bb4.27.4&Prime; _module_preset=\u00a0\u00bbdefault\u00a0\u00bb global_colors_info=\u00a0\u00bb{}\u00a0\u00bb]<\/p>\n<h4 style=\"text-align: center;\"><strong>8OO professionnels form\u00e9s par an<\/strong><\/h4>\n<p style=\"text-align: center;\"><span>Plus de 140 modules de formation et 30 domaines d\u2019expertise<\/span><\/p>\n<p>[\/et_pb_text][\/et_pb_column][et_pb_column type=\u00a0\u00bb1_4&Prime; _builder_version=\u00a0\u00bb4.27.4&Prime; _module_preset=\u00a0\u00bbdefault\u00a0\u00bb global_colors_info=\u00a0\u00bb{}\u00a0\u00bb][et_pb_image src=\u00a0\u00bbhttps:\/\/altitudefc.com\/wp-content\/uploads\/2024\/11\/4.png\u00a0\u00bb title_text=\u00a0\u00bb4&Prime; align=\u00a0\u00bbcenter\u00a0\u00bb _builder_version=\u00a0\u00bb4.27.4&Prime; _module_preset=\u00a0\u00bbdefault\u00a0\u00bb global_colors_info=\u00a0\u00bb{}\u00a0\u00bb][\/et_pb_image][et_pb_text _builder_version=\u00a0\u00bb4.27.4&Prime; _module_preset=\u00a0\u00bbdefault\u00a0\u00bb global_colors_info=\u00a0\u00bb{}\u00a0\u00bb]<\/p>\n<h4 style=\"text-align: center;\"><strong>6 salles de formations \u00e9quip\u00e9es<\/strong><\/h4>\n<p style=\"text-align: center;\"><span>Salles de formations d\u2019une capacit\u00e9 de 2 \u00e0 15 participants \u2013 acc\u00e8s pour les personnes \u00e0 mobilit\u00e9 r\u00e9duite \u2013 300 m2 de superficie<\/span><\/p>\n<p>[\/et_pb_text][\/et_pb_column][et_pb_column type=\u00a0\u00bb1_4&Prime; _builder_version=\u00a0\u00bb4.27.4&Prime; _module_preset=\u00a0\u00bbdefault\u00a0\u00bb global_colors_info=\u00a0\u00bb{}\u00a0\u00bb][et_pb_image src=\u00a0\u00bbhttps:\/\/altitudefc.com\/wp-content\/uploads\/2024\/11\/processcom-3.jpg\u00a0\u00bb title_text=\u00a0\u00bbprocesscom-3&Prime; align=\u00a0\u00bbcenter\u00a0\u00bb _builder_version=\u00a0\u00bb4.27.4&Prime; _module_preset=\u00a0\u00bbdefault\u00a0\u00bb custom_margin=\u00a0\u00bb||53px|||\u00a0\u00bb custom_padding=\u00a0\u00bb32px|||||\u00a0\u00bb global_colors_info=\u00a0\u00bb{}\u00a0\u00bb][\/et_pb_image][et_pb_text _builder_version=\u00a0\u00bb4.27.4&Prime; _module_preset=\u00a0\u00bbdefault\u00a0\u00bb global_colors_info=\u00a0\u00bb{}\u00a0\u00bb]<\/p>\n<h4 style=\"text-align: center;\"><strong>4 collaborateurs permanents<\/strong><\/h4>\n<p style=\"text-align: center;\"><span>Et plus de 30 intervenants r\u00e9guliers (formateurs, consultants, coachs)<\/span>.<\/p>\n<p>[\/et_pb_text][\/et_pb_column][et_pb_column type=\u00a0\u00bb1_4&Prime; _builder_version=\u00a0\u00bb4.27.4&Prime; _module_preset=\u00a0\u00bbdefault\u00a0\u00bb global_colors_info=\u00a0\u00bb{}\u00a0\u00bb][et_pb_image src=\u00a0\u00bbhttps:\/\/altitudefc.com\/wp-content\/uploads\/2024\/11\/caraibe-1.png\u00a0\u00bb title_text=\u00a0\u00bbcaraibe-1&Prime; align=\u00a0\u00bbcenter\u00a0\u00bb _builder_version=\u00a0\u00bb4.27.4&Prime; _module_preset=\u00a0\u00bbdefault\u00a0\u00bb global_colors_info=\u00a0\u00bb{}\u00a0\u00bb][\/et_pb_image][et_pb_text _builder_version=\u00a0\u00bb4.27.4&Prime; _module_preset=\u00a0\u00bbdefault\u00a0\u00bb global_colors_info=\u00a0\u00bb{}\u00a0\u00bb]<\/p>\n<h4 style=\"text-align: center;\"><strong>Martinique &#8211; Guadeloupe &#8211; Guyane<\/strong><\/h4>\n<p style=\"text-align: center;\"><span>3 zones d\u2019intervention : Martinique, Guadeloupe et Guyane\u00a0<\/span><br \/><span>2 habilitations (SST \u2013PRAP)<\/span><br \/><span>1 label qualit\u00e9 (QUALIOPI)<\/span>.<\/p>\n<p>[\/et_pb_text][\/et_pb_column][\/et_pb_row][et_pb_row column_structure=\u00a0\u00bb3_4,1_4&Prime; _builder_version=\u00a0\u00bb4.27.4&Prime; _module_preset=\u00a0\u00bbdefault\u00a0\u00bb custom_margin=\u00a0\u00bb39px||||false|false\u00a0\u00bb custom_padding=\u00a0\u00bb11px|17px|11px|17px|true|true\u00a0\u00bb border_width_all=\u00a0\u00bb1px\u00a0\u00bb border_color_all=\u00a0\u00bbrgba(0,0,0,0.12)\u00a0\u00bb global_colors_info=\u00a0\u00bb{}\u00a0\u00bb][et_pb_column type=\u00a0\u00bb3_4&Prime; _builder_version=\u00a0\u00bb4.27.4&Prime; _module_preset=\u00a0\u00bbdefault\u00a0\u00bb global_colors_info=\u00a0\u00bb{}\u00a0\u00bb][et_pb_text _builder_version=\u00a0\u00bb4.27.4&Prime; _module_preset=\u00a0\u00bbdefault\u00a0\u00bb global_colors_info=\u00a0\u00bb{}\u00a0\u00bb]<\/p>\n<h2>Notre \u00e9quipe est \u00e0 votre disposition pour r\u00e9pondre \u00e0 toute autre question au sujet de ces formations.<\/h2>\n<p>[\/et_pb_text][\/et_pb_column][et_pb_column type=\u00a0\u00bb1_4&Prime; _builder_version=\u00a0\u00bb4.27.4&Prime; _module_preset=\u00a0\u00bbdefault\u00a0\u00bb global_colors_info=\u00a0\u00bb{}\u00a0\u00bb][et_pb_button button_url=\u00a0\u00bbhttps:\/\/altitudefc.com\/index.php\/contact\u00a0\u00bb button_text=\u00a0\u00bbCONTACTEZ-NOUS\u00a0\u00bb button_alignment=\u00a0\u00bbcenter\u00a0\u00bb _builder_version=\u00a0\u00bb4.27.4&Prime; _module_preset=\u00a0\u00bbdefault\u00a0\u00bb custom_button=\u00a0\u00bbon\u00a0\u00bb button_text_size=\u00a0\u00bb17px\u00a0\u00bb button_text_color=\u00a0\u00bb#FFFFFF\u00a0\u00bb button_bg_color=\u00a0\u00bb#b51dd3&Prime; button_border_radius=\u00a0\u00bb13px\u00a0\u00bb custom_margin=\u00a0\u00bb14px||||false|false\u00a0\u00bb global_colors_info=\u00a0\u00bb{}\u00a0\u00bb][\/et_pb_button][\/et_pb_column][\/et_pb_row][\/et_pb_section]<\/p>\n","protected":false},"excerpt":{"rendered":"<p>Altitude : une \u00e9quipe au service l\u2019\u00e9panouissement de l\u2019humain dans l\u2019entreprise. 8OO professionnels form\u00e9s par an, plus de 140 modules de formation et 30 domaines d\u2019expertise.Notre philosophie Nous avons pour philosophie de mettre nos comp\u00e9tences au service de l\u2019\u00e9panouissement de l\u2019humain dans l\u2019entreprise. En effet, nous partons de l\u2019id\u00e9e que ce qui profite \u00e0 l\u2019individu, [&hellip;]<\/p>\n","protected":false},"author":1,"featured_media":0,"parent":0,"menu_order":0,"comment_status":"closed","ping_status":"closed","template":"","meta":{"_et_pb_use_builder":"on","_et_pb_old_content":"<!-- wp:divi\/placeholder \/-->","_et_gb_content_width":"","footnotes":""},"class_list":["post-66","page","type-page","status-publish","hentry"],"_links":{"self":[{"href":"https:\/\/altitudefc.com\/index.php\/wp-json\/wp\/v2\/pages\/66","targetHints":{"allow":["GET"]}}],"collection":[{"href":"https:\/\/altitudefc.com\/index.php\/wp-json\/wp\/v2\/pages"}],"about":[{"href":"https:\/\/altitudefc.com\/index.php\/wp-json\/wp\/v2\/types\/page"}],"author":[{"embeddable":true,"href":"https:\/\/altitudefc.com\/index.php\/wp-json\/wp\/v2\/users\/1"}],"replies":[{"embeddable":true,"href":"https:\/\/altitudefc.com\/index.php\/wp-json\/wp\/v2\/comments?post=66"}],"version-history":[{"count":11,"href":"https:\/\/altitudefc.com\/index.php\/wp-json\/wp\/v2\/pages\/66\/revisions"}],"predecessor-version":[{"id":1247,"href":"https:\/\/altitudefc.com\/index.php\/wp-json\/wp\/v2\/pages\/66\/revisions\/1247"}],"wp:attachment":[{"href":"https:\/\/altitudefc.com\/index.php\/wp-json\/wp\/v2\/media?parent=66"}],"curies":[{"name":"wp","href":"https:\/\/api.w.org\/{rel}","templated":true}]}}

<p>[et_pb_section fb_built= »1&Prime; _builder_version= »4.27.4&Prime; _module_preset= »default » global_colors_info= »{} »][et_pb_row _builder_version= »4.27.4&Prime; _module_preset= »default » global_colors_info= »{} »][et_pb_column type= »4_4&Prime; _builder_version= »4.27.4&Prime; _module_preset= »default » global_colors_info= »{} »][et_pb_text _builder_version= »4.27.4&Prime; _module_preset= »default » global_colors_info= »{} »]</p>
<h2 style="text-align: center;"><strong>Altitude : une équipe au service l’épanouissement de l’humain dans l’entreprise.</strong></h2>
<p style="text-align: center;">8OO professionnels formés par an, plus de 140 modules de formation et 30 domaines d’expertise.</p>
<p>[/et_pb_text][/et_pb_column][/et_pb_row][et_pb_row _builder_version= »4.27.4&Prime; _module_preset= »default » background_color= »#CCFFCD » global_colors_info= »{} »][et_pb_column type= »4_4&Prime; _builder_version= »4.27.4&Prime; _module_preset= »default » global_colors_info= »{} »][et_pb_text _builder_version= »4.27.4&Prime; _module_preset= »default » text_orientation= »center » global_colors_info= »{} »]</p>
<h4 style="text-align: center;"><strong>Notre philosophie</strong></h4>
<h6></h6>
<h6><em>Nous avons pour philosophie de mettre nos compétences au service de l’épanouissement de l’humain dans l’entreprise.</em></h6>
<p>En effet, nous partons de l’idée que ce qui profite à l’individu, profite à l’organisation et la société toute entière.<br />Cette philosophie de la conciliation du bien-être et de la performance au travail, nous la pratiquons en premier lieu au sein même de notre structure.<br />C’est ainsi que nous avons à cœur de rechercher les meilleurs professionnels, de leur offrir les meilleures conditions de travail (logistique, ambiance, cadre de travail, …), pour favoriser l’excellence dans leur domaine d’intervention et par voie de conséquence, accompagner au mieux notre client, tout au long dans sa vie professionnelle.</p>
<p>[/et_pb_text][/et_pb_column][/et_pb_row][et_pb_row column_structure= »3_5,2_5&Prime; _builder_version= »4.27.4&Prime; _module_preset= »default » global_colors_info= »{} »][et_pb_column type= »3_5&Prime; _builder_version= »4.27.4&Prime; _module_preset= »default » global_colors_info= »{} »][et_pb_text _builder_version= »4.27.4&Prime; _module_preset= »default » global_colors_info= »{} »]</p>
<h4 style="text-align: center;"><strong>Notre mission</strong></h4>
<h6></h6>
<h6>Etre au service de la performance de l’entreprise</h6>
<p>Notre mission est d’accompagner les collaborateurs, dirigeants d’entreprises, ainsi que les demandeurs d’emploi tout au long de leur vie professionnelle, de la prise de poste au départ à la retraite, en passant par l’orientation de carrière.<br />Pour ce faire, nous articulons notre offre de service autour de 3 volets :</p>
<ul class="list2">
<li>La formation, pour l’acquisition de nouvelles compétences</li>
<li>Le coaching, le bilan de compétences et la VAE pour le développement du potentiel humain</li>
<li>Le conseil, pour l’optimisation de la réussite</li>
</ul>
<p>[/et_pb_text][/et_pb_column][et_pb_column type= »2_5&Prime; _builder_version= »4.27.4&Prime; _module_preset= »default » global_colors_info= »{} »][et_pb_image src= »https://altitudefc.com/wp-content/uploads/2024/11/altitude_locaux-1.png » title_text= »altitude_locaux (1) » align= »center » _builder_version= »4.27.4&Prime; _module_preset= »default » global_colors_info= »{} »][/et_pb_image][/et_pb_column][/et_pb_row][/et_pb_section][et_pb_section fb_built= »1&Prime; _builder_version= »4.27.4&Prime; _module_preset= »default » custom_margin= »-69px||||| » global_colors_info= »{} »][et_pb_row column_structure= »1_4,1_4,1_4,1_4&Prime; _builder_version= »4.27.4&Prime; _module_preset= »default » hover_enabled= »0&Prime; global_colors_info= »{} » background_color= »#D8FFCC » sticky_enabled= »0&Prime;][et_pb_column type= »1_4&Prime; _builder_version= »4.27.4&Prime; _module_preset= »default » global_colors_info= »{} »][et_pb_image src= »https://altitudefc.com/wp-content/uploads/2024/11/3.png » title_text= »3&Prime; align= »center » _builder_version= »4.27.4&Prime; _module_preset= »default » global_colors_info= »{} »][/et_pb_image][et_pb_text _builder_version= »4.27.4&Prime; _module_preset= »default » global_colors_info= »{} »]</p>
<h4 style="text-align: center;"><strong>8OO professionnels formés par an</strong></h4>
<p style="text-align: center;"><span>Plus de 140 modules de formation et 30 domaines d’expertise</span></p>
<p>[/et_pb_text][/et_pb_column][et_pb_column type= »1_4&Prime; _builder_version= »4.27.4&Prime; _module_preset= »default » global_colors_info= »{} »][et_pb_image src= »https://altitudefc.com/wp-content/uploads/2024/11/4.png » title_text= »4&Prime; align= »center » _builder_version= »4.27.4&Prime; _module_preset= »default » global_colors_info= »{} »][/et_pb_image][et_pb_text _builder_version= »4.27.4&Prime; _module_preset= »default » global_colors_info= »{} »]</p>
<h4 style="text-align: center;"><strong>6 salles de formations équipées</strong></h4>
<p style="text-align: center;"><span>Salles de formations d’une capacité de 2 à 15 participants – accès pour les personnes à mobilité réduite – 300 m2 de superficie</span></p>
<p>[/et_pb_text][/et_pb_column][et_pb_column type= »1_4&Prime; _builder_version= »4.27.4&Prime; _module_preset= »default » global_colors_info= »{} »][et_pb_image src= »https://altitudefc.com/wp-content/uploads/2024/11/processcom-3.jpg » title_text= »processcom-3&Prime; align= »center » _builder_version= »4.27.4&Prime; _module_preset= »default » custom_margin= »||53px||| » custom_padding= »32px||||| » global_colors_info= »{} »][/et_pb_image][et_pb_text _builder_version= »4.27.4&Prime; _module_preset= »default » global_colors_info= »{} »]</p>
<h4 style="text-align: center;"><strong>4 collaborateurs permanents</strong></h4>
<p style="text-align: center;"><span>Et plus de 30 intervenants réguliers (formateurs, consultants, coachs)</span>.</p>
<p>[/et_pb_text][/et_pb_column][et_pb_column type= »1_4&Prime; _builder_version= »4.27.4&Prime; _module_preset= »default » global_colors_info= »{} »][et_pb_image src= »https://altitudefc.com/wp-content/uploads/2024/11/caraibe-1.png » title_text= »caraibe-1&Prime; align= »center » _builder_version= »4.27.4&Prime; _module_preset= »default » global_colors_info= »{} »][/et_pb_image][et_pb_text _builder_version= »4.27.4&Prime; _module_preset= »default » global_colors_info= »{} »]</p>
<h4 style="text-align: center;"><strong>Martinique &#8211; Guadeloupe &#8211; Guyane</strong></h4>
<p style="text-align: center;"><span>3 zones d’intervention : Martinique, Guadeloupe et Guyane </span><br /><span>2 habilitations (SST –PRAP)</span><br /><span>1 label qualité (QUALIOPI)</span>.</p>
<p>[/et_pb_text][/et_pb_column][/et_pb_row][et_pb_row column_structure= »3_4,1_4&Prime; _builder_version= »4.27.4&Prime; _module_preset= »default » custom_margin= »39px||||false|false » custom_padding= »11px|17px|11px|17px|true|true » border_width_all= »1px » border_color_all= »rgba(0,0,0,0.12) » global_colors_info= »{} »][et_pb_column type= »3_4&Prime; _builder_version= »4.27.4&Prime; _module_preset= »default » global_colors_info= »{} »][et_pb_text _builder_version= »4.27.4&Prime; _module_preset= »default » global_colors_info= »{} »]</p>
<h2>Notre équipe est à votre disposition pour répondre à toute autre question au sujet de ces formations.</h2>
<p>[/et_pb_text][/et_pb_column][et_pb_column type= »1_4&Prime; _builder_version= »4.27.4&Prime; _module_preset= »default » global_colors_info= »{} »][et_pb_button button_url= »https://altitudefc.com/index.php/contact » button_text= »CONTACTEZ-NOUS » button_alignment= »center » _builder_version= »4.27.4&Prime; _module_preset= »default » custom_button= »on » button_text_size= »17px » button_text_color= »#FFFFFF » button_bg_color= »#b51dd3&Prime; button_border_radius= »13px » custom_margin= »14px||||false|false » global_colors_info= »{} »][/et_pb_button][/et_pb_column][/et_pb_row][/et_pb_section]</p>

<p>Altitude : une équipe au service l’épanouissement de l’humain dans l’entreprise. 8OO professionnels formés par an, plus de 140 modules de formation et 30 domaines d’expertise.Notre philosophie Nous avons pour philosophie de mettre nos compétences au service de l’épanouissement de l’humain dans l’entreprise. En effet, nous partons de l’idée que ce qui profite à l’individu, [&hellip;]</p>
