{"id":51,"date":"2024-11-26T18:48:59","date_gmt":"2024-11-26T18:48:59","guid":{"rendered":"https:\/\/altitudefc.com\/?page_id=51"},"modified":"2026-04-22T14:50:15","modified_gmt":"2026-04-22T14:50:15","slug":"ressources-humaines","status":"publish","type":"page","link":"https:\/\/altitudefc.com\/index.php\/ressources-humaines\/","title":{"rendered":"Ressources humaines"},"content":{"rendered":"<p>[et_pb_section fb_built=\u00a0\u00bb1&Prime; _builder_version=\u00a0\u00bb4.27.4&Prime; _module_preset=\u00a0\u00bbdefault\u00a0\u00bb global_colors_info=\u00a0\u00bb{}\u00a0\u00bb][et_pb_row column_structure=\u00a0\u00bb1_2,1_2&Prime; _builder_version=\u00a0\u00bb4.27.4&Prime; _module_preset=\u00a0\u00bbdefault\u00a0\u00bb global_colors_info=\u00a0\u00bb{}\u00a0\u00bb][et_pb_column type=\u00a0\u00bb1_2&Prime; _builder_version=\u00a0\u00bb4.27.4&Prime; _module_preset=\u00a0\u00bbdefault\u00a0\u00bb global_colors_info=\u00a0\u00bb{}\u00a0\u00bb][\/et_pb_column][et_pb_column type=\u00a0\u00bb1_2&Prime; _builder_version=\u00a0\u00bb4.27.4&Prime; _module_preset=\u00a0\u00bbdefault\u00a0\u00bb global_colors_info=\u00a0\u00bb{}\u00a0\u00bb][et_pb_image title_text=\u00a0\u00bbrh\u00a0\u00bb _builder_version=\u00a0\u00bb4.27.4&Prime; _module_preset=\u00a0\u00bbdefault\u00a0\u00bb global_colors_info=\u00a0\u00bb{}\u00a0\u00bb][\/et_pb_image][\/et_pb_column][\/et_pb_row][et_pb_row column_structure=\u00a0\u00bb1_2,1_2&Prime; _builder_version=\u00a0\u00bb4.27.4&Prime; _module_preset=\u00a0\u00bbdefault\u00a0\u00bb global_colors_info=\u00a0\u00bb{}\u00a0\u00bb][et_pb_column type=\u00a0\u00bb1_2&Prime; _builder_version=\u00a0\u00bb4.27.4&Prime; _module_preset=\u00a0\u00bbdefault\u00a0\u00bb global_colors_info=\u00a0\u00bb{}\u00a0\u00bb][et_pb_text _builder_version=\u00a0\u00bb4.27.4&Prime; _module_preset=\u00a0\u00bbdefault\u00a0\u00bb text_text_color=\u00a0\u00bb#000000&Prime; hover_enabled=\u00a0\u00bb0&Prime; global_colors_info=\u00a0\u00bb{}\u00a0\u00bb sticky_enabled=\u00a0\u00bb0&Prime;]<\/p>\n<div>\n<h3 align=\"center\" style=\"text-align: center;\"><strong>Formation certifiante : Concevoir, Animer\u00a0et\u00a0Evaluer\u00a0une action de formation<\/strong><\/h3>\n<h3 align=\"center\" style=\"text-align: left;\"><span><b><img loading=\"lazy\" decoding=\"async\" src=\"https:\/\/altitudefc.com\/wp-content\/uploads\/2026\/04\/Formateur-1024x578.jpg\" width=\"427\" height=\"241\" alt=\"\" class=\"wp-image-1387 alignnone size-large\" style=\"display: block; margin-left: auto; margin-right: auto;\" \/><\/b><\/span><\/h3>\n<\/div>\n<p style=\"text-align: justify;\">Formation certifiante \u00e9ligible au CPF avec notre partenaire\u00a0<b>ECP Formations<\/b>\u00a0: Certificat de comp\u00e9tences professionnelle \u00ab Conception et animation d\u2019une formation\u00a0\u00bb inscrite au r\u00e9pertoire Sp\u00e9cifique (RSCH) n\u00b0 5479<\/p>\n<p>[\/et_pb_text][et_pb_button button_url=\u00a0\u00bbhttps:\/\/altitudefc.com\/index.php\/ressources-humainesformation-certifiante-eligible-au-cpf-concevoir-animer-et-evaluer-une-action-de-formationressources-humaines\/\u00a0\u00bb button_text=\u00a0\u00bbVoir la fiche de cette formation\u00a0\u00bb _builder_version=\u00a0\u00bb4.27.4&Prime; _module_preset=\u00a0\u00bbdefault\u00a0\u00bb custom_button=\u00a0\u00bbon\u00a0\u00bb button_text_size=\u00a0\u00bb13px\u00a0\u00bb button_border_width=\u00a0\u00bb0px\u00a0\u00bb global_colors_info=\u00a0\u00bb{}\u00a0\u00bb][\/et_pb_button][\/et_pb_column][et_pb_column type=\u00a0\u00bb1_2&Prime; _builder_version=\u00a0\u00bb4.27.4&Prime; _module_preset=\u00a0\u00bbdefault\u00a0\u00bb global_colors_info=\u00a0\u00bb{}\u00a0\u00bb][et_pb_text _builder_version=\u00a0\u00bb4.27.4&Prime; _module_preset=\u00a0\u00bbdefault\u00a0\u00bb locked=\u00a0\u00bboff\u00a0\u00bb global_colors_info=\u00a0\u00bb{}\u00a0\u00bb]<\/p>\n<h3 style=\"text-align: center;\"><strong>Manager les Seniors et conduire l\u2019entretien de seconde partie de carri\u00e8re<\/strong><\/h3>\n<h3><strong><img loading=\"lazy\" decoding=\"async\" src=\"https:\/\/altitudefc.com\/wp-content\/uploads\/2026\/04\/seniors-1024x683.jpg\" width=\"366\" height=\"244\" alt=\"\" class=\"wp-image-1383 alignnone size-large\" style=\"display: block; margin-left: auto; margin-right: auto;\" \/><\/strong><\/h3>\n<p style=\"text-align: justify;\">L\u2019heure est au prolongement de la vie active. Les entreprises sont donc plus que jamais confront\u00e9es \u00e0 la gestion de leurs salari\u00e9s seniors. Afin d\u2019anticiper le probl\u00e8me, celles-ci peuvent s\u2019appuyer sur la GPEC, un dispositif permettant d\u2019inscrire le parcours professionnel des collaborateurs dans une perspective de long terme, en pr\u00e9voyant les besoins futurs de la soci\u00e9t\u00e9 en mati\u00e8re de RH. Avec comme r\u00e9percussions concr\u00e8tes des formations, des am\u00e9nagements des postes de travail ou du tutorat.<\/p>\n<p>[\/et_pb_text][et_pb_button button_url=\u00a0\u00bbhttps:\/\/altitudefc.com\/index.php\/manager-les-seniors-et-conduire-lentretien-de-seconde-partie-de-carriere\/\u00a0\u00bb button_text=\u00a0\u00bbVoir la fiche de cette formation\u00a0\u00bb _builder_version=\u00a0\u00bb4.27.4&Prime; _module_preset=\u00a0\u00bbdefault\u00a0\u00bb custom_button=\u00a0\u00bbon\u00a0\u00bb button_text_size=\u00a0\u00bb13px\u00a0\u00bb button_border_width=\u00a0\u00bb0px\u00a0\u00bb global_colors_info=\u00a0\u00bb{}\u00a0\u00bb][\/et_pb_button][\/et_pb_column][\/et_pb_row][et_pb_row column_structure=\u00a0\u00bb1_2,1_2&Prime; _builder_version=\u00a0\u00bb4.27.4&Prime; _module_preset=\u00a0\u00bbdefault\u00a0\u00bb global_colors_info=\u00a0\u00bb{}\u00a0\u00bb][et_pb_column type=\u00a0\u00bb1_2&Prime; _builder_version=\u00a0\u00bb4.27.4&Prime; _module_preset=\u00a0\u00bbdefault\u00a0\u00bb global_colors_info=\u00a0\u00bb{}\u00a0\u00bb][et_pb_text _builder_version=\u00a0\u00bb4.27.4&Prime; _module_preset=\u00a0\u00bbdefault\u00a0\u00bb global_colors_info=\u00a0\u00bb{}\u00a0\u00bb]<\/p>\n<h3 style=\"text-align: center;\"><strong>S\u2019initier \u00e0 la pr\u00e9vention des risques psychosociaux<\/strong><\/h3>\n<h3><strong><img loading=\"lazy\" decoding=\"async\" src=\"https:\/\/altitudefc.com\/wp-content\/uploads\/2026\/04\/RPS-1.jpg\" width=\"379\" height=\"223\" alt=\"\" class=\"wp-image-1386 alignnone size-full\" style=\"display: block; margin-left: auto; margin-right: auto;\" \/><\/strong><\/h3>\n<p style=\"text-align: justify;\">La formation aux risques psychosociaux a \u00e9t\u00e9 d\u00e9velopp\u00e9e pour faire face \u00e0 la mont\u00e9e de la souffrance au travail. Les risques psychosociaux ne sont pas des \u00e9piph\u00e9nom\u00e8nes dont il faut minimiser l\u2019existence.<br \/>La vague des suicides au sein des entreprises, la mont\u00e9e du stress ne laissent pas les entreprises indiff\u00e9rentes m\u00eame si ces derni\u00e8res se sentent souvent impuissantes pour les traiter efficacement.<\/p>\n<p>[\/et_pb_text][et_pb_button button_url=\u00a0\u00bbhttps:\/\/altitudefc.com\/index.php\/sinitier-a-la-prevention-des-risques-psychosociaux-rps\/\u00a0\u00bb button_text=\u00a0\u00bbVoir la fiche de cette formation\u00a0\u00bb _builder_version=\u00a0\u00bb4.27.4&Prime; _module_preset=\u00a0\u00bbdefault\u00a0\u00bb custom_button=\u00a0\u00bbon\u00a0\u00bb button_text_size=\u00a0\u00bb13px\u00a0\u00bb button_border_width=\u00a0\u00bb0px\u00a0\u00bb global_colors_info=\u00a0\u00bb{}\u00a0\u00bb][\/et_pb_button][\/et_pb_column][et_pb_column type=\u00a0\u00bb1_2&Prime; _builder_version=\u00a0\u00bb4.27.4&Prime; _module_preset=\u00a0\u00bbdefault\u00a0\u00bb global_colors_info=\u00a0\u00bb{}\u00a0\u00bb][et_pb_text _builder_version=\u00a0\u00bb4.27.4&Prime; _module_preset=\u00a0\u00bbdefault\u00a0\u00bb locked=\u00a0\u00bboff\u00a0\u00bb global_colors_info=\u00a0\u00bb{}\u00a0\u00bb]<\/p>\n<h3 style=\"text-align: center;\"><strong>Le r\u00f4le du manager dans la pr\u00e9vention des Risques Psychosociaux<\/strong><\/h3>\n<h3><strong><img loading=\"lazy\" decoding=\"async\" src=\"https:\/\/altitudefc.com\/wp-content\/uploads\/2026\/04\/RPS-Managers.jpg\" width=\"338\" height=\"225\" alt=\"\" class=\"wp-image-1385 alignnone size-full\" style=\"display: block; margin-left: auto; margin-right: auto;\" \/><\/strong><\/h3>\n<p style=\"text-align: justify;\">La pr\u00e9vention des risques psychosociaux est une pr\u00e9occupation partag\u00e9e entre les responsables RH et les managers. Au plus pr\u00e8s des \u00e9quipes et des collaborateurs, les managers sont les premiers \u00e0 pouvoir anticiper les situations \u00e0 risques et r\u00e9pondre au plus vite.<\/p>\n<p>[\/et_pb_text][et_pb_button button_url=\u00a0\u00bbhttps:\/\/altitudefc.com\/index.php\/le-role-du-manager-dans-la-prevention-des-risques-psychosociaux\/\u00a0\u00bb button_text=\u00a0\u00bbVoir la fiche de cette formation\u00a0\u00bb _builder_version=\u00a0\u00bb4.27.4&Prime; _module_preset=\u00a0\u00bbdefault\u00a0\u00bb custom_button=\u00a0\u00bbon\u00a0\u00bb button_text_size=\u00a0\u00bb13px\u00a0\u00bb button_border_width=\u00a0\u00bb0px\u00a0\u00bb global_colors_info=\u00a0\u00bb{}\u00a0\u00bb][\/et_pb_button][\/et_pb_column][\/et_pb_row][et_pb_row column_structure=\u00a0\u00bb3_4,1_4&Prime; _builder_version=\u00a0\u00bb4.27.4&Prime; _module_preset=\u00a0\u00bbdefault\u00a0\u00bb custom_padding=\u00a0\u00bb11px|17px|11px|17px|true|true\u00a0\u00bb border_width_all=\u00a0\u00bb1px\u00a0\u00bb border_color_all=\u00a0\u00bbrgba(0,0,0,0.12)\u00a0\u00bb global_colors_info=\u00a0\u00bb{}\u00a0\u00bb][et_pb_column type=\u00a0\u00bb3_4&Prime; _builder_version=\u00a0\u00bb4.27.4&Prime; _module_preset=\u00a0\u00bbdefault\u00a0\u00bb global_colors_info=\u00a0\u00bb{}\u00a0\u00bb][et_pb_text _builder_version=\u00a0\u00bb4.27.4&Prime; _module_preset=\u00a0\u00bbdefault\u00a0\u00bb global_colors_info=\u00a0\u00bb{}\u00a0\u00bb]<\/p>\n<h2>Notre \u00e9quipe est \u00e0 votre disposition pour r\u00e9pondre \u00e0 toute autre question au sujet de ces formations.<\/h2>\n<p>[\/et_pb_text][\/et_pb_column][et_pb_column type=\u00a0\u00bb1_4&Prime; _builder_version=\u00a0\u00bb4.27.4&Prime; _module_preset=\u00a0\u00bbdefault\u00a0\u00bb global_colors_info=\u00a0\u00bb{}\u00a0\u00bb][et_pb_button button_url=\u00a0\u00bbhttps:\/\/altitudefc.com\/index.php\/contact\u00a0\u00bb button_text=\u00a0\u00bbCONTACTEZ-NOUS\u00a0\u00bb button_alignment=\u00a0\u00bbcenter\u00a0\u00bb _builder_version=\u00a0\u00bb4.27.4&Prime; _module_preset=\u00a0\u00bbdefault\u00a0\u00bb custom_button=\u00a0\u00bbon\u00a0\u00bb button_text_size=\u00a0\u00bb17px\u00a0\u00bb button_text_color=\u00a0\u00bb#FFFFFF\u00a0\u00bb button_bg_color=\u00a0\u00bb#b51dd3&Prime; button_border_radius=\u00a0\u00bb13px\u00a0\u00bb custom_margin=\u00a0\u00bb14px||||false|false\u00a0\u00bb global_colors_info=\u00a0\u00bb{}\u00a0\u00bb][\/et_pb_button][\/et_pb_column][\/et_pb_row][et_pb_row _builder_version=\u00a0\u00bb4.27.4&Prime; _module_preset=\u00a0\u00bbdefault\u00a0\u00bb global_colors_info=\u00a0\u00bb{}\u00a0\u00bb][et_pb_column type=\u00a0\u00bb4_4&Prime; _builder_version=\u00a0\u00bb4.27.4&Prime; _module_preset=\u00a0\u00bbdefault\u00a0\u00bb global_colors_info=\u00a0\u00bb{}\u00a0\u00bb][et_pb_text _builder_version=\u00a0\u00bb4.27.4&Prime; _module_preset=\u00a0\u00bbdefault\u00a0\u00bb global_colors_info=\u00a0\u00bb{}\u00a0\u00bb]<\/p>\n<h3 style=\"text-align: center;\"><strong>D\u00e9veloppement des comp\u00e9tences<\/strong><\/h3>\n<p>[\/et_pb_text][\/et_pb_column][\/et_pb_row][et_pb_row column_structure=\u00a0\u00bb1_2,1_2&Prime; _builder_version=\u00a0\u00bb4.27.4&Prime; _module_preset=\u00a0\u00bbdefault\u00a0\u00bb background_color=\u00a0\u00bb#CCFFCD\u00a0\u00bb global_colors_info=\u00a0\u00bb{}\u00a0\u00bb][et_pb_column type=\u00a0\u00bb1_2&Prime; _builder_version=\u00a0\u00bb4.27.4&Prime; _module_preset=\u00a0\u00bbdefault\u00a0\u00bb global_colors_info=\u00a0\u00bb{}\u00a0\u00bb][et_pb_text _builder_version=\u00a0\u00bb4.27.4&Prime; _module_preset=\u00a0\u00bbdefault\u00a0\u00bb global_colors_info=\u00a0\u00bb{}\u00a0\u00bb]<\/p>\n<h3 style=\"text-align: center;\"><strong>Formation de formateur<\/strong><\/h3>\n<h3><strong><img loading=\"lazy\" decoding=\"async\" src=\"https:\/\/altitudefc.com\/wp-content\/uploads\/2026\/04\/Formateurs-2-1024x585.jpg\" width=\"374\" height=\"214\" alt=\"\" class=\"wp-image-1388 alignnone size-large\" style=\"display: block; margin-left: auto; margin-right: auto;\" \/><\/strong><\/h3>\n<p style=\"text-align: justify;\">\u00catre formateur ne s\u2019improvise pas ! Lors de cette formation, vous mettrez en \u0153uvre notre m\u00e9thode pour concevoir une formation motivante et efficace, l\u2019animer avec aisance, et \u00e9valuer les apports.<br \/>Vous exp\u00e9rimenterez une bo\u00eete \u00e0 outils \u00ab cl\u00e9s en main \u00bb pour concevoir et animer une action de formation en toute confiance. Vous pourrez ainsi favoriser les apprentissages de vos participants, cr\u00e9er un cadre s\u00e9curisant et g\u00e9n\u00e9rer une dynamique de groupe positive.<\/p>\n<p>[\/et_pb_text][et_pb_button button_url=\u00a0\u00bbhttps:\/\/altitudefc.com\/index.php\/formation-de-formateur\/\u00a0\u00bb button_text=\u00a0\u00bbVoir la fiche de cette formation\u00a0\u00bb _builder_version=\u00a0\u00bb4.27.4&Prime; _module_preset=\u00a0\u00bbdefault\u00a0\u00bb custom_button=\u00a0\u00bbon\u00a0\u00bb button_text_size=\u00a0\u00bb13px\u00a0\u00bb button_border_width=\u00a0\u00bb0px\u00a0\u00bb global_colors_info=\u00a0\u00bb{}\u00a0\u00bb][\/et_pb_button][\/et_pb_column][et_pb_column type=\u00a0\u00bb1_2&Prime; _builder_version=\u00a0\u00bb4.27.4&Prime; _module_preset=\u00a0\u00bbdefault\u00a0\u00bb global_colors_info=\u00a0\u00bb{}\u00a0\u00bb][et_pb_text _builder_version=\u00a0\u00bb4.27.4&Prime; _module_preset=\u00a0\u00bbdefault\u00a0\u00bb locked=\u00a0\u00bboff\u00a0\u00bb global_colors_info=\u00a0\u00bb{}\u00a0\u00bb]<\/p>\n<h3 style=\"text-align: center;\"><strong>Formation de tuteur<\/strong><\/h3>\n<h3><strong><img loading=\"lazy\" decoding=\"async\" src=\"https:\/\/altitudefc.com\/wp-content\/uploads\/2026\/04\/Tuteur-1024x683.jpg\" width=\"336\" height=\"224\" alt=\"\" class=\"wp-image-1389 alignnone size-large\" style=\"display: block; margin-left: auto; margin-right: auto;\" \/><\/strong><\/h3>\n<p style=\"text-align: justify;\">Devenir tuteur d\u2019entreprise ne s\u2019improvise pas. Un ensemble de savoir faire et savoir-\u00eatre sont \u00e0 ma\u00eetriser pour devenir un v\u00e9ritable tuteur efficace et motiv\u00e9 par la mission.<br \/>Cette formation tuteur permet d\u2019aborder l\u2019ensemble des connaissances pour r\u00e9ussir dans son nouveau r\u00f4le.<\/p>\n<p>[\/et_pb_text][et_pb_button button_url=\u00a0\u00bbhttps:\/\/altitudefc.com\/index.php\/formation-de-tuteur\/\u00a0\u00bb button_text=\u00a0\u00bbVoir la fiche de cette formation\u00a0\u00bb _builder_version=\u00a0\u00bb4.27.4&Prime; _module_preset=\u00a0\u00bbdefault\u00a0\u00bb custom_button=\u00a0\u00bbon\u00a0\u00bb button_text_size=\u00a0\u00bb13px\u00a0\u00bb button_border_width=\u00a0\u00bb0px\u00a0\u00bb global_colors_info=\u00a0\u00bb{}\u00a0\u00bb][\/et_pb_button][\/et_pb_column][\/et_pb_row][et_pb_row column_structure=\u00a0\u00bb1_3,1_3,1_3&Prime; _builder_version=\u00a0\u00bb4.27.4&Prime; _module_preset=\u00a0\u00bbdefault\u00a0\u00bb global_colors_info=\u00a0\u00bb{}\u00a0\u00bb][et_pb_column type=\u00a0\u00bb1_3&Prime; _builder_version=\u00a0\u00bb4.27.4&Prime; _module_preset=\u00a0\u00bbdefault\u00a0\u00bb global_colors_info=\u00a0\u00bb{}\u00a0\u00bb][et_pb_text _builder_version=\u00a0\u00bb4.27.4&Prime; _module_preset=\u00a0\u00bbdefault\u00a0\u00bb global_colors_info=\u00a0\u00bb{}\u00a0\u00bb]<\/p>\n<h3 style=\"text-align: center;\"><strong>R\u00e9ussir ses Recrutements<\/strong><\/h3>\n<h3><strong><img loading=\"lazy\" decoding=\"async\" src=\"https:\/\/altitudefc.com\/wp-content\/uploads\/2026\/04\/recrutement-1024x721.jpg\" width=\"352\" height=\"248\" alt=\"\" class=\"wp-image-1390 alignnone size-large\" style=\"display: block; margin-left: auto; margin-right: auto;\" \/><\/strong><\/h3>\n<p style=\"text-align: justify;\">L\u2019embauche d\u2019un collaborateur (interne ou externe) est une d\u00e9cision manag\u00e9riale cl\u00e9 et difficile. Mener un entretien de recrutement ne s\u2019improvise pas ! Les managers ont int\u00e9r\u00eat \u00e0 ma\u00eetriser les techniques de recrutement pour \u00e9viter de baser leur choix sur une impression ou un \u00ab feeling \u00bb et augmenter leur chance de recruter les meilleurs candidats.<br \/>Cette formation ne se limite pas \u00e0 l\u2019entretien et prend en compte l\u2019accueil et l\u2019int\u00e9gration pour acc\u00e9l\u00e9rer la prise de fonction.<\/p>\n<p>[\/et_pb_text][et_pb_button button_url=\u00a0\u00bbhttps:\/\/altitudefc.com\/index.php\/reussir-ses-recrutements\/\u00a0\u00bb button_text=\u00a0\u00bbVoir la fiche de cette formation\u00a0\u00bb _builder_version=\u00a0\u00bb4.27.4&Prime; _module_preset=\u00a0\u00bbdefault\u00a0\u00bb custom_button=\u00a0\u00bbon\u00a0\u00bb button_text_size=\u00a0\u00bb13px\u00a0\u00bb button_border_width=\u00a0\u00bb0px\u00a0\u00bb global_colors_info=\u00a0\u00bb{}\u00a0\u00bb][\/et_pb_button][\/et_pb_column][et_pb_column type=\u00a0\u00bb1_3&Prime; _builder_version=\u00a0\u00bb4.27.4&Prime; _module_preset=\u00a0\u00bbdefault\u00a0\u00bb global_colors_info=\u00a0\u00bb{}\u00a0\u00bb][et_pb_text _builder_version=\u00a0\u00bb4.27.4&Prime; _module_preset=\u00a0\u00bbdefault\u00a0\u00bb text_text_color=\u00a0\u00bb#DF52FF\u00a0\u00bb custom_padding=\u00a0\u00bb||2px|||\u00a0\u00bb animation_style=\u00a0\u00bbflip\u00a0\u00bb locked=\u00a0\u00bboff\u00a0\u00bb global_colors_info=\u00a0\u00bb{}\u00a0\u00bb]<\/p>\n<h3 style=\"text-align: center;\"><span style=\"color: #ff00ff;\"><strong>NOUVEAU !!!<\/strong><\/span><\/h3>\n<h3 style=\"text-align: center;\"><span style=\"color: #ff00ff;\"><strong>Conduire l\u2019Entretien de Parcours Professionnel (EPP)<\/strong><\/span><\/h3>\n<h3 style=\"text-align: center;\"><strong><img loading=\"lazy\" decoding=\"async\" src=\"https:\/\/altitudefc.com\/wp-content\/uploads\/2026\/04\/Entretien-1024x768.jpg\" width=\"1024\" height=\"768\" alt=\"\" class=\"wp-image-1391 alignnone size-large\" srcset=\"https:\/\/altitudefc.com\/wp-content\/uploads\/2026\/04\/Entretien-1024x768.jpg 1024w, https:\/\/altitudefc.com\/wp-content\/uploads\/2026\/04\/Entretien-980x735.jpg 980w, https:\/\/altitudefc.com\/wp-content\/uploads\/2026\/04\/Entretien-480x360.jpg 480w\" sizes=\"(min-width: 0px) and (max-width: 480px) 480px, (min-width: 481px) and (max-width: 980px) 980px, (min-width: 981px) 1024px, 100vw\" \/><\/strong><\/h3>\n<p>[\/et_pb_text][et_pb_text _builder_version=\u00a0\u00bb4.27.4&Prime; _module_preset=\u00a0\u00bbdefault\u00a0\u00bb text_text_color=\u00a0\u00bb#000000&Prime; animation_style=\u00a0\u00bbslide\u00a0\u00bb locked=\u00a0\u00bboff\u00a0\u00bb global_colors_info=\u00a0\u00bb{}\u00a0\u00bb]<\/p>\n<p style=\"text-align: justify;\">Cette formation permet de ma\u00eetriser le cadre et les nouvelles dispositions r\u00e9glementaires de fin 2025 li\u00e9es \u00e0 l\u2019entretien de parcours professionnel, d\u2019en comprendre les enjeux et de conduire des entretiens structur\u00e9s et orient\u00e9s d\u00e9veloppement. Elle apporte des outils concrets pour accompagner les collaborateurs, s\u00e9curiser les parcours et renforcer l\u2019engagement.<\/p>\n<p>[\/et_pb_text][et_pb_button button_url=\u00a0\u00bbhttps:\/\/altitudefc.com\/index.php\/reussir-ses-entretiens-professionnels\/\u00a0\u00bb button_text=\u00a0\u00bbVoir la fiche de cette formation\u00a0\u00bb _builder_version=\u00a0\u00bb4.27.4&Prime; _module_preset=\u00a0\u00bbdefault\u00a0\u00bb custom_button=\u00a0\u00bbon\u00a0\u00bb button_text_size=\u00a0\u00bb13px\u00a0\u00bb button_border_width=\u00a0\u00bb0px\u00a0\u00bb global_colors_info=\u00a0\u00bb{}\u00a0\u00bb][\/et_pb_button][\/et_pb_column][et_pb_column type=\u00a0\u00bb1_3&Prime; _builder_version=\u00a0\u00bb4.27.4&Prime; _module_preset=\u00a0\u00bbdefault\u00a0\u00bb global_colors_info=\u00a0\u00bb{}\u00a0\u00bb][et_pb_text _builder_version=\u00a0\u00bb4.27.4&Prime; _module_preset=\u00a0\u00bbdefault\u00a0\u00bb global_colors_info=\u00a0\u00bb{}\u00a0\u00bb]<\/p>\n<h3 style=\"text-align: center;\"><strong>Conduire un entretien annuel d\u2019\u00e9valuation<\/strong><\/h3>\n<h3 style=\"text-align: center;\"><strong><img loading=\"lazy\" decoding=\"async\" src=\"https:\/\/altitudefc.com\/wp-content\/uploads\/2026\/04\/entretien-2-1024x678.jpg\" width=\"1024\" height=\"678\" alt=\"\" class=\"wp-image-1392 alignnone size-large\" srcset=\"https:\/\/altitudefc.com\/wp-content\/uploads\/2026\/04\/entretien-2-1024x678.jpg 1024w, https:\/\/altitudefc.com\/wp-content\/uploads\/2026\/04\/entretien-2-980x649.jpg 980w, https:\/\/altitudefc.com\/wp-content\/uploads\/2026\/04\/entretien-2-480x318.jpg 480w\" sizes=\"(min-width: 0px) and (max-width: 480px) 480px, (min-width: 481px) and (max-width: 980px) 980px, (min-width: 981px) 1024px, 100vw\" \/><\/strong><\/h3>\n<p style=\"text-align: justify;\">Moment privil\u00e9gi\u00e9 pour les collaborateurs et l\u2019entreprise, l\u2019entretien annuel d\u2019appr\u00e9ciation doit, pour jouer pleinement son r\u00f4le, \u00eatre conduit de mani\u00e8re objective et concert\u00e9e.<br \/>L\u2019entretien d\u2019\u00e9valuation de la performance est un v\u00e9ritable outil de management pour renforcer la performance individuelle et collective.<br \/>Cette formation donne \u00e9galement des cl\u00e9s pour identifier et pr\u00e9venir les situations \u00e0 risque qui peuvent d\u00e9couler de l\u2019appr\u00e9ciation (stress, harc\u00e8lement, discrimination..) par un dialogue et une \u00e9coute renforc\u00e9e.<\/p>\n<p>[\/et_pb_text][et_pb_button button_url=\u00a0\u00bbhttps:\/\/altitudefc.com\/index.php\/conduire-un-entretien-annuel-devaluation-evaluateur\/\u00a0\u00bb button_text=\u00a0\u00bbVoir la fiche de cette formation\u00a0\u00bb _builder_version=\u00a0\u00bb4.27.4&Prime; _module_preset=\u00a0\u00bbdefault\u00a0\u00bb custom_button=\u00a0\u00bbon\u00a0\u00bb button_text_size=\u00a0\u00bb13px\u00a0\u00bb button_border_width=\u00a0\u00bb0px\u00a0\u00bb locked=\u00a0\u00bboff\u00a0\u00bb global_colors_info=\u00a0\u00bb{}\u00a0\u00bb][\/et_pb_button][\/et_pb_column][\/et_pb_row][et_pb_row column_structure=\u00a0\u00bb3_4,1_4&Prime; _builder_version=\u00a0\u00bb4.27.4&Prime; _module_preset=\u00a0\u00bbdefault\u00a0\u00bb custom_padding=\u00a0\u00bb11px|17px|11px|17px|true|true\u00a0\u00bb border_width_all=\u00a0\u00bb1px\u00a0\u00bb border_color_all=\u00a0\u00bbrgba(0,0,0,0.12)\u00a0\u00bb global_colors_info=\u00a0\u00bb{}\u00a0\u00bb][et_pb_column type=\u00a0\u00bb3_4&Prime; _builder_version=\u00a0\u00bb4.27.4&Prime; _module_preset=\u00a0\u00bbdefault\u00a0\u00bb global_colors_info=\u00a0\u00bb{}\u00a0\u00bb][et_pb_text _builder_version=\u00a0\u00bb4.27.4&Prime; _module_preset=\u00a0\u00bbdefault\u00a0\u00bb global_colors_info=\u00a0\u00bb{}\u00a0\u00bb]<\/p>\n<h2>Notre \u00e9quipe est \u00e0 votre disposition pour r\u00e9pondre \u00e0 toute autre question au sujet de ces formations.<\/h2>\n<p>[\/et_pb_text][\/et_pb_column][et_pb_column type=\u00a0\u00bb1_4&Prime; _builder_version=\u00a0\u00bb4.27.4&Prime; _module_preset=\u00a0\u00bbdefault\u00a0\u00bb global_colors_info=\u00a0\u00bb{}\u00a0\u00bb][et_pb_button button_url=\u00a0\u00bbhttps:\/\/altitudefc.com\/index.php\/contact\u00a0\u00bb button_text=\u00a0\u00bbCONTACTEZ-NOUS\u00a0\u00bb button_alignment=\u00a0\u00bbcenter\u00a0\u00bb _builder_version=\u00a0\u00bb4.27.4&Prime; _module_preset=\u00a0\u00bbdefault\u00a0\u00bb custom_button=\u00a0\u00bbon\u00a0\u00bb button_text_size=\u00a0\u00bb17px\u00a0\u00bb button_text_color=\u00a0\u00bb#FFFFFF\u00a0\u00bb button_bg_color=\u00a0\u00bb#b51dd3&Prime; button_border_radius=\u00a0\u00bb13px\u00a0\u00bb custom_margin=\u00a0\u00bb14px||||false|false\u00a0\u00bb global_colors_info=\u00a0\u00bb{}\u00a0\u00bb][\/et_pb_button][\/et_pb_column][\/et_pb_row][\/et_pb_section]<\/p>\n","protected":false},"excerpt":{"rendered":"<p>Formation certifiante : Concevoir, Animer\u00a0et\u00a0Evaluer\u00a0une action de formation Formation certifiante \u00e9ligible au CPF avec notre partenaire\u00a0ECP Formations\u00a0: Certificat de comp\u00e9tences professionnelle \u00ab Conception et animation d\u2019une formation\u00a0\u00bb inscrite au r\u00e9pertoire Sp\u00e9cifique (RSCH) n\u00b0 5479Manager les Seniors et conduire l\u2019entretien de seconde partie de carri\u00e8re L\u2019heure est au prolongement de la vie active. Les entreprises sont [&hellip;]<\/p>\n","protected":false},"author":1,"featured_media":0,"parent":0,"menu_order":0,"comment_status":"closed","ping_status":"closed","template":"","meta":{"_et_pb_use_builder":"on","_et_pb_old_content":"<!-- wp:divi\/placeholder \/-->","_et_gb_content_width":"","footnotes":""},"class_list":["post-51","page","type-page","status-publish","hentry"],"_links":{"self":[{"href":"https:\/\/altitudefc.com\/index.php\/wp-json\/wp\/v2\/pages\/51","targetHints":{"allow":["GET"]}}],"collection":[{"href":"https:\/\/altitudefc.com\/index.php\/wp-json\/wp\/v2\/pages"}],"about":[{"href":"https:\/\/altitudefc.com\/index.php\/wp-json\/wp\/v2\/types\/page"}],"author":[{"embeddable":true,"href":"https:\/\/altitudefc.com\/index.php\/wp-json\/wp\/v2\/users\/1"}],"replies":[{"embeddable":true,"href":"https:\/\/altitudefc.com\/index.php\/wp-json\/wp\/v2\/comments?post=51"}],"version-history":[{"count":13,"href":"https:\/\/altitudefc.com\/index.php\/wp-json\/wp\/v2\/pages\/51\/revisions"}],"predecessor-version":[{"id":1459,"href":"https:\/\/altitudefc.com\/index.php\/wp-json\/wp\/v2\/pages\/51\/revisions\/1459"}],"wp:attachment":[{"href":"https:\/\/altitudefc.com\/index.php\/wp-json\/wp\/v2\/media?parent=51"}],"curies":[{"name":"wp","href":"https:\/\/api.w.org\/{rel}","templated":true}]}}