{"id":1463,"date":"2026-04-28T14:15:34","date_gmt":"2026-04-28T14:15:34","guid":{"rendered":"https:\/\/altitudefc.com\/?page_id=1463"},"modified":"2026-04-28T14:49:43","modified_gmt":"2026-04-28T14:49:43","slug":"accompagnement-approche","status":"publish","type":"page","link":"https:\/\/altitudefc.com\/index.php\/accompagnement-approche\/","title":{"rendered":"Notre approche de l&rsquo;accompagnement"},"content":{"rendered":"<p>[et_pb_section fb_built=\u00a0\u00bb1&Prime; _builder_version=\u00a0\u00bb4.27.4&Prime; _module_preset=\u00a0\u00bbdefault\u00a0\u00bb global_colors_info=\u00a0\u00bb{}\u00a0\u00bb][et_pb_row _builder_version=\u00a0\u00bb4.27.4&Prime; _module_preset=\u00a0\u00bbdefault\u00a0\u00bb hover_enabled=\u00a0\u00bb0&Prime; global_colors_info=\u00a0\u00bb{}\u00a0\u00bb background_color=\u00a0\u00bb#DDFFBD\u00a0\u00bb sticky_enabled=\u00a0\u00bb0&Prime;][et_pb_column type=\u00a0\u00bb4_4&Prime; _builder_version=\u00a0\u00bb4.27.4&Prime; _module_preset=\u00a0\u00bbdefault\u00a0\u00bb global_colors_info=\u00a0\u00bb{}\u00a0\u00bb][et_pb_text _builder_version=\u00a0\u00bb4.27.4&Prime; _module_preset=\u00a0\u00bbdefault\u00a0\u00bb global_colors_info=\u00a0\u00bb{}\u00a0\u00bb]<\/p>\n<h1 style=\"text-align: center;\"><strong>Notre approche de l\u2019accompagnement<\/strong><\/h1>\n<p><strong><img loading=\"lazy\" decoding=\"async\" src=\"https:\/\/altitudefc.com\/wp-content\/uploads\/2026\/04\/Accompagnement-1024x712.jpg\" width=\"453\" height=\"315\" alt=\"\" class=\"wp-image-1498 alignnone size-large\" style=\"display: block; margin-left: auto; margin-right: auto;\" \/><\/strong><\/p>\n<p>[\/et_pb_text][\/et_pb_column][\/et_pb_row][et_pb_row _builder_version=\u00a0\u00bb4.27.4&Prime; _module_preset=\u00a0\u00bbdefault\u00a0\u00bb custom_margin=\u00a0\u00bb-32px|auto||auto||\u00a0\u00bb custom_padding=\u00a0\u00bb0px|||||\u00a0\u00bb global_colors_info=\u00a0\u00bb{}\u00a0\u00bb][et_pb_column type=\u00a0\u00bb4_4&Prime; _builder_version=\u00a0\u00bb4.27.4&Prime; _module_preset=\u00a0\u00bbdefault\u00a0\u00bb global_colors_info=\u00a0\u00bb{}\u00a0\u00bb][et_pb_text _builder_version=\u00a0\u00bb4.27.4&Prime; _module_preset=\u00a0\u00bbdefault\u00a0\u00bb custom_margin=\u00a0\u00bb44px||-40px|||\u00a0\u00bb custom_padding=\u00a0\u00bb||23px|3px||\u00a0\u00bb global_colors_info=\u00a0\u00bb{}\u00a0\u00bb]<\/p>\n<h3 style=\"text-align: center;\"><strong>R\u00e9v\u00e9ler vos talents, ceux de vos collaborateurs ou ceux de vos enfants<\/strong><\/h3>\n<p>[\/et_pb_text][\/et_pb_column][\/et_pb_row][et_pb_row _builder_version=\u00a0\u00bb4.27.4&Prime; _module_preset=\u00a0\u00bbdefault\u00a0\u00bb min_height=\u00a0\u00bb470.4px\u00a0\u00bb global_colors_info=\u00a0\u00bb{}\u00a0\u00bb][et_pb_column type=\u00a0\u00bb4_4&Prime; _builder_version=\u00a0\u00bb4.27.4&Prime; _module_preset=\u00a0\u00bbdefault\u00a0\u00bb global_colors_info=\u00a0\u00bb{}\u00a0\u00bb][et_pb_text _builder_version=\u00a0\u00bb4.27.4&Prime; _module_preset=\u00a0\u00bbdefault\u00a0\u00bb global_colors_info=\u00a0\u00bb{}\u00a0\u00bb]<\/p>\n<h4><strong>Altitude propose aux entreprises, aux particuliers, aux demandeurs d\u2019emploi et aux jeunes plusieurs types d\u2019accompagnement personnalis\u00e9 :<\/strong><\/h4>\n<ul>\n<li>\u00a0le bilan de comp\u00e9tences, \u00e9ligible au Compte Personnel Formation (CPF),<\/li>\n<li>la validation des acquis de l\u2019exp\u00e9rience (VAE) \u00e9ligible au CPF,<\/li>\n<li>le coaching,<\/li>\n<li>le Team Building,<\/li>\n<li>L&rsquo;\u00e9valuation Psychologique,<\/li>\n<li>la prestation Orientation Jeunes,<\/li>\n<li>la pr\u00e9paration aux examens.<\/li>\n<\/ul>\n<h4><strong>Notre objectif :<\/strong><\/h4>\n<p>Aider les entreprises, les particuliers, les demandeurs d\u2019emploi et les jeunes \u00e0 p\u00e9renniser leur savoir-faire, en faisant \u00e9merger et fructifier les forces et vertus.<\/p>\n<h4><strong>Notre d\u00e9marche :<\/strong><\/h4>\n<p>Nos consultants et coachs certifi\u00e9s vous accompagnent dans une logique de co-construction, afin de mobiliser vos ressources int\u00e9rieures pour progresser et r\u00e9ussir.<br \/>Acteurs de votre accompagnement d\u00e8s le d\u00e9but du parcours, Altitude fait en sorte de vous permettre d\u2019identifier comment\u00a0:<\/p>\n<ul class=\"list2\">\n<li>d\u00e9cupler vos performances<\/li>\n<li>gagner en autonomie<\/li>\n<li>faire \u00e9voluer votre vie professionnelle.<\/li>\n<\/ul>\n<p>[\/et_pb_text][\/et_pb_column][\/et_pb_row][et_pb_row column_structure=\u00a0\u00bb3_4,1_4&Prime; _builder_version=\u00a0\u00bb4.27.4&Prime; _module_preset=\u00a0\u00bbdefault\u00a0\u00bb custom_padding=\u00a0\u00bb12px|17px|12px|17px|true|true\u00a0\u00bb border_width_all=\u00a0\u00bb1px\u00a0\u00bb border_color_all=\u00a0\u00bbrgba(0,0,0,0.12)\u00a0\u00bb collapsed=\u00a0\u00bbon\u00a0\u00bb global_colors_info=\u00a0\u00bb{}\u00a0\u00bb][et_pb_column type=\u00a0\u00bb3_4&Prime; _builder_version=\u00a0\u00bb4.27.4&Prime; _module_preset=\u00a0\u00bbdefault\u00a0\u00bb global_colors_info=\u00a0\u00bb{}\u00a0\u00bb][et_pb_text _builder_version=\u00a0\u00bb4.27.4&Prime; _module_preset=\u00a0\u00bbdefault\u00a0\u00bb custom_padding=\u00a0\u00bb15px||||false|false\u00a0\u00bb global_colors_info=\u00a0\u00bb{}\u00a0\u00bb]<\/p>\n<h3 style=\"text-align: center;\"><strong>Vous souhaitez en savoir plus sur cette offre de service ?<\/strong><\/h3>\n<h2><\/h2>\n<p>[\/et_pb_text][\/et_pb_column][et_pb_column type=\u00a0\u00bb1_4&Prime; _builder_version=\u00a0\u00bb4.27.4&Prime; _module_preset=\u00a0\u00bbdefault\u00a0\u00bb global_colors_info=\u00a0\u00bb{}\u00a0\u00bb][et_pb_button button_url=\u00a0\u00bbhttps:\/\/altitudefc.com\/index.php\/contact\u00a0\u00bb button_text=\u00a0\u00bbCONTACTEZ-NOUS\u00a0\u00bb button_alignment=\u00a0\u00bbcenter\u00a0\u00bb _builder_version=\u00a0\u00bb4.27.4&Prime; _module_preset=\u00a0\u00bbdefault\u00a0\u00bb custom_button=\u00a0\u00bbon\u00a0\u00bb button_text_size=\u00a0\u00bb17px\u00a0\u00bb button_text_color=\u00a0\u00bb#FFFFFF\u00a0\u00bb button_bg_color=\u00a0\u00bb#b51dd3&Prime; button_border_radius=\u00a0\u00bb13px\u00a0\u00bb custom_margin=\u00a0\u00bb14px||||false|false\u00a0\u00bb global_colors_info=\u00a0\u00bb{}\u00a0\u00bb][\/et_pb_button][\/et_pb_column][\/et_pb_row][\/et_pb_section]<\/p>\n","protected":false},"excerpt":{"rendered":"<p>Notre approche de l\u2019accompagnement R\u00e9v\u00e9ler vos talents, ceux de vos collaborateurs ou ceux de vos enfantsAltitude propose aux entreprises, aux particuliers, aux demandeurs d\u2019emploi et aux jeunes plusieurs types d\u2019accompagnement personnalis\u00e9 : \u00a0le bilan de comp\u00e9tences, \u00e9ligible au Compte Personnel Formation (CPF), la validation des acquis de l\u2019exp\u00e9rience (VAE) \u00e9ligible au CPF, le coaching, le [&hellip;]<\/p>\n","protected":false},"author":1,"featured_media":0,"parent":0,"menu_order":0,"comment_status":"closed","ping_status":"closed","template":"","meta":{"_et_pb_use_builder":"on","_et_pb_old_content":"","_et_gb_content_width":"","footnotes":""},"class_list":["post-1463","page","type-page","status-publish","hentry"],"_links":{"self":[{"href":"https:\/\/altitudefc.com\/index.php\/wp-json\/wp\/v2\/pages\/1463","targetHints":{"allow":["GET"]}}],"collection":[{"href":"https:\/\/altitudefc.com\/index.php\/wp-json\/wp\/v2\/pages"}],"about":[{"href":"https:\/\/altitudefc.com\/index.php\/wp-json\/wp\/v2\/types\/page"}],"author":[{"embeddable":true,"href":"https:\/\/altitudefc.com\/index.php\/wp-json\/wp\/v2\/users\/1"}],"replies":[{"embeddable":true,"href":"https:\/\/altitudefc.com\/index.php\/wp-json\/wp\/v2\/comments?post=1463"}],"version-history":[{"count":10,"href":"https:\/\/altitudefc.com\/index.php\/wp-json\/wp\/v2\/pages\/1463\/revisions"}],"predecessor-version":[{"id":1568,"href":"https:\/\/altitudefc.com\/index.php\/wp-json\/wp\/v2\/pages\/1463\/revisions\/1568"}],"wp:attachment":[{"href":"https:\/\/altitudefc.com\/index.php\/wp-json\/wp\/v2\/media?parent=1463"}],"curies":[{"name":"wp","href":"https:\/\/api.w.org\/{rel}","templated":true}]}}

<p>[et_pb_section fb_built= »1&Prime; _builder_version= »4.27.4&Prime; _module_preset= »default » global_colors_info= »{} »][et_pb_row _builder_version= »4.27.4&Prime; _module_preset= »default » hover_enabled= »0&Prime; global_colors_info= »{} » background_color= »#DDFFBD » sticky_enabled= »0&Prime;][et_pb_column type= »4_4&Prime; _builder_version= »4.27.4&Prime; _module_preset= »default » global_colors_info= »{} »][et_pb_text _builder_version= »4.27.4&Prime; _module_preset= »default » global_colors_info= »{} »]</p>
<h1 style="text-align: center;"><strong>Notre approche de l’accompagnement</strong></h1>
<p><strong><img loading="lazy" decoding="async" src="https://altitudefc.com/wp-content/uploads/2026/04/Accompagnement-1024x712.jpg" width="453" height="315" alt="" class="wp-image-1498 alignnone size-large" style="display: block; margin-left: auto; margin-right: auto;" /></strong></p>
<p>[/et_pb_text][/et_pb_column][/et_pb_row][et_pb_row _builder_version= »4.27.4&Prime; _module_preset= »default » custom_margin= »-32px|auto||auto|| » custom_padding= »0px||||| » global_colors_info= »{} »][et_pb_column type= »4_4&Prime; _builder_version= »4.27.4&Prime; _module_preset= »default » global_colors_info= »{} »][et_pb_text _builder_version= »4.27.4&Prime; _module_preset= »default » custom_margin= »44px||-40px||| » custom_padding= »||23px|3px|| » global_colors_info= »{} »]</p>
<h3 style="text-align: center;"><strong>Révéler vos talents, ceux de vos collaborateurs ou ceux de vos enfants</strong></h3>
<p>[/et_pb_text][/et_pb_column][/et_pb_row][et_pb_row _builder_version= »4.27.4&Prime; _module_preset= »default » min_height= »470.4px » global_colors_info= »{} »][et_pb_column type= »4_4&Prime; _builder_version= »4.27.4&Prime; _module_preset= »default » global_colors_info= »{} »][et_pb_text _builder_version= »4.27.4&Prime; _module_preset= »default » global_colors_info= »{} »]</p>
<h4><strong>Altitude propose aux entreprises, aux particuliers, aux demandeurs d’emploi et aux jeunes plusieurs types d’accompagnement personnalisé :</strong></h4>
<ul>
<li> le bilan de compétences, éligible au Compte Personnel Formation (CPF),</li>
<li>la validation des acquis de l’expérience (VAE) éligible au CPF,</li>
<li>le coaching,</li>
<li>le Team Building,</li>
<li>L&rsquo;évaluation Psychologique,</li>
<li>la prestation Orientation Jeunes,</li>
<li>la préparation aux examens.</li>
</ul>
<h4><strong>Notre objectif :</strong></h4>
<p>Aider les entreprises, les particuliers, les demandeurs d’emploi et les jeunes à pérenniser leur savoir-faire, en faisant émerger et fructifier les forces et vertus.</p>
<h4><strong>Notre démarche :</strong></h4>
<p>Nos consultants et coachs certifiés vous accompagnent dans une logique de co-construction, afin de mobiliser vos ressources intérieures pour progresser et réussir.<br />Acteurs de votre accompagnement dès le début du parcours, Altitude fait en sorte de vous permettre d’identifier comment :</p>
<ul class="list2">
<li>décupler vos performances</li>
<li>gagner en autonomie</li>
<li>faire évoluer votre vie professionnelle.</li>
</ul>
<p>[/et_pb_text][/et_pb_column][/et_pb_row][et_pb_row column_structure= »3_4,1_4&Prime; _builder_version= »4.27.4&Prime; _module_preset= »default » custom_padding= »12px|17px|12px|17px|true|true » border_width_all= »1px » border_color_all= »rgba(0,0,0,0.12) » collapsed= »on » global_colors_info= »{} »][et_pb_column type= »3_4&Prime; _builder_version= »4.27.4&Prime; _module_preset= »default » global_colors_info= »{} »][et_pb_text _builder_version= »4.27.4&Prime; _module_preset= »default » custom_padding= »15px||||false|false » global_colors_info= »{} »]</p>
<h3 style="text-align: center;"><strong>Vous souhaitez en savoir plus sur cette offre de service ?</strong></h3>
<h2></h2>
<p>[/et_pb_text][/et_pb_column][et_pb_column type= »1_4&Prime; _builder_version= »4.27.4&Prime; _module_preset= »default » global_colors_info= »{} »][et_pb_button button_url= »https://altitudefc.com/index.php/contact » button_text= »CONTACTEZ-NOUS » button_alignment= »center » _builder_version= »4.27.4&Prime; _module_preset= »default » custom_button= »on » button_text_size= »17px » button_text_color= »#FFFFFF » button_bg_color= »#b51dd3&Prime; button_border_radius= »13px » custom_margin= »14px||||false|false » global_colors_info= »{} »][/et_pb_button][/et_pb_column][/et_pb_row][/et_pb_section]</p>

<p>Notre approche de l’accompagnement Révéler vos talents, ceux de vos collaborateurs ou ceux de vos enfantsAltitude propose aux entreprises, aux particuliers, aux demandeurs d’emploi et aux jeunes plusieurs types d’accompagnement personnalisé :  le bilan de compétences, éligible au Compte Personnel Formation (CPF), la validation des acquis de l’expérience (VAE) éligible au CPF, le coaching, le [&hellip;]</p>
