{"id":1460,"date":"2026-04-28T14:15:07","date_gmt":"2026-04-28T14:15:07","guid":{"rendered":"https:\/\/altitudefc.com\/?page_id=1460"},"modified":"2026-04-28T16:24:03","modified_gmt":"2026-04-28T16:24:03","slug":"accompagnement-accompagnement-vae","status":"publish","type":"page","link":"https:\/\/altitudefc.com\/index.php\/accompagnement-accompagnement-vae\/","title":{"rendered":"L&rsquo; Accompagnement VAE"},"content":{"rendered":"<p>[et_pb_section fb_built=\u00a0\u00bb1&Prime; _builder_version=\u00a0\u00bb4.27.4&Prime; _module_preset=\u00a0\u00bbdefault\u00a0\u00bb global_colors_info=\u00a0\u00bb{}\u00a0\u00bb][et_pb_row _builder_version=\u00a0\u00bb4.27.4&Prime; _module_preset=\u00a0\u00bbdefault\u00a0\u00bb global_colors_info=\u00a0\u00bb{}\u00a0\u00bb][et_pb_column type=\u00a0\u00bb4_4&Prime; _builder_version=\u00a0\u00bb4.27.4&Prime; _module_preset=\u00a0\u00bbdefault\u00a0\u00bb global_colors_info=\u00a0\u00bb{}\u00a0\u00bb][et_pb_image src=\u00a0\u00bbhttps:\/\/altitudefc.com\/wp-content\/uploads\/2026\/04\/Stats-VAE-2024-2025.jpeg\u00a0\u00bb title_text=\u00a0\u00bbStats VAE 2024-2025&Prime; align=\u00a0\u00bbcenter\u00a0\u00bb _builder_version=\u00a0\u00bb4.27.4&Prime; _module_preset=\u00a0\u00bbdefault\u00a0\u00bb background_color=\u00a0\u00bb#DDFFBD\u00a0\u00bb width=\u00a0\u00bb100%\u00a0\u00bb max_width=\u00a0\u00bb100%\u00a0\u00bb min_height=\u00a0\u00bb348px\u00a0\u00bb animation_style=\u00a0\u00bbroll\u00a0\u00bb hover_enabled=\u00a0\u00bb0&Prime; global_colors_info=\u00a0\u00bb{}\u00a0\u00bb height=\u00a0\u00bb520px\u00a0\u00bb sticky_enabled=\u00a0\u00bb0&Prime;][\/et_pb_image][et_pb_text _builder_version=\u00a0\u00bb4.27.4&Prime; _module_preset=\u00a0\u00bbdefault\u00a0\u00bb custom_padding=\u00a0\u00bb3px|||||\u00a0\u00bb global_colors_info=\u00a0\u00bb{}\u00a0\u00bb]<\/p>\n<h2 data-section-id=\"1e3xvtt\" data-start=\"205\" data-end=\"225\"><strong>\ud83c\udfe2 Pr\u00e9sentation<\/strong><\/h2>\n<p data-start=\"226\" data-end=\"408\" style=\"padding-left: 40px;\">L\u2019accompagnement \u00e0 la <strong data-start=\"248\" data-end=\"295\">VAE (Validation des Acquis de l\u2019Exp\u00e9rience)<\/strong> permet de <strong data-start=\"306\" data-end=\"350\">valoriser son exp\u00e9rience professionnelle<\/strong> en obtenant une <strong data-start=\"367\" data-end=\"407\">certification (dipl\u00f4me, titre, etc.)<\/strong>.<\/p>\n<p data-start=\"410\" data-end=\"546\" style=\"padding-left: 40px;\">ALTITUDE propose un accompagnement assur\u00e9 par des <strong data-start=\"460\" data-end=\"488\">consultants exp\u00e9riment\u00e9s<\/strong>, capables d\u2019intervenir sur l\u2019ensemble des certifications.<\/p>\n<p data-start=\"548\" data-end=\"565\" style=\"padding-left: 40px;\">\ud83d\udc49 Engagement :<\/p>\n<ul>\n<li style=\"list-style-type: none;\">\n<ul data-start=\"566\" data-end=\"696\">\n<li data-section-id=\"1j73y1t\" data-start=\"566\" data-end=\"597\">accompagnement personnalis\u00e9<\/li>\n<li data-section-id=\"1eko5iq\" data-start=\"598\" data-end=\"659\">respect de la <strong data-start=\"614\" data-end=\"633\">confidentialit\u00e9<\/strong> (charte de d\u00e9ontologie)<\/li>\n<li data-section-id=\"1u9ebrt\" data-start=\"660\" data-end=\"696\">soutien tout au long du parcours<\/li>\n<\/ul>\n<\/li>\n<\/ul>\n<h2 data-section-id=\"1ez8vf0\" data-start=\"703\" data-end=\"719\"><strong><\/strong><\/h2>\n<h2 data-section-id=\"1ez8vf0\" data-start=\"703\" data-end=\"719\"><strong>\ud83c\udfaf Objectif<\/strong><\/h2>\n<p data-start=\"720\" data-end=\"738\" style=\"padding-left: 40px;\">La VAE permet de :<\/p>\n<ul>\n<li style=\"list-style-type: none;\">\n<ul data-start=\"739\" data-end=\"929\">\n<li data-section-id=\"jhx25d\" data-start=\"739\" data-end=\"821\">faire reconna\u00eetre officiellement ses <strong data-start=\"778\" data-end=\"819\">comp\u00e9tences acquises par l\u2019exp\u00e9rience<\/strong><\/li>\n<li data-section-id=\"1rtsavj\" data-start=\"822\" data-end=\"871\">obtenir une <strong data-start=\"836\" data-end=\"869\">certification professionnelle<\/strong><\/li>\n<li data-section-id=\"1j6p4mm\" data-start=\"872\" data-end=\"929\">s\u00e9curiser ou faire \u00e9voluer son parcours professionnel<\/li>\n<\/ul>\n<\/li>\n<\/ul>\n<p data-start=\"931\" data-end=\"1006\" style=\"padding-left: 40px;\">\ud83d\udc49 D\u00e9marche exigeante n\u00e9cessitant un <strong data-start=\"968\" data-end=\"1006\">investissement personnel important<\/strong><\/p>\n<p data-start=\"931\" data-end=\"1006\"><strong data-start=\"968\" data-end=\"1006\"><\/strong><\/p>\n<h2 data-section-id=\"12ydl84\" data-start=\"1013\" data-end=\"1047\"><strong>\ud83e\udded \u00c9tapes de l\u2019accompagnement<\/strong><\/h2>\n<p data-start=\"1049\" data-end=\"1110\" style=\"padding-left: 40px;\">L\u2019accompagnateur VAE intervient sur l\u2019ensemble du processus :<\/p>\n<ul>\n<li style=\"list-style-type: none;\">\n<ul data-start=\"1112\" data-end=\"1399\">\n<li data-section-id=\"18m575o\" data-start=\"1112\" data-end=\"1158\">\ud83c\udfaf choix du dipl\u00f4me ou de la certification<\/li>\n<li data-section-id=\"1h05iho\" data-start=\"1159\" data-end=\"1198\">\ud83d\udcc4 d\u00e9p\u00f4t du dossier de recevabilit\u00e9<\/li>\n<li data-section-id=\"20nyit\" data-start=\"1199\" data-end=\"1240\">\u270d\ufe0f r\u00e9daction du dossier de validation<\/li>\n<li data-section-id=\"xlysnq\" data-start=\"1241\" data-end=\"1298\">\ud83c\udfad pr\u00e9paration \u00e0 la mise en situation professionnelle<\/li>\n<li data-section-id=\"u00fcb\" data-start=\"1299\" data-end=\"1345\">\ud83d\udde3\ufe0f pr\u00e9paration \u00e0 l\u2019entretien avec le jury<\/li>\n<li data-section-id=\"12sbzn3\" data-start=\"1346\" data-end=\"1399\">\ud83d\udd04 accompagnement apr\u00e8s le passage devant le jury<\/li>\n<\/ul>\n<\/li>\n<\/ul>\n<h2 data-section-id=\"1p7ir1p\" data-start=\"1406\" data-end=\"1429\"><\/h2>\n<h2 data-section-id=\"1p7ir1p\" data-start=\"1406\" data-end=\"1429\"><strong>\ud83d\udc65 Public concern\u00e9<\/strong><\/h2>\n<p data-start=\"1430\" data-end=\"1554\" style=\"padding-left: 40px;\">La VAE s\u2019adresse \u00e0 toute personne souhaitant <strong data-start=\"1475\" data-end=\"1527\">faire reconna\u00eetre son exp\u00e9rience professionnelle<\/strong>, quel que soit son statut.<\/p>\n<h2 data-section-id=\"q35v8r\" data-start=\"1561\" data-end=\"1582\"><\/h2>\n<h2 data-section-id=\"q35v8r\" data-start=\"1561\" data-end=\"1582\"><strong>\u23f3 D\u00e9lais d\u2019acc\u00e8s<\/strong><\/h2>\n<p data-start=\"1583\" data-end=\"1671\" style=\"padding-left: 40px;\">La prestation peut d\u00e9marrer <strong data-start=\"1611\" data-end=\"1644\">d\u00e8s validation du financement<\/strong>, selon les disponibilit\u00e9s.<\/p>\n<h2 data-section-id=\"zf3hej\" data-start=\"1678\" data-end=\"1719\"><\/h2>\n<h2 data-section-id=\"zf3hej\" data-start=\"1678\" data-end=\"1719\"><strong>\ud83d\udcb0 Financement (principales modalit\u00e9s)<\/strong><\/h2>\n<h3 data-section-id=\"blqwxy\" data-start=\"1721\" data-end=\"1760\" style=\"padding-left: 40px;\">1\ufe0f\u20e3 \u00c0 l\u2019initiative de l\u2019employeur<\/h3>\n<ul>\n<li style=\"list-style-type: none;\">\n<ul data-start=\"1761\" data-end=\"1934\">\n<li data-section-id=\"1dvw4eo\" data-start=\"1761\" data-end=\"1802\">Plan de d\u00e9veloppement des comp\u00e9tences<\/li>\n<li data-section-id=\"1333ykm\" data-start=\"1803\" data-end=\"1842\">Consentement obligatoire du salari\u00e9<\/li>\n<li data-section-id=\"gnfuc2\" data-start=\"1843\" data-end=\"1874\">Maintien de la r\u00e9mun\u00e9ration<\/li>\n<li data-section-id=\"8a2klc\" data-start=\"1875\" data-end=\"1934\">Convention tripartite (employeur \/ salari\u00e9 \/ organisme)<\/li>\n<\/ul>\n<\/li>\n<\/ul>\n<h3 data-section-id=\"14w7leh\" data-start=\"1941\" data-end=\"1982\" style=\"padding-left: 40px;\">2\ufe0f\u20e3 \u00c0 l\u2019initiative du salari\u00e9 (CPF)<\/h3>\n<ul>\n<li style=\"list-style-type: none;\">\n<ul data-start=\"1983\" data-end=\"2140\">\n<li data-section-id=\"8hoc5z\" data-start=\"1983\" data-end=\"2042\">Mobilisation du <strong data-start=\"2001\" data-end=\"2040\">CPF (Compte Personnel de Formation)<\/strong><\/li>\n<li data-section-id=\"1hq4bnt\" data-start=\"2043\" data-end=\"2094\">Autorisation n\u00e9cessaire si sur temps de travail<\/li>\n<li data-section-id=\"1igqyk3\" data-start=\"2095\" data-end=\"2140\">Prise en charge possible par les <strong data-start=\"2130\" data-end=\"2138\">OPCO<\/strong><\/li>\n<\/ul>\n<\/li>\n<\/ul>\n<h3 data-section-id=\"uti0n\" data-start=\"2147\" data-end=\"2173\" style=\"padding-left: 40px;\">3\ufe0f\u20e3 Cong\u00e9 VAE (CVAE)<\/h3>\n<ul>\n<li style=\"list-style-type: none;\">\n<ul data-start=\"2174\" data-end=\"2345\">\n<li data-section-id=\"181hudc\" data-start=\"2174\" data-end=\"2211\">Droit \u00e0 un cong\u00e9 de <strong data-start=\"2196\" data-end=\"2209\">24 heures<\/strong><\/li>\n<li data-section-id=\"hxutx3\" data-start=\"2212\" data-end=\"2254\">Accessible sans condition d\u2019anciennet\u00e9<\/li>\n<li data-section-id=\"bvvqqh\" data-start=\"2255\" data-end=\"2305\">Demande \u00e0 faire \u00e0 l\u2019employeur (d\u00e9lai 60 jours)<\/li>\n<li data-section-id=\"1gq29dj\" data-start=\"2306\" data-end=\"2345\">Possibilit\u00e9 de report (max. 6 mois)<\/li>\n<\/ul>\n<\/li>\n<\/ul>\n<h3 data-section-id=\"vgi07f\" data-start=\"2352\" data-end=\"2377\" style=\"padding-left: 40px;\">4\ufe0f\u20e3 Autofinancement<\/h3>\n<ul>\n<li style=\"list-style-type: none;\">\n<ul data-start=\"2378\" data-end=\"2471\">\n<li data-section-id=\"2bsysb\" data-start=\"2378\" data-end=\"2422\">Possible en l\u2019absence de prise en charge<\/li>\n<li data-section-id=\"1iira3g\" data-start=\"2423\" data-end=\"2471\">Mobilisation du CPF ou financement personnel<\/li>\n<\/ul>\n<\/li>\n<\/ul>\n<h2 data-section-id=\"dueyxh\" data-start=\"2478\" data-end=\"2505\"><\/h2>\n<h2 data-section-id=\"dueyxh\" data-start=\"2478\" data-end=\"2505\"><strong>\ud83d\udcc4 Cadre r\u00e9glementaire<\/strong><\/h2>\n<p data-start=\"2506\" data-end=\"2602\" style=\"padding-left: 40px;\">La VAE est encadr\u00e9e par le <strong data-start=\"2533\" data-end=\"2578\">Code du travail et le Code de l\u2019\u00e9ducation<\/strong> (articles sp\u00e9cifiques).<\/p>\n<p data-start=\"2604\" data-end=\"2694\" style=\"padding-left: 40px;\">\ud83d\udc49 Convention obligatoire dans certains cas<br data-start=\"2647\" data-end=\"2650\" \/>\ud83d\udc49 Respect du consentement du b\u00e9n\u00e9ficiaire<\/p>\n<h2 data-section-id=\"12kq89l\" data-start=\"2701\" data-end=\"2724\"><\/h2>\n<h2 data-section-id=\"12kq89l\" data-start=\"2701\" data-end=\"2724\"><strong>\ud83d\udcca Qualit\u00e9 &amp; suivi<\/strong><\/h2>\n<ul>\n<li style=\"list-style-type: none;\">\n<ul data-start=\"2725\" data-end=\"2813\">\n<li data-section-id=\"1cctjfh\" data-start=\"2725\" data-end=\"2753\">Accompagnement structur\u00e9<\/li>\n<li data-section-id=\"44lia6\" data-start=\"2754\" data-end=\"2813\">Donn\u00e9es de satisfaction disponibles (exigence Qualiopi)<\/li>\n<\/ul>\n<\/li>\n<\/ul>\n<h2 data-section-id=\"1rgtjef\" data-start=\"2820\" data-end=\"2850\"><\/h2>\n<h2 data-section-id=\"1rgtjef\" data-start=\"2820\" data-end=\"2850\"><strong>\ud83d\udd17 Liens utiles\u00a0<\/strong><\/h2>\n<h3 data-section-id=\"neyzyf\" data-start=\"2852\" data-end=\"2887\" style=\"padding-left: 40px;\">\ud83c\udf10 Informations g\u00e9n\u00e9rales VAE<\/h3>\n<p data-start=\"2888\" data-end=\"2916\" style=\"padding-left: 40px;\">\ud83d\udc49 <a data-start=\"2891\" data-end=\"2914\" rel=\"noopener\" target=\"_new\" class=\"decorated-link\" href=\"http:\/\/www.vae.gouv.fr\/\">http:\/\/www.vae.gouv.fr\/<span aria-hidden=\"true\" class=\"ms-0.5 inline-block align-middle leading-none\"><svg xmlns=\"http:\/\/www.w3.org\/2000\/svg\" width=\"20\" height=\"20\" aria-hidden=\"true\" data-rtl-flip=\"\" class=\"block h-[0.75em] w-[0.75em] stroke-current stroke-[0.75]\"><use href=\"\/cdn\/assets\/sprites-core-97566a9e.svg#304883\" fill=\"currentColor\"><\/use><\/svg><\/span><\/a><\/p>\n<h3 data-section-id=\"1pj5f1e\" data-start=\"2918\" data-end=\"2949\" style=\"padding-left: 40px;\">\ud83d\udcd8 Tout savoir sur la VAE<\/h3>\n<p data-start=\"2950\" data-end=\"3067\" style=\"padding-left: 40px;\">\ud83d\udc49 <a data-start=\"2953\" data-end=\"3065\" rel=\"noopener\" target=\"_new\" class=\"decorated-link\" href=\"https:\/\/www.moncompteformation.gouv.fr\/espace-public\/tout-savoir-sur-la-validation-des-acquis-de-lexperience-vae\">https:\/\/www.moncompteformation.gouv.fr\/espace-public\/tout-savoir-sur-la-validation-des-acquis-de-lexperience-vae<span aria-hidden=\"true\" class=\"ms-0.5 inline-block align-middle leading-none\"><svg xmlns=\"http:\/\/www.w3.org\/2000\/svg\" width=\"20\" height=\"20\" aria-hidden=\"true\" data-rtl-flip=\"\" class=\"block h-[0.75em] w-[0.75em] stroke-current stroke-[0.75]\"><use href=\"\/cdn\/assets\/sprites-core-97566a9e.svg#304883\" fill=\"currentColor\"><\/use><\/svg><\/span><\/a><\/p>\n<h3 data-section-id=\"i80u6x\" data-start=\"3069\" data-end=\"3104\" style=\"padding-left: 40px;\">\ud83d\udcb0 Financement (particuliers)<\/h3>\n<p data-start=\"3105\" data-end=\"3207\" style=\"padding-left: 40px;\">\ud83d\udc49 <a data-start=\"3108\" data-end=\"3205\" rel=\"noopener\" target=\"_new\" class=\"decorated-link\" href=\"http:\/\/www.vae.gouv.fr\/espace-ressources\/fiches-outil\/financer-une-demarche-vae-particuliers.html\">http:\/\/www.vae.gouv.fr\/espace-ressources\/fiches-outil\/financer-une-demarche-vae-particuliers.html<span aria-hidden=\"true\" class=\"ms-0.5 inline-block align-middle leading-none\"><svg xmlns=\"http:\/\/www.w3.org\/2000\/svg\" width=\"20\" height=\"20\" aria-hidden=\"true\" data-rtl-flip=\"\" class=\"block h-[0.75em] w-[0.75em] stroke-current stroke-[0.75]\"><use href=\"\/cdn\/assets\/sprites-core-97566a9e.svg#304883\" fill=\"currentColor\"><\/use><\/svg><\/span><\/a><\/p>\n<h3 data-section-id=\"v8zwsw\" data-start=\"3209\" data-end=\"3242\" style=\"padding-left: 40px;\">\ud83c\udfe2 Financement (employeurs)<\/h3>\n<p data-start=\"3243\" data-end=\"3346\" style=\"padding-left: 40px;\">\ud83d\udc49 <a data-start=\"3246\" data-end=\"3344\" rel=\"noopener\" target=\"_new\" class=\"decorated-link\" href=\"http:\/\/www.vae.gouv.fr\/espace-ressources\/fiches-outil\/financer-une-demarche-de-vae-employeurs.html\">http:\/\/www.vae.gouv.fr\/espace-ressources\/fiches-outil\/financer-une-demarche-de-vae-employeurs.html<span aria-hidden=\"true\" class=\"ms-0.5 inline-block align-middle leading-none\"><svg xmlns=\"http:\/\/www.w3.org\/2000\/svg\" width=\"20\" height=\"20\" aria-hidden=\"true\" data-rtl-flip=\"\" class=\"block h-[0.75em] w-[0.75em] stroke-current stroke-[0.75]\"><use href=\"\/cdn\/assets\/sprites-core-97566a9e.svg#304883\" fill=\"currentColor\"><\/use><\/svg><\/span><\/a><\/p>\n<h3 data-section-id=\"18lwmnq\" data-start=\"3348\" data-end=\"3386\" style=\"padding-left: 40px;\">\ud83d\udccd R\u00e9pertoire des certifications<\/h3>\n<p data-start=\"3387\" data-end=\"3440\" style=\"padding-left: 40px;\">\ud83d\udc49 <a data-start=\"3390\" data-end=\"3438\" rel=\"noopener\" target=\"_new\" class=\"decorated-link\" href=\"http:\/\/www.vae.gouv.fr\/?page=carte-certificateur\">http:\/\/www.vae.gouv.fr\/?page=carte-certificateur<span aria-hidden=\"true\" class=\"ms-0.5 inline-block align-middle leading-none\"><svg xmlns=\"http:\/\/www.w3.org\/2000\/svg\" width=\"20\" height=\"20\" aria-hidden=\"true\" data-rtl-flip=\"\" class=\"block h-[0.75em] w-[0.75em] stroke-current stroke-[0.75]\"><use href=\"\/cdn\/assets\/sprites-core-97566a9e.svg#304883\" fill=\"currentColor\"><\/use><\/svg><\/span><\/a><\/p>\n<h1 data-section-id=\"rbpt75\" data-start=\"3447\" data-end=\"3462\"><\/h1>\n<h1 data-section-id=\"rbpt75\" data-start=\"3447\" data-end=\"3462\"><strong>\u2705 En r\u00e9sum\u00e9<\/strong><\/h1>\n<p data-start=\"3463\" data-end=\"3679\" style=\"padding-left: 40px;\">\ud83d\udc49 La VAE est un dispositif <strong data-start=\"3491\" data-end=\"3526\">officiel, encadr\u00e9 et accessible<\/strong>, permettant de transformer son exp\u00e9rience en certification, avec un <strong data-start=\"3595\" data-end=\"3639\">accompagnement structur\u00e9 et personnalis\u00e9<\/strong> pour maximiser ses chances de r\u00e9ussite.<\/p>\n<p>[\/et_pb_text][\/et_pb_column][\/et_pb_row][et_pb_row column_structure=\u00a0\u00bb3_4,1_4&Prime; _builder_version=\u00a0\u00bb4.27.4&Prime; _module_preset=\u00a0\u00bbdefault\u00a0\u00bb custom_padding=\u00a0\u00bb12px|17px|12px|17px|true|true\u00a0\u00bb border_width_all=\u00a0\u00bb1px\u00a0\u00bb border_color_all=\u00a0\u00bbrgba(0,0,0,0.12)\u00a0\u00bb collapsed=\u00a0\u00bbon\u00a0\u00bb global_colors_info=\u00a0\u00bb{}\u00a0\u00bb][et_pb_column type=\u00a0\u00bb3_4&Prime; _builder_version=\u00a0\u00bb4.27.4&Prime; _module_preset=\u00a0\u00bbdefault\u00a0\u00bb global_colors_info=\u00a0\u00bb{}\u00a0\u00bb][et_pb_text _builder_version=\u00a0\u00bb4.27.4&Prime; _module_preset=\u00a0\u00bbdefault\u00a0\u00bb custom_padding=\u00a0\u00bb15px||||false|false\u00a0\u00bb global_colors_info=\u00a0\u00bb{}\u00a0\u00bb]<\/p>\n<h3 style=\"text-align: center;\"><strong>Vous souhaitez en savoir plus sur cette offre de service ?<\/strong><\/h3>\n<h2><\/h2>\n<p>[\/et_pb_text][\/et_pb_column][et_pb_column type=\u00a0\u00bb1_4&Prime; _builder_version=\u00a0\u00bb4.27.4&Prime; _module_preset=\u00a0\u00bbdefault\u00a0\u00bb global_colors_info=\u00a0\u00bb{}\u00a0\u00bb][et_pb_button button_url=\u00a0\u00bbhttps:\/\/altitudefc.com\/index.php\/contact\u00a0\u00bb button_text=\u00a0\u00bbCONTACTEZ-NOUS\u00a0\u00bb button_alignment=\u00a0\u00bbcenter\u00a0\u00bb _builder_version=\u00a0\u00bb4.27.4&Prime; _module_preset=\u00a0\u00bbdefault\u00a0\u00bb custom_button=\u00a0\u00bbon\u00a0\u00bb button_text_size=\u00a0\u00bb17px\u00a0\u00bb button_text_color=\u00a0\u00bb#FFFFFF\u00a0\u00bb button_bg_color=\u00a0\u00bb#b51dd3&Prime; button_border_radius=\u00a0\u00bb13px\u00a0\u00bb custom_margin=\u00a0\u00bb14px||||false|false\u00a0\u00bb global_colors_info=\u00a0\u00bb{}\u00a0\u00bb][\/et_pb_button][\/et_pb_column][\/et_pb_row][\/et_pb_section]<\/p>\n","protected":false},"excerpt":{"rendered":"<p>\ud83c\udfe2 Pr\u00e9sentation L\u2019accompagnement \u00e0 la VAE (Validation des Acquis de l\u2019Exp\u00e9rience) permet de valoriser son exp\u00e9rience professionnelle en obtenant une certification (dipl\u00f4me, titre, etc.). ALTITUDE propose un accompagnement assur\u00e9 par des consultants exp\u00e9riment\u00e9s, capables d\u2019intervenir sur l\u2019ensemble des certifications. \ud83d\udc49 Engagement : accompagnement personnalis\u00e9 respect de la confidentialit\u00e9 (charte de d\u00e9ontologie) soutien tout au long [&hellip;]<\/p>\n","protected":false},"author":1,"featured_media":0,"parent":0,"menu_order":0,"comment_status":"closed","ping_status":"closed","template":"","meta":{"_et_pb_use_builder":"on","_et_pb_old_content":"","_et_gb_content_width":"","footnotes":""},"class_list":["post-1460","page","type-page","status-publish","hentry"],"_links":{"self":[{"href":"https:\/\/altitudefc.com\/index.php\/wp-json\/wp\/v2\/pages\/1460","targetHints":{"allow":["GET"]}}],"collection":[{"href":"https:\/\/altitudefc.com\/index.php\/wp-json\/wp\/v2\/pages"}],"about":[{"href":"https:\/\/altitudefc.com\/index.php\/wp-json\/wp\/v2\/types\/page"}],"author":[{"embeddable":true,"href":"https:\/\/altitudefc.com\/index.php\/wp-json\/wp\/v2\/users\/1"}],"replies":[{"embeddable":true,"href":"https:\/\/altitudefc.com\/index.php\/wp-json\/wp\/v2\/comments?post=1460"}],"version-history":[{"count":9,"href":"https:\/\/altitudefc.com\/index.php\/wp-json\/wp\/v2\/pages\/1460\/revisions"}],"predecessor-version":[{"id":1574,"href":"https:\/\/altitudefc.com\/index.php\/wp-json\/wp\/v2\/pages\/1460\/revisions\/1574"}],"wp:attachment":[{"href":"https:\/\/altitudefc.com\/index.php\/wp-json\/wp\/v2\/media?parent=1460"}],"curies":[{"name":"wp","href":"https:\/\/api.w.org\/{rel}","templated":true}]}}